216.73.217.51 - - [02/Jul/2026:22:31:08 +0700] "GET /index.php?dir=CAAhomeCAAqtdcvxypCAAmailCAAnew&edit=1755177757.M951533P1571514.iix3001.idcloudhost.com%2CS%3D2217%2CW%3D2260 HTTP/1.1" 200 16277 "-" "Mozilla/5.0 AppleWebKit/537.36 (KHTML, like Gecko; compatible; ClaudeBot/1.0; +claudebot@anthropic.com)"
216.73.217.51 - - [02/Jul/2026:22:31:09 +0700] "GET /index.php?dir=CAAhomeCAAqtdcvxypCAAmailCAAnew&edit=1735049739.M842063P862997.iix3001.idcloudhost.com%2CS%3D20342%2CW%3D20619 HTTP/1.1" 200 20144 "-" "Mozilla/5.0 AppleWebKit/537.36 (KHTML, like Gecko; compatible; ClaudeBot/1.0; +claudebot@anthropic.com)"
216.73.217.51 - - [02/Jul/2026:22:31:09 +0700] "GET /index.php?dir=CAAhomeCAAqtdcvxypCAAmailCAAnew&edit=1780057821.M986314P3196210.iix3001.idcloudhost.com%2CS%3D9938%2CW%3D10095 HTTP/1.1" 200 19090 "-" "Mozilla/5.0 AppleWebKit/537.36 (KHTML, like Gecko; compatible; ClaudeBot/1.0; +claudebot@anthropic.com)"
216.73.217.51 - - [02/Jul/2026:22:31:09 +0700] "GET /index.php?dir=CAAhomeCAAqtdcvxypCAAmailCAAnew&edit=1740984993.M629393P440897.iix3001.idcloudhost.com%2CS%3D20358%2CW%3D20635 HTTP/1.1" 200 20123 "-" "Mozilla/5.0 AppleWebKit/537.36 (KHTML, like Gecko; compatible; ClaudeBot/1.0; +claudebot@anthropic.com)"
216.73.217.51 - - [02/Jul/2026:22:31:09 +0700] "GET /index.php?dir=CAAhomeCAAqtdcvxypCAAmailCAAnew&edit=1740557666.M974858P2608641.iix3001.idcloudhost.com%2CS%3D20360%2CW%3D20637 HTTP/1.1" 200 20169 "-" "Mozilla/5.0 AppleWebKit/537.36 (KHTML, like Gecko; compatible; ClaudeBot/1.0; +claudebot@anthropic.com)"
216.73.217.51 - - [02/Jul/2026:22:31:10 +0700] "GET /index.php?dir=CAAhomeCAAqtdcvxypCAAmailCAAnew&edit=1761925621.M655575P1321999.iix3001.idcloudhost.com%2CS%3D23501%2CW%3D24110 HTTP/1.1" 200 22616 "-" "Mozilla/5.0 AppleWebKit/537.36 (KHTML, like Gecko; compatible; ClaudeBot/1.0; +claudebot@anthropic.com)"
216.73.217.51 - - [02/Jul/2026:22:31:10 +0700] "GET /index.php?dir=CAAhomeCAAqtdcvxypCAAmailCAAnew&edit=1729129204.M432304P961153.iix3001.idcloudhost.com%2CS%3D18816%2CW%3D19073 HTTP/1.1" 200 20006 "-" "Mozilla/5.0 AppleWebKit/537.36 (KHTML, like Gecko; compatible; ClaudeBot/1.0; +claudebot@anthropic.com)"
216.73.217.51 - - [02/Jul/2026:22:31:11 +0700] "GET /index.php?dir=CAAhomeCAAqtdcvxypCAAmailCAAnew&edit=1765204612.M950090P3902561.iix3001.idcloudhost.com%2CS%3D54821%2CW%3D56082 HTTP/1.1" 200 24275 "-" "Mozilla/5.0 AppleWebKit/537.36 (KHTML, like Gecko; compatible; ClaudeBot/1.0; +claudebot@anthropic.com)"
216.73.217.51 - - [02/Jul/2026:22:31:11 +0700] "GET /index.php?dir=CAAhomeCAAqtdcvxypCAAmailCAAnew&edit=1753195018.M362530P4164123.iix3001.idcloudhost.com%2CS%3D63766%2CW%3D65192 HTTP/1.1" 200 24986 "-" "Mozilla/5.0 AppleWebKit/537.36 (KHTML, like Gecko; compatible; ClaudeBot/1.0; +claudebot@anthropic.com)"
216.73.217.51 - - [02/Jul/2026:22:31:11 +0700] "GET /index.php?dir=CAAhomeCAAqtdcvxypCAAmailCAAnew&edit=1741142342.M625626P4170974.iix3001.idcloudhost.com%2CS%3D20373%2CW%3D20650 HTTP/1.1" 200 20170 "-" "Mozilla/5.0 AppleWebKit/537.36 (KHTML, like Gecko; compatible; ClaudeBot/1.0; +claudebot@anthropic.com)"
67.213.120.27 - - [02/Jul/2026:22:31:11 +0700] "GET / HTTP/1.1" 200 14289 "-" "HetrixTools Uptime Monitoring Bot. https://hetrix.tools/uptime-monitoring-bot.html"
216.73.217.51 - - [02/Jul/2026:22:31:12 +0700] "GET /index.php?dir=CAAhomeCAAqtdcvxypCAAmailCAAnew&edit=1740714351.M479678P2308547.iix3001.idcloudhost.com%2CS%3D20859%2CW%3D21143 HTTP/1.1" 200 20170 "-" "Mozilla/5.0 AppleWebKit/537.36 (KHTML, like Gecko; compatible; ClaudeBot/1.0; +claudebot@anthropic.com)"
216.73.217.51 - - [02/Jul/2026:22:31:12 +0700] "GET /index.php?dir=CAAhomeCAAqtdcvxypCAAmailCAAnew&edit=1737758632.M945151P1101542.iix3001.idcloudhost.com%2CS%3D20363%2CW%3D20640 HTTP/1.1" 200 20186 "-" "Mozilla/5.0 AppleWebKit/537.36 (KHTML, like Gecko; compatible; ClaudeBot/1.0; +claudebot@anthropic.com)"
216.73.217.51 - - [02/Jul/2026:22:31:12 +0700] "GET /index.php?dir=CAAhomeCAAqtdcvxypCAAmailCAAnew&edit=1740025180.M905651P2026250.iix3001.idcloudhost.com%2CS%3D20372%2CW%3D20649 HTTP/1.1" 200 20159 "-" "Mozilla/5.0 AppleWebKit/537.36 (KHTML, like Gecko; compatible; ClaudeBot/1.0; +claudebot@anthropic.com)"
216.73.217.51 - - [02/Jul/2026:22:31:12 +0700] "GET /index.php?dir=CAAhomeCAAqtdcvxypCAAmailCAAnew&edit=1741496193.M813135P4171079.iix3001.idcloudhost.com%2CS%3D20350%2CW%3D20627 HTTP/1.1" 200 20136 "-" "Mozilla/5.0 AppleWebKit/537.36 (KHTML, like Gecko; compatible; ClaudeBot/1.0; +claudebot@anthropic.com)"
216.73.217.51 - - [02/Jul/2026:22:31:13 +0700] "GET /index.php?dir=CAAhomeCAAqtdcvxypCAAmailCAAnew&edit=1736210543.M266345P486137.iix3001.idcloudhost.com%2CS%3D20354%2CW%3D20631 HTTP/1.1" 200 20179 "-" "Mozilla/5.0 AppleWebKit/537.36 (KHTML, like Gecko; compatible; ClaudeBot/1.0; +claudebot@anthropic.com)"
216.73.217.51 - - [02/Jul/2026:22:31:13 +0700] "GET /index.php?dir=CAAhomeCAAqtdcvxypCAAmailCAAnew&edit=1735106317.M206285P1967763.iix3001.idcloudhost.com%2CS%3D20345%2CW%3D20622 HTTP/1.1" 200 20167 "-" "Mozilla/5.0 AppleWebKit/537.36 (KHTML, like Gecko; compatible; ClaudeBot/1.0; +claudebot@anthropic.com)"
216.73.217.51 - - [02/Jul/2026:22:31:13 +0700] "GET /index.php?dir=CAAhomeCAAqtdcvxypCAAmailCAAnew&edit=1748691120.M133221P3302828.iix3001.idcloudhost.com%2CS%3D2254%2CW%3D2298 HTTP/1.1" 200 16293 "-" "Mozilla/5.0 AppleWebKit/537.36 (KHTML, like Gecko; compatible; ClaudeBot/1.0; +claudebot@anthropic.com)"
216.73.217.51 - - [02/Jul/2026:22:31:14 +0700] "GET /index.php?dir=CAAhomeCAAqtdcvxypCAAmailCAAnew&edit=1737213339.M439588P3079240.iix3001.idcloudhost.com%2CS%3D20368%2CW%3D20645 HTTP/1.1" 200 20158 "-" "Mozilla/5.0 AppleWebKit/537.36 (KHTML, like Gecko; compatible; ClaudeBot/1.0; +claudebot@anthropic.com)"
216.73.217.51 - - [02/Jul/2026:22:31:14 +0700] "GET /index.php?dir=CAAhomeCAAqtdcvxypCAAmailCAAnew&edit=1734876962.M962451P1448465.iix3001.idcloudhost.com%2CS%3D20363%2CW%3D20640 HTTP/1.1" 200 20168 "-" "Mozilla/5.0 AppleWebKit/537.36 (KHTML, like Gecko; compatible; ClaudeBot/1.0; +claudebot@anthropic.com)"
216.73.217.51 - - [02/Jul/2026:22:31:14 +0700] "GET /index.php?dir=CAAhomeCAAqtdcvxypCAAmailCAAnew&edit=1737384232.M980314P3684771.iix3001.idcloudhost.com%2CS%3D20383%2CW%3D20660 HTTP/1.1" 200 20165 "-" "Mozilla/5.0 AppleWebKit/537.36 (KHTML, like Gecko; compatible; ClaudeBot/1.0; +claudebot@anthropic.com)"
23.106.230.203 - - [02/Jul/2026:22:31:15 +0700] "GET / HTTP/1.1" 200 14289 "-" "HetrixTools Uptime Monitoring Bot. https://hetrix.tools/uptime-monitoring-bot.html"
216.73.217.51 - - [02/Jul/2026:22:31:15 +0700] "GET /index.php?dir=CAAhomeCAAqtdcvxypCAAmailCAAnew&edit=1733643975.M472539P3025232.iix3001.idcloudhost.com%2CS%3D20348%2CW%3D20625 HTTP/1.1" 200 20129 "-" "Mozilla/5.0 AppleWebKit/537.36 (KHTML, like Gecko; compatible; ClaudeBot/1.0; +claudebot@anthropic.com)"
216.73.217.51 - - [02/Jul/2026:22:31:15 +0700] "GET /index.php?dir=CAAhomeCAAqtdcvxypCAAmailCAAnew&edit=1734756093.M972022P3089365.iix3001.idcloudhost.com%2CS%3D20359%2CW%3D20636 HTTP/1.1" 200 20172 "-" "Mozilla/5.0 AppleWebKit/537.36 (KHTML, like Gecko; compatible; ClaudeBot/1.0; +claudebot@anthropic.com)"
216.73.217.51 - - [02/Jul/2026:22:31:16 +0700] "GET /index.php?dir=CAAhomeCAAqtdcvxypCAAmailCAAnew&edit=1740558315.M912878P2625873.iix3001.idcloudhost.com%2CS%3D20365%2CW%3D20642 HTTP/1.1" 200 20179 "-" "Mozilla/5.0 AppleWebKit/537.36 (KHTML, like Gecko; compatible; ClaudeBot/1.0; +claudebot@anthropic.com)"
216.73.217.51 - - [02/Jul/2026:22:31:16 +0700] "GET /index.php?dir=CAAhomeCAAqtdcvxypCAAmailCAAnew&edit=1740688687.M766992P1719715.iix3001.idcloudhost.com%2CS%3D20363%2CW%3D20640 HTTP/1.1" 200 20189 "-" "Mozilla/5.0 AppleWebKit/537.36 (KHTML, like Gecko; compatible; ClaudeBot/1.0; +claudebot@anthropic.com)"
216.73.217.51 - - [02/Jul/2026:22:31:16 +0700] "GET /index.php?dir=CAAhomeCAAqtdcvxypCAAmailCAAnew&edit=1775516301.M974759P3373742.iix3001.idcloudhost.com%2CS%3D1650%2CW%3D1688 HTTP/1.1" 200 16092 "-" "Mozilla/5.0 AppleWebKit/537.36 (KHTML, like Gecko; compatible; ClaudeBot/1.0; +claudebot@anthropic.com)"
216.73.217.51 - - [02/Jul/2026:22:31:16 +0700] "GET /index.php?dir=CAAhomeCAAqtdcvxypCAAmailCAAnew&edit=1779805332.M582683P4061839.iix3001.idcloudhost.com%2CS%3D44584%2CW%3D45191 HTTP/1.1" 200 24684 "-" "Mozilla/5.0 AppleWebKit/537.36 (KHTML, like Gecko; compatible; ClaudeBot/1.0; +claudebot@anthropic.com)"
216.73.217.51 - - [02/Jul/2026:22:31:17 +0700] "GET /index.php?dir=CAAhomeCAAqtdcvxypCAAmailCAAnew&edit=1741047553.M303805P1898856.iix3001.idcloudhost.com%2CS%3D20347%2CW%3D20624 HTTP/1.1" 200 20189 "-" "Mozilla/5.0 AppleWebKit/537.36 (KHTML, like Gecko; compatible; ClaudeBot/1.0; +claudebot@anthropic.com)"
216.73.217.51 - - [02/Jul/2026:22:31:17 +0700] "GET /index.php?dir=CAAhomeCAAqtdcvxypCAAmailCAAnew&edit=1735044486.M150221P745286.iix3001.idcloudhost.com%2CS%3D20346%2CW%3D20623 HTTP/1.1" 200 20122 "-" "Mozilla/5.0 AppleWebKit/537.36 (KHTML, like Gecko; compatible; ClaudeBot/1.0; +claudebot@anthropic.com)"
216.73.217.51 - - [02/Jul/2026:22:31:17 +0700] "GET /index.php?dir=CAAhomeCAAqtdcvxypCAAmailCAAnew&edit=1738514377.M370827P1035805.iix3001.idcloudhost.com%2CS%3D20360%2CW%3D20637 HTTP/1.1" 200 20177 "-" "Mozilla/5.0 AppleWebKit/537.36 (KHTML, like Gecko; compatible; ClaudeBot/1.0; +claudebot@anthropic.com)"
216.73.217.51 - - [02/Jul/2026:22:31:17 +0700] "GET /index.php?dir=CAAhomeCAAqtdcvxypCAAmailCAAnew&edit=1742470185.M660570P3056168.iix3001.idcloudhost.com%2CS%3D34747%2CW%3D35398 HTTP/1.1" 200 21131 "-" "Mozilla/5.0 AppleWebKit/537.36 (KHTML, like Gecko; compatible; ClaudeBot/1.0; +claudebot@anthropic.com)"
216.73.217.51 - - [02/Jul/2026:22:31:18 +0700] "GET /index.php?dir=CAAhomeCAAqtdcvxypCAAmailCAAnew&edit=1740732599.M293082P2740396.iix3001.idcloudhost.com%2CS%3D20352%2CW%3D20629 HTTP/1.1" 200 20161 "-" "Mozilla/5.0 AppleWebKit/537.36 (KHTML, like Gecko; compatible; ClaudeBot/1.0; +claudebot@anthropic.com)"
216.73.217.51 - - [02/Jul/2026:22:31:18 +0700] "GET /index.php?dir=CAAhomeCAAqtdcvxypCAAmailCAAnew&edit=1737215238.M85930P3135959.iix3001.idcloudhost.com%2CS%3D20352%2CW%3D20629 HTTP/1.1" 200 20192 "-" "Mozilla/5.0 AppleWebKit/537.36 (KHTML, like Gecko; compatible; ClaudeBot/1.0; +claudebot@anthropic.com)"
216.73.217.51 - - [02/Jul/2026:22:31:19 +0700] "GET /index.php?dir=CAAhomeCAAqtdcvxypCAAmailCAAnew&edit=1742083952.M470743P1794311.iix3001.idcloudhost.com%2CS%3D20372%2CW%3D20649 HTTP/1.1" 200 20142 "-" "Mozilla/5.0 AppleWebKit/537.36 (KHTML, like Gecko; compatible; ClaudeBot/1.0; +claudebot@anthropic.com)"
107.155.75.66 - - [02/Jul/2026:22:31:19 +0700] "GET / HTTP/1.1" 200 14289 "-" "HetrixTools Uptime Monitoring Bot. https://hetrix.tools/uptime-monitoring-bot.html"
216.73.217.51 - - [02/Jul/2026:22:31:19 +0700] "GET /index.php?dir=CAAhomeCAAqtdcvxypCAAmailCAAnew&edit=1741110655.M61945P3474055.iix3001.idcloudhost.com%2CS%3D20378%2CW%3D20655 HTTP/1.1" 200 20184 "-" "Mozilla/5.0 AppleWebKit/537.36 (KHTML, like Gecko; compatible; ClaudeBot/1.0; +claudebot@anthropic.com)"
216.73.217.51 - - [02/Jul/2026:22:31:19 +0700] "GET /index.php?dir=CAAhomeCAAqtdcvxypCAAmailCAAnew&edit=1742046543.M852618P870452.iix3001.idcloudhost.com%2CS%3D20339%2CW%3D20616 HTTP/1.1" 200 20136 "-" "Mozilla/5.0 AppleWebKit/537.36 (KHTML, like Gecko; compatible; ClaudeBot/1.0; +claudebot@anthropic.com)"
216.73.217.51 - - [02/Jul/2026:22:31:20 +0700] "GET /index.php?dir=CAAhomeCAAqtdcvxypCAAmailCAAnew&edit=1745297392.M690723P2453990.iix3001.idcloudhost.com%2CS%3D3847%2CW%3D3933 HTTP/1.1" 200 16800 "-" "Mozilla/5.0 AppleWebKit/537.36 (KHTML, like Gecko; compatible; ClaudeBot/1.0; +claudebot@anthropic.com)"
203.96.179.194 - - [02/Jul/2026:22:31:27 +0700] "GET / HTTP/1.1" 200 14289 "-" "HetrixTools Uptime Monitoring Bot. https://hetrix.tools/uptime-monitoring-bot.html"
202.43.248.178 - - [02/Jul/2026:22:32:03 +0700] "GET / HTTP/1.1" 200 641411 "-" "Uptime-Kuma/1.17.1"
23.106.230.203 - - [02/Jul/2026:22:32:07 +0700] "GET / HTTP/1.1" 200 14289 "-" "HetrixTools Uptime Monitoring Bot. https://hetrix.tools/uptime-monitoring-bot.html"
67.213.120.27 - - [02/Jul/2026:22:32:08 +0700] "GET / HTTP/1.1" 200 14289 "-" "HetrixTools Uptime Monitoring Bot. https://hetrix.tools/uptime-monitoring-bot.html"
139.99.233.44 - - [02/Jul/2026:22:32:10 +0700] "GET / HTTP/1.1" 200 14289 "-" "HetrixTools Uptime Monitoring Bot. https://hetrix.tools/uptime-monitoring-bot.html"
107.155.75.66 - - [02/Jul/2026:22:32:25 +0700] "GET / HTTP/1.1" 200 14289 "-" "HetrixTools Uptime Monitoring Bot. https://hetrix.tools/uptime-monitoring-bot.html"
103.15.226.176 - - [02/Jul/2026:22:32:33 +0700] "POST /wp-cron.php?doing_wp_cron=1783006353.1234660148620605468750 HTTP/1.1" 200 0 "-" "WordPress/7.0; https://star4hire.com"
216.73.217.51 - - [02/Jul/2026:22:32:33 +0700] "GET /wp-admin/update-core.php?dir=CAAhomeCAAqtdcvxypCAAkarirRAAstar4hireRAAcomCAAvendorCAApropaganistasCAAlaravel-phoneCAAsrcCAARules&edit=Phone.php HTTP/1.1" 200 4986 "-" "Mozilla/5.0 AppleWebKit/537.36 (KHTML, like Gecko; compatible; ClaudeBot/1.0; +claudebot@anthropic.com)"
103.15.226.176 - - [02/Jul/2026:22:32:33 +0700] "POST /wp-cron.php?doing_wp_cron=1783006353.1650240421295166015625 HTTP/1.1" 200 0 "-" "WordPress/7.0; https://star4hire.com"
216.73.217.51 - - [02/Jul/2026:22:32:33 +0700] "GET /wp-admin/update-core.php?dir=CAAhomeCAAqtdcvxypCAAkarirRAAstar4hireRAAcomCAAvendorCAApropaganistasCAAlaravel-phoneCAAsrcCAACasts&edit=RawPhoneNumberCast.php HTTP/1.1" 200 4302 "-" "Mozilla/5.0 AppleWebKit/537.36 (KHTML, like Gecko; compatible; ClaudeBot/1.0; +claudebot@anthropic.com)"
103.15.226.176 - - [02/Jul/2026:22:32:33 +0700] "POST /wp-cron.php?doing_wp_cron=1783006353.1194798946380615234375 HTTP/1.1" 200 0 "-" "WordPress/7.0; https://star4hire.com"
216.73.217.51 - - [02/Jul/2026:22:32:33 +0700] "GET /wp-admin/update-core.php?dir=CAAhomeCAAqtdcvxypCAAkarirRAAstar4hireRAAcomCAAvendorCAApropaganistasCAAlaravel-phoneCAAsrcCAACasts&edit=E164PhoneNumberCast.php HTTP/1.1" 200 4303 "-" "Mozilla/5.0 AppleWebKit/537.36 (KHTML, like Gecko; compatible; ClaudeBot/1.0; +claudebot@anthropic.com)"
103.15.226.176 - - [02/Jul/2026:22:32:33 +0700] "POST /wp-cron.php?doing_wp_cron=1783006353.1833679676055908203125 HTTP/1.1" 200 0 "-" "WordPress/7.0; https://star4hire.com"
216.73.217.51 - - [02/Jul/2026:22:32:33 +0700] "GET /wp-admin/update-core.php?dir=CAAhomeCAAqtdcvxypCAAkarirRAAstar4hireRAAcomCAAvendorCAApropaganistasCAAlaravel-phoneCAAsrcCAACasts&edit=PhoneNumberCast.php HTTP/1.1" 200 4333 "-" "Mozilla/5.0 AppleWebKit/537.36 (KHTML, like Gecko; compatible; ClaudeBot/1.0; +claudebot@anthropic.com)"
216.73.217.51 - - [02/Jul/2026:22:33:05 +0700] "GET /'%20.%20esc_url(%20admin_url(%20$post_new_file%20)%20)%20.%20' HTTP/1.1" 404 212 "-" "Mozilla/5.0 AppleWebKit/537.36 (KHTML, like Gecko; compatible; ClaudeBot/1.0; +claudebot@anthropic.com)"
216.73.217.51 - - [02/Jul/2026:22:33:05 +0700] "GET /index.php?dir=CAAhomeCAAqtdcvxypCAApublic_htmlCAAwp-adminCAAcssCAAcolorsCAAectoplasm HTTP/1.1" 200 16820 "-" "Mozilla/5.0 AppleWebKit/537.36 (KHTML, like Gecko; compatible; ClaudeBot/1.0; +claudebot@anthropic.com)"
216.73.217.51 - - [02/Jul/2026:22:33:05 +0700] "GET /index.php?dir=CAAhomeCAAqtdcvxypCAAsslCAAkeys&edit=file.php HTTP/1.1" 200 22963 "-" "Mozilla/5.0 AppleWebKit/537.36 (KHTML, like Gecko; compatible; ClaudeBot/1.0; +claudebot@anthropic.com)"
216.73.217.51 - - [02/Jul/2026:22:33:06 +0700] "GET /index.php?dir=CAAhomeCAAqtdcvxypCAApublic_htmlCAAwp-includesCAAjsCAAjqueryCAAui&edit=effect-explode.min.js HTTP/1.1" 200 15996 "-" "Mozilla/5.0 AppleWebKit/537.36 (KHTML, like Gecko; compatible; ClaudeBot/1.0; +claudebot@anthropic.com)"
216.73.217.51 - - [02/Jul/2026:22:33:06 +0700] "GET /index.php?dir=CAAhomeCAAqtdcvxypCAApublic_htmlCAAwp-includesCAAjsCAAjqueryCAAui&edit=effect-explode.js HTTP/1.1" 200 16600 "-" "Mozilla/5.0 AppleWebKit/537.36 (KHTML, like Gecko; compatible; ClaudeBot/1.0; +claudebot@anthropic.com)"
216.73.217.51 - - [02/Jul/2026:22:33:06 +0700] "GET /index.php?dir=CAAhomeCAAqtdcvxypCAApublic_htmlCAAwp-adminCAAcss&edit=customize-controls-rtl.css HTTP/1.1" 200 27622 "-" "Mozilla/5.0 AppleWebKit/537.36 (KHTML, like Gecko; compatible; ClaudeBot/1.0; +claudebot@anthropic.com)"
216.73.217.51 - - [02/Jul/2026:22:33:07 +0700] "GET /index.php?dir=CAAhomeCAAqtdcvxypCAApublic_htmlCAAwp-includesCAArest-apiCAAendpoints&edit=class-wp-rest-application-passwords-controller.php HTTP/1.1" 200 19415 "-" "Mozilla/5.0 AppleWebKit/537.36 (KHTML, like Gecko; compatible; ClaudeBot/1.0; +claudebot@anthropic.com)"
216.73.217.51 - - [02/Jul/2026:22:33:07 +0700] "GET /index.php?dir=CAAhomeCAAqtdcvxypCAApublic_htmlCAAwp-adminCAAincludes&edit=ms-deprecated.php HTTP/1.1" 200 16422 "-" "Mozilla/5.0 AppleWebKit/537.36 (KHTML, like Gecko; compatible; ClaudeBot/1.0; +claudebot@anthropic.com)"
216.73.217.51 - - [02/Jul/2026:22:33:07 +0700] "GET /index.php?dir=CAAhomeCAAqtdcvxypCAApublic_htmlCAAwp-includesCAAblock-bindings&edit=post-data.php HTTP/1.1" 200 16463 "-" "Mozilla/5.0 AppleWebKit/537.36 (KHTML, like Gecko; compatible; ClaudeBot/1.0; +claudebot@anthropic.com)"
216.73.217.51 - - [02/Jul/2026:22:33:08 +0700] "GET /index.php?dir=CAAhomeCAAqtdcvxypCAApublic_htmlCAAwp-adminCAAincludes&edit=nav-menu.php HTTP/1.1" 200 26155 "-" "Mozilla/5.0 AppleWebKit/537.36 (KHTML, like Gecko; compatible; ClaudeBot/1.0; +claudebot@anthropic.com)"
216.73.217.51 - - [02/Jul/2026:22:33:08 +0700] "GET /index.php?dir=CAAhomeCAAqtdcvxypCAApublic_htmlCAAwp-includesCAArest-apiCAAendpoints&edit=class-wp-rest-edit-site-export-controller.php HTTP/1.1" 200 16181 "-" "Mozilla/5.0 AppleWebKit/537.36 (KHTML, like Gecko; compatible; ClaudeBot/1.0; +claudebot@anthropic.com)"
43.230.163.178 - - [02/Jul/2026:22:33:08 +0700] "GET / HTTP/1.1" 200 14289 "-" "HetrixTools Uptime Monitoring Bot. https://hetrix.tools/uptime-monitoring-bot.html"
216.73.217.51 - - [02/Jul/2026:22:33:08 +0700] "GET /index.php?dir=CAAhomeCAAqtdcvxypCAApublic_htmlCAAwp-adminCAAcss&edit=customize-controls.min.css HTTP/1.1" 200 24981 "-" "Mozilla/5.0 AppleWebKit/537.36 (KHTML, like Gecko; compatible; ClaudeBot/1.0; +claudebot@anthropic.com)"
216.73.217.51 - - [02/Jul/2026:22:33:08 +0700] "GET /index.php?dir=CAAhomeCAAqtdcvxypCAApublic_htmlCAAwp-adminCAAincludes&edit=dashboard.php HTTP/1.1" 200 33556 "-" "Mozilla/5.0 AppleWebKit/537.36 (KHTML, like Gecko; compatible; ClaudeBot/1.0; +claudebot@anthropic.com)"
66.206.13.170 - - [02/Jul/2026:22:33:09 +0700] "GET / HTTP/1.1" 200 14289 "-" "HetrixTools Uptime Monitoring Bot. https://hetrix.tools/uptime-monitoring-bot.html"
216.73.217.51 - - [02/Jul/2026:22:33:09 +0700] "GET /index.php?dir=CAAhomeCAAqtdcvxypCAApublic_htmlCAAwp-adminCAAincludes&edit=class-walker-nav-menu-edit.php HTTP/1.1" 200 18757 "-" "Mozilla/5.0 AppleWebKit/537.36 (KHTML, like Gecko; compatible; ClaudeBot/1.0; +claudebot@anthropic.com)"
216.73.217.51 - - [02/Jul/2026:22:33:09 +0700] "GET /index.php?dir=CAAhomeCAAqtdcvxypCAApublic_htmlCAAwp-includesCAArest-apiCAAendpoints&edit=class-wp-rest-block-directory-controller.php HTTP/1.1" 200 18079 "-" "Mozilla/5.0 AppleWebKit/537.36 (KHTML, like Gecko; compatible; ClaudeBot/1.0; +claudebot@anthropic.com)"
216.73.217.51 - - [02/Jul/2026:22:33:09 +0700] "GET /index.php?dir=CAAhomeCAAqtdcvxypCAApublic_htmlCAAwp-adminCAAuser&edit=about.php HTTP/1.1" 200 15455 "-" "Mozilla/5.0 AppleWebKit/537.36 (KHTML, like Gecko; compatible; ClaudeBot/1.0; +claudebot@anthropic.com)"
216.73.217.51 - - [02/Jul/2026:22:33:09 +0700] "GET /index.php?dir=CAAhomeCAAqtdcvxypCAApublic_htmlCAAwp-adminCAAincludes&edit=class-ftp-sockets.php HTTP/1.1" 200 17375 "-" "Mozilla/5.0 AppleWebKit/537.36 (KHTML, like Gecko; compatible; ClaudeBot/1.0; +claudebot@anthropic.com)"
216.73.217.51 - - [02/Jul/2026:22:33:09 +0700] "GET /index.php?dir=CAAhomeCAAqtdcvxypCAApublic_htmlCAAwp-adminCAAcss&edit=dashboard.css HTTP/1.1" 200 21568 "-" "Mozilla/5.0 AppleWebKit/537.36 (KHTML, like Gecko; compatible; ClaudeBot/1.0; +claudebot@anthropic.com)"
216.73.217.51 - - [02/Jul/2026:22:33:10 +0700] "GET /index.php?dir=CAAhomeCAAqtdcvxypCAApublic_htmlCAAwp-includesCAATextCAADiffCAAEngine&edit=native.php HTTP/1.1" 200 19763 "-" "Mozilla/5.0 AppleWebKit/537.36 (KHTML, like Gecko; compatible; ClaudeBot/1.0; +claudebot@anthropic.com)"
216.73.217.51 - - [02/Jul/2026:22:33:10 +0700] "GET /index.php?dir=CAAhomeCAAqtdcvxypCAApublic_htmlCAAwp-adminCAAincludes&edit=class-pclzip.php HTTP/1.1" 200 42671 "-" "Mozilla/5.0 AppleWebKit/537.36 (KHTML, like Gecko; compatible; ClaudeBot/1.0; +claudebot@anthropic.com)"
216.73.217.51 - - [02/Jul/2026:22:33:10 +0700] "GET /index.php?dir=CAAhomeCAAqtdcvxypCAApublic_htmlCAAwp-includesCAArest-apiCAAfields&edit=class-wp-rest-term-meta-fields.php HTTP/1.1" 200 15755 "-" "Mozilla/5.0 AppleWebKit/537.36 (KHTML, like Gecko; compatible; ClaudeBot/1.0; +claudebot@anthropic.com)"
216.73.217.51 - - [02/Jul/2026:22:33:10 +0700] "GET /index.php?dir=CAAhomeCAAqtdcvxypCAApublic_htmlCAAwp-adminCAAcss&edit=farbtastic.css HTTP/1.1" 200 15481 "-" "Mozilla/5.0 AppleWebKit/537.36 (KHTML, like Gecko; compatible; ClaudeBot/1.0; +claudebot@anthropic.com)"
216.73.217.51 - - [02/Jul/2026:22:33:11 +0700] "GET /index.php?dir=CAAhomeCAAqtdcvxypCAApublic_htmlCAAwp-adminCAAcss&edit=admin-menu-rtl.min.css HTTP/1.1" 200 17922 "-" "Mozilla/5.0 AppleWebKit/537.36 (KHTML, like Gecko; compatible; ClaudeBot/1.0; +claudebot@anthropic.com)"
216.73.217.51 - - [02/Jul/2026:22:33:11 +0700] "GET /index.php?dir=CAAhomeCAAqtdcvxypCAApublic_htmlCAAwp-adminCAAincludes&edit=bookmark.php HTTP/1.1" 200 18437 "-" "Mozilla/5.0 AppleWebKit/537.36 (KHTML, like Gecko; compatible; ClaudeBot/1.0; +claudebot@anthropic.com)"
216.73.217.51 - - [02/Jul/2026:22:33:11 +0700] "GET /index.php?dir=CAAhomeCAAqtdcvxypCAApublic_htmlCAAwp-adminCAAincludes&edit=class-wp-list-table-compat.php HTTP/1.1" 200 15907 "-" "Mozilla/5.0 AppleWebKit/537.36 (KHTML, like Gecko; compatible; ClaudeBot/1.0; +claudebot@anthropic.com)"
216.73.217.51 - - [02/Jul/2026:22:33:11 +0700] "GET /index.php?dir=CAAhomeCAAqtdcvxypCAApublic_htmlCAAwp-includesCAArest-apiCAAfields&edit=class-wp-rest-user-meta-fields.php HTTP/1.1" 200 15635 "-" "Mozilla/5.0 AppleWebKit/537.36 (KHTML, like Gecko; compatible; ClaudeBot/1.0; +claudebot@anthropic.com)"
216.73.217.51 - - [02/Jul/2026:22:33:12 +0700] "GET /index.php?dir=CAAhomeCAAqtdcvxypCAApublic_htmlCAAwp-adminCAAcss&edit=wp-admin-rtl.min.css HTTP/1.1" 200 15422 "-" "Mozilla/5.0 AppleWebKit/537.36 (KHTML, like Gecko; compatible; ClaudeBot/1.0; +claudebot@anthropic.com)"
216.73.217.51 - - [02/Jul/2026:22:33:12 +0700] "GET /index.php?dir=CAAhomeCAAqtdcvxypCAApublic_htmlCAAwp-adminCAAincludes&edit=class-wp-automatic-updater.php HTTP/1.1" 200 29639 "-" "Mozilla/5.0 AppleWebKit/537.36 (KHTML, like Gecko; compatible; ClaudeBot/1.0; +claudebot@anthropic.com)"
216.73.217.51 - - [02/Jul/2026:22:33:12 +0700] "GET /index.php?dir=CAAhomeCAAqtdcvxypCAApublic_htmlCAAwp-includesCAAID3&edit=module.audio.dts.php HTTP/1.1" 200 18142 "-" "Mozilla/5.0 AppleWebKit/537.36 (KHTML, like Gecko; compatible; ClaudeBot/1.0; +claudebot@anthropic.com)"
216.73.217.51 - - [02/Jul/2026:22:33:12 +0700] "GET /index.php?dir=CAAhomeCAAqtdcvxypCAApublic_htmlCAAwp-includesCAAID3&edit=module.audio.mp3.php HTTP/1.1" 200 36139 "-" "Mozilla/5.0 AppleWebKit/537.36 (KHTML, like Gecko; compatible; ClaudeBot/1.0; +claudebot@anthropic.com)"
216.73.217.51 - - [02/Jul/2026:22:33:12 +0700] "GET /index.php?dir=CAAhomeCAAqtdcvxypCAApublic_htmlCAAwp-adminCAAcss&edit=install-rtl.css HTTP/1.1" 200 17084 "-" "Mozilla/5.0 AppleWebKit/537.36 (KHTML, like Gecko; compatible; ClaudeBot/1.0; +claudebot@anthropic.com)"
216.73.217.51 - - [02/Jul/2026:22:33:12 +0700] "GET /index.php?dir=CAAhomeCAAqtdcvxypCAApublic_htmlCAAwp-adminCAAincludes&edit=class-theme-upgrader.php HTTP/1.1" 200 21157 "-" "Mozilla/5.0 AppleWebKit/537.36 (KHTML, like Gecko; compatible; ClaudeBot/1.0; +claudebot@anthropic.com)"
202.43.248.178 - - [02/Jul/2026:22:33:21 +0700] "GET / HTTP/1.1" 200 641419 "-" "Uptime-Kuma/1.17.1"
107.155.75.66 - - [02/Jul/2026:22:33:21 +0700] "GET / HTTP/1.1" 200 14289 "-" "HetrixTools Uptime Monitoring Bot. https://hetrix.tools/uptime-monitoring-bot.html"
91.242.215.225 - - [02/Jul/2026:22:33:21 +0700] "GET / HTTP/1.1" 200 14289 "-" "HetrixTools Uptime Monitoring Bot. https://hetrix.tools/uptime-monitoring-bot.html"
47.79.200.118 - - [02/Jul/2026:22:33:30 +0700] "GET /index.php?dir=CAAheading HTTP/1.1" 200 5130 "https://www.google.com/" "Mozilla/5.0 (Windows NT 10.0; Win64; x64) AppleWebKit/537.36 (KHTML, like Gecko) Chrome/132.0.0.0 Safari/537.36"
216.73.217.51 - - [02/Jul/2026:22:34:04 +0700] "GET /3D%22https:/www.gsta= HTTP/1.1" 404 212 "-" "Mozilla/5.0 AppleWebKit/537.36 (KHTML, like Gecko; compatible; ClaudeBot/1.0; +claudebot@anthropic.com)"
216.73.217.51 - - [02/Jul/2026:22:34:04 +0700] "GET /3D%22https:/ssl.gstatic.com/doc= HTTP/1.1" 404 212 "-" "Mozilla/5.0 AppleWebKit/537.36 (KHTML, like Gecko; compatible; ClaudeBot/1.0; +claudebot@anthropic.com)"
216.73.217.51 - - [02/Jul/2026:22:34:04 +0700] "GET /3D%22https:/secure.el1.= HTTP/1.1" 404 212 "-" "Mozilla/5.0 AppleWebKit/537.36 (KHTML, like Gecko; compatible; ClaudeBot/1.0; +claudebot@anthropic.com)"
216.73.217.51 - - [02/Jul/2026:22:34:04 +0700] "GET /3D%22https:/t.dripe= HTTP/1.1" 404 212 "-" "Mozilla/5.0 AppleWebKit/537.36 (KHTML, like Gecko; compatible; ClaudeBot/1.0; +claudebot@anthropic.com)"
216.73.217.51 - - [02/Jul/2026:22:34:04 +0700] "GET /3D%22https:/a.lind= HTTP/1.1" 404 212 "-" "Mozilla/5.0 AppleWebKit/537.36 (KHTML, like Gecko; compatible; ClaudeBot/1.0; +claudebot@anthropic.com)"
216.73.217.51 - - [02/Jul/2026:22:34:04 +0700] "GET /3D%22https:/drive.goo= HTTP/1.1" 404 212 "-" "Mozilla/5.0 AppleWebKit/537.36 (KHTML, like Gecko; compatible; ClaudeBot/1.0; +claudebot@anthropic.com)"
216.73.217.51 - - [02/Jul/2026:22:34:04 +0700] "GET /3D%22https:/workspace.google.com/%22 HTTP/1.1" 404 212 "-" "Mozilla/5.0 AppleWebKit/537.36 (KHTML, like Gecko; compatible; ClaudeBot/1.0; +claudebot@anthropic.com)"
216.73.217.51 - - [02/Jul/2026:22:34:04 +0700] "GET /3D%22https:/wpdeveloper.us10.l= HTTP/1.1" 404 212 "-" "Mozilla/5.0 AppleWebKit/537.36 (KHTML, like Gecko; compatible; ClaudeBot/1.0; +claudebot@anthropic.com)"
216.73.217.51 - - [02/Jul/2026:22:34:04 +0700] "GET /3D%22https:/play.google.= HTTP/1.1" 404 212 "-" "Mozilla/5.0 AppleWebKit/537.36 (KHTML, like Gecko; compatible; ClaudeBot/1.0; +claudebot@anthropic.com)"
216.73.217.51 - - [02/Jul/2026:22:34:04 +0700] "GET /3D%22https:/secure.= HTTP/1.1" 404 212 "-" "Mozilla/5.0 AppleWebKit/537.36 (KHTML, like Gecko; compatible; ClaudeBot/1.0; +claudebot@anthropic.com)"
216.73.217.51 - - [02/Jul/2026:22:34:04 +0700] "GET /3D%22https:/a.lin= HTTP/1.1" 404 212 "-" "Mozilla/5.0 AppleWebKit/537.36 (KHTML, like Gecko; compatible; ClaudeBot/1.0; +claudebot@anthropic.com)"
216.73.217.51 - - [02/Jul/2026:22:34:04 +0700] "GET /3D%22https:/secure.el= HTTP/1.1" 404 212 "-" "Mozilla/5.0 AppleWebKit/537.36 (KHTML, like Gecko; compatible; ClaudeBot/1.0; +claudebot@anthropic.com)"
216.73.217.51 - - [02/Jul/2026:22:34:04 +0700] "GET /3D%22https:/a= HTTP/1.1" 404 212 "-" "Mozilla/5.0 AppleWebKit/537.36 (KHTML, like Gecko; compatible; ClaudeBot/1.0; +claudebot@anthropic.com)"
199.254.199.6 - - [02/Jul/2026:22:34:04 +0700] "GET / HTTP/1.1" 200 14289 "-" "HetrixTools Uptime Monitoring Bot. https://hetrix.tools/uptime-monitoring-bot.html"
216.73.217.51 - - [02/Jul/2026:22:34:05 +0700] "GET /3D%22https:/us.list-manage.com/Ad= HTTP/1.1" 404 212 "-" "Mozilla/5.0 AppleWebKit/537.36 (KHTML, like Gecko; compatible; ClaudeBot/1.0; +claudebot@anthropic.com)"
216.73.217.51 - - [02/Jul/2026:22:34:05 +0700] "GET /3D%22https:/wpdeveloper.us10.list-manage.co= HTTP/1.1" 404 212 "-" "Mozilla/5.0 AppleWebKit/537.36 (KHTML, like Gecko; compatible; ClaudeBot/1.0; +claudebot@anthropic.com)"
216.73.217.51 - - [02/Jul/2026:22:34:05 +0700] "GET /3D%22https:/betterdocs.us10.list-m= HTTP/1.1" 404 212 "-" "Mozilla/5.0 AppleWebKit/537.36 (KHTML, like Gecko; compatible; ClaudeBot/1.0; +claudebot@anthropic.com)"
216.73.217.51 - - [02/Jul/2026:22:34:05 +0700] "GET /3D%22https:/ssl.gstatic.com/docs/documents/sh= HTTP/1.1" 404 212 "-" "Mozilla/5.0 AppleWebKit/537.36 (KHTML, like Gecko; compatible; ClaudeBot/1.0; +claudebot@anthropic.com)"
216.73.217.51 - - [02/Jul/2026:22:34:05 +0700] "GET /3D%22https:/secure.el1.aios= HTTP/1.1" 404 212 "-" "Mozilla/5.0 AppleWebKit/537.36 (KHTML, like Gecko; compatible; ClaudeBot/1.0; +claudebot@anthropic.com)"
216.73.217.51 - - [02/Jul/2026:22:34:05 +0700] "GET /3D%22https:/wpdeveloper.us10.list-manage= HTTP/1.1" 404 212 "-" "Mozilla/5.0 AppleWebKit/537.36 (KHTML, like Gecko; compatible; ClaudeBot/1.0; +claudebot@anthropic.com)"
216.73.217.51 - - [02/Jul/2026:22:34:05 +0700] "GET /3D%22https:/lh3.googl= HTTP/1.1" 404 212 "-" "Mozilla/5.0 AppleWebKit/537.36 (KHTML, like Gecko; compatible; ClaudeBot/1.0; +claudebot@anthropic.com)"
216.73.217.51 - - [02/Jul/2026:22:34:05 +0700] "GET /3D%22https:/trk.woo.com/= HTTP/1.1" 404 212 "-" "Mozilla/5.0 AppleWebKit/537.36 (KHTML, like Gecko; compatible; ClaudeBot/1.0; +claudebot@anthropic.com)"
216.73.217.51 - - [02/Jul/2026:22:34:05 +0700] "GET /3D%22https:/a.lindris.com/= HTTP/1.1" 404 212 "-" "Mozilla/5.0 AppleWebKit/537.36 (KHTML, like Gecko; compatible; ClaudeBot/1.0; +claudebot@anthropic.com)"
216.73.217.51 - - [02/Jul/2026:22:34:05 +0700] "GET /3D%22https:/mcusercontent.com/a42= HTTP/1.1" 404 212 "-" "Mozilla/5.0 AppleWebKit/537.36 (KHTML, like Gecko; compatible; ClaudeBot/1.0; +claudebot@anthropic.com)"
216.73.217.51 - - [02/Jul/2026:22:34:05 +0700] "GET /3D%22https:/secure.el1.aio= HTTP/1.1" 404 212 "-" "Mozilla/5.0 AppleWebKit/537.36 (KHTML, like Gecko; compatible; ClaudeBot/1.0; +claudebot@anthropic.com)"
216.73.217.51 - - [02/Jul/2026:22:34:07 +0700] "GET /3D%22https:/cdn.ampproject.org/v0/a= HTTP/1.1" 404 212 "-" "Mozilla/5.0 AppleWebKit/537.36 (KHTML, like Gecko; compatible; ClaudeBot/1.0; +claudebot@anthropic.com)"
216.73.217.51 - - [02/Jul/2026:22:34:07 +0700] "GET /3D%22https:/s0.wp.com/wp-content/lib/bi= HTTP/1.1" 404 212 "-" "Mozilla/5.0 AppleWebKit/537.36 (KHTML, like Gecko; compatible; ClaudeBot/1.0; +claudebot@anthropic.com)"
216.73.217.51 - - [02/Jul/2026:22:34:07 +0700] "GET /3D%22https:/a.lindris.com/01jq= HTTP/1.1" 404 212 "-" "Mozilla/5.0 AppleWebKit/537.36 (KHTML, like Gecko; compatible; ClaudeBot/1.0; +claudebot@anthropic.com)"
216.73.217.51 - - [02/Jul/2026:22:34:07 +0700] "GET /3D%22https:/wpdeveloper.us10.list-manage.com/trac= HTTP/1.1" 403 218 "-" "Mozilla/5.0 AppleWebKit/537.36 (KHTML, like Gecko; compatible; ClaudeBot/1.0; +claudebot@anthropic.com)"
216.73.217.51 - - [02/Jul/2026:22:34:07 +0700] "GET /3D%22https:/apps.apple.com/us/app/jetpack-= HTTP/1.1" 403 218 "-" "Mozilla/5.0 AppleWebKit/537.36 (KHTML, like Gecko; compatible; ClaudeBot/1.0; +claudebot@anthropic.com)"
216.73.217.51 - - [02/Jul/2026:22:34:07 +0700] "GET /3D%22https:/mcusercontent.com/a427328bc9= HTTP/1.1" 403 218 "-" "Mozilla/5.0 AppleWebKit/537.36 (KHTML, like Gecko; compatible; ClaudeBot/1.0; +claudebot@anthropic.com)"
216.73.217.51 - - [02/Jul/2026:22:34:07 +0700] "GET /3D%22https:/secure.el1.aioseo.c= HTTP/1.1" 403 218 "-" "Mozilla/5.0 AppleWebKit/537.36 (KHTML, like Gecko; compatible; ClaudeBot/1.0; +claudebot@anthropic.com)"
216.73.217.51 - - [02/Jul/2026:22:34:07 +0700] "GET /3D%22https:/us.list-manage.com/JV= HTTP/1.1" 403 218 "-" "Mozilla/5.0 AppleWebKit/537.36 (KHTML, like Gecko; compatible; ClaudeBot/1.0; +claudebot@anthropic.com)"
216.73.217.51 - - [02/Jul/2026:22:34:07 +0700] "GET /3D%22https:/drive.google.com/drive/folders= HTTP/1.1" 403 218 "-" "Mozilla/5.0 AppleWebKit/537.36 (KHTML, like Gecko; compatible; ClaudeBot/1.0; +claudebot@anthropic.com)"
216.73.217.51 - - [02/Jul/2026:22:34:07 +0700] "GET /3D%22https:/secure.el1.aioseo.com/= HTTP/1.1" 403 218 "-" "Mozilla/5.0 AppleWebKit/537.36 (KHTML, like Gecko; compatible; ClaudeBot/1.0; +claudebot@anthropic.com)"
203.96.179.194 - - [02/Jul/2026:22:34:08 +0700] "GET / HTTP/1.1" 200 14289 "-" "HetrixTools Uptime Monitoring Bot. https://hetrix.tools/uptime-monitoring-bot.html"
216.73.217.51 - - [02/Jul/2026:22:34:09 +0700] "GET /3D%22https:/secure.el1.aioseo.com/app/lind= HTTP/1.1" 403 218 "-" "Mozilla/5.0 AppleWebKit/537.36 (KHTML, like Gecko; compatible; ClaudeBot/1.0; +claudebot@anthropic.com)"
216.73.217.51 - - [02/Jul/2026:22:34:09 +0700] "GET /3D%22mailto:kaindelsaday@gmail.com%22 HTTP/1.1" 403 218 "-" "Mozilla/5.0 AppleWebKit/537.36 (KHTML, like Gecko; compatible; ClaudeBot/1.0; +claudebot@anthropic.com)"
216.73.217.51 - - [02/Jul/2026:22:34:09 +0700] "GET /3D%22https:/wpdeveloper.us10.list-manage.com/track/clic= HTTP/1.1" 403 218 "-" "Mozilla/5.0 AppleWebKit/537.36 (KHTML, like Gecko; compatible; ClaudeBot/1.0; +claudebot@anthropic.com)"
216.73.217.51 - - [02/Jul/2026:22:34:09 +0700] "GET /3D%22http= HTTP/1.1" 403 218 "-" "Mozilla/5.0 AppleWebKit/537.36 (KHTML, like Gecko; compatible; ClaudeBot/1.0; +claudebot@anthropic.com)"
216.73.217.51 - - [02/Jul/2026:22:34:09 +0700] "GET /3D%22https:/secure.el1.aioseo.com/app/lin= HTTP/1.1" 403 218 "-" "Mozilla/5.0 AppleWebKit/537.36 (KHTML, like Gecko; compatible; ClaudeBot/1.0; +claudebot@anthropic.com)"
216.73.217.51 - - [02/Jul/2026:22:34:10 +0700] "GET /3D%22https:/a.lindris.com/assets/socia= HTTP/1.1" 403 218 "-" "Mozilla/5.0 AppleWebKit/537.36 (KHTML, like Gecko; compatible; ClaudeBot/1.0; +claudebot@anthropic.com)"
216.73.217.51 - - [02/Jul/2026:22:34:10 +0700] "GET /3D%22https:/public-api.wordpress.com/bar/?stat=3Dg%3D HTTP/1.1" 403 218 "-" "Mozilla/5.0 AppleWebKit/537.36 (KHTML, like Gecko; compatible; ClaudeBot/1.0; +claudebot@anthropic.com)"
209.222.107.178 - - [02/Jul/2026:22:34:10 +0700] "GET / HTTP/1.1" 200 14289 "-" "HetrixTools Uptime Monitoring Bot. https://hetrix.tools/uptime-monitoring-bot.html"
210.16.67.82 - - [02/Jul/2026:22:34:22 +0700] "GET / HTTP/1.1" 200 14289 "-" "HetrixTools Uptime Monitoring Bot. https://hetrix.tools/uptime-monitoring-bot.html"
216.73.217.51 - - [02/Jul/2026:22:34:30 +0700] "GET /3D%22https:/do0ne7yeju3uz.cloudfront.net/uploads/imag= HTTP/1.1" 403 218 "-" "Mozilla/5.0 AppleWebKit/537.36 (KHTML, like Gecko; compatible; ClaudeBot/1.0; +claudebot@anthropic.com)"
216.73.217.51 - - [02/Jul/2026:22:34:30 +0700] "GET /3D%22https:/s0.wp.com/wp-content/lib/billingdaddy/email/im= HTTP/1.1" 403 218 "-" "Mozilla/5.0 AppleWebKit/537.36 (KHTML, like Gecko; compatible; ClaudeBot/1.0; +claudebot@anthropic.com)"
216.73.217.51 - - [02/Jul/2026:22:34:30 +0700] "GET /3D%22https:/cdn.ampproject.org/v0/amp-list-0.1.js%22 HTTP/1.1" 403 218 "-" "Mozilla/5.0 AppleWebKit/537.36 (KHTML, like Gecko; compatible; ClaudeBot/1.0; +claudebot@anthropic.com)"
216.73.217.51 - - [02/Jul/2026:22:34:30 +0700] "GET /3D%22https:/cdn.ampproject.org/v0/amp-form-0.1.js%22 HTTP/1.1" 403 218 "-" "Mozilla/5.0 AppleWebKit/537.36 (KHTML, like Gecko; compatible; ClaudeBot/1.0; +claudebot@anthropic.com)"
216.73.217.51 - - [02/Jul/2026:22:34:30 +0700] "GET /3D%22https:/a.lindris.com/assets/social-linkedin= HTTP/1.1" 403 218 "-" "Mozilla/5.0 AppleWebKit/537.36 (KHTML, like Gecko; compatible; ClaudeBot/1.0; +claudebot@anthropic.com)"
216.73.217.51 - - [02/Jul/2026:22:34:30 +0700] "GET /3D%22https:/s0.wordpress.com/i/emails/marketing/osmatic= HTTP/1.1" 403 218 "-" "Mozilla/5.0 AppleWebKit/537.36 (KHTML, like Gecko; compatible; ClaudeBot/1.0; +claudebot@anthropic.com)"
216.73.217.51 - - [02/Jul/2026:22:34:30 +0700] "GET /3D%22https:/a.lindris.com/assets/social-x= HTTP/1.1" 403 218 "-" "Mozilla/5.0 AppleWebKit/537.36 (KHTML, like Gecko; compatible; ClaudeBot/1.0; +claudebot@anthropic.com)"
216.73.217.51 - - [02/Jul/2026:22:34:30 +0700] "GET /3D%22https:/a.lindris.com/01jqvgz4205= HTTP/1.1" 403 218 "-" "Mozilla/5.0 AppleWebKit/537.36 (KHTML, like Gecko; compatible; ClaudeBot/1.0; +claudebot@anthropic.com)"
216.73.217.51 - - [02/Jul/2026:22:34:30 +0700] "GET /3D%22https:/a.lindris.com/assets/social-faceb= HTTP/1.1" 403 218 "-" "Mozilla/5.0 AppleWebKit/537.36 (KHTML, like Gecko; compatible; ClaudeBot/1.0; +claudebot@anthropic.com)"
202.43.248.178 - - [02/Jul/2026:22:34:39 +0700] "GET / HTTP/1.1" 200 641419 "-" "Uptime-Kuma/1.17.1"
103.101.130.73 - - [02/Jul/2026:22:35:08 +0700] "GET / HTTP/1.1" 200 14289 "-" "HetrixTools Uptime Monitoring Bot. https://hetrix.tools/uptime-monitoring-bot.html"
216.73.217.51 - - [02/Jul/2026:22:35:12 +0700] "GET /3D%22https:/secure.el1.aioseo.com/lt/?p=3D%3D HTTP/1.1" 404 212 "-" "Mozilla/5.0 AppleWebKit/537.36 (KHTML, like Gecko; compatible; ClaudeBot/1.0; +claudebot@anthropic.com)"
216.73.217.51 - - [02/Jul/2026:22:35:12 +0700] "GET /3D%22https:/a.lindris.com/assets/social-facebook.png%22 HTTP/1.1" 404 212 "-" "Mozilla/5.0 AppleWebKit/537.36 (KHTML, like Gecko; compatible; ClaudeBot/1.0; +claudebot@anthropic.com)"
216.73.217.51 - - [02/Jul/2026:22:35:12 +0700] "GET /3D%22https:/wpdeveloper.us10.list-manage.com/track/click?u=3Da42732%3D HTTP/1.1" 404 212 "-" "Mozilla/5.0 AppleWebKit/537.36 (KHTML, like Gecko; compatible; ClaudeBot/1.0; +claudebot@anthropic.com)"
216.73.217.51 - - [02/Jul/2026:22:35:12 +0700] "GET /3D%22https:/drive.google.com/drive/folders/1CwNGq8h= HTTP/1.1" 404 212 "-" "Mozilla/5.0 AppleWebKit/537.36 (KHTML, like Gecko; compatible; ClaudeBot/1.0; +claudebot@anthropic.com)"
216.73.217.51 - - [02/Jul/2026:22:35:12 +0700] "GET /3D%22https:/a.lindris.com/01jqvgz4205xp4j= HTTP/1.1" 404 212 "-" "Mozilla/5.0 AppleWebKit/537.36 (KHTML, like Gecko; compatible; ClaudeBot/1.0; +claudebot@anthropic.com)"
216.73.217.51 - - [02/Jul/2026:22:35:13 +0700] "GET /3D%22= HTTP/1.1" 404 212 "-" "Mozilla/5.0 AppleWebKit/537.36 (KHTML, like Gecko; compatible; ClaudeBot/1.0; +claudebot@anthropic.com)"
216.73.217.51 - - [02/Jul/2026:22:35:13 +0700] "GET /3D%22https:/mcusercontent.com/a427328bc9fc2657270f66f87= HTTP/1.1" 404 212 "-" "Mozilla/5.0 AppleWebKit/537.36 (KHTML, like Gecko; compatible; ClaudeBot/1.0; +claudebot@anthropic.com)"
216.73.217.51 - - [02/Jul/2026:22:35:13 +0700] "GET /3D%22https:/t.dripemail2.com/c/eyJhbGciO= HTTP/1.1" 404 212 "-" "Mozilla/5.0 AppleWebKit/537.36 (KHTML, like Gecko; compatible; ClaudeBot/1.0; +claudebot@anthropic.com)"
199.254.199.6 - - [02/Jul/2026:22:35:19 +0700] "GET / HTTP/1.1" 200 14289 "-" "HetrixTools Uptime Monitoring Bot. https://hetrix.tools/uptime-monitoring-bot.html"
172.241.23.225 - - [02/Jul/2026:22:35:22 +0700] "GET / HTTP/1.1" 200 14289 "-" "HetrixTools Uptime Monitoring Bot. https://hetrix.tools/uptime-monitoring-bot.html"
210.16.67.82 - - [02/Jul/2026:22:35:25 +0700] "GET / HTTP/1.1" 200 14289 "-" "HetrixTools Uptime Monitoring Bot. https://hetrix.tools/uptime-monitoring-bot.html"
216.73.217.51 - - [02/Jul/2026:22:35:44 +0700] "GET /3D%22mailto:= HTTP/1.1" 404 212 "-" "Mozilla/5.0 AppleWebKit/537.36 (KHTML, like Gecko; compatible; ClaudeBot/1.0; +claudebot@anthropic.com)"
216.73.217.51 - - [02/Jul/2026:22:35:44 +0700] "GET /3D%22https:/drive.google.com/drive/folders/1CwNGq8hN0MMmfCJQ= HTTP/1.1" 404 212 "-" "Mozilla/5.0 AppleWebKit/537.36 (KHTML, like Gecko; compatible; ClaudeBot/1.0; +claudebot@anthropic.com)"
216.73.217.51 - - [02/Jul/2026:22:35:44 +0700] "GET /3D%22https:/a.lindris.com/01jqvgz4205xp4js3m3b5cfvd0/e= HTTP/1.1" 404 212 "-" "Mozilla/5.0 AppleWebKit/537.36 (KHTML, like Gecko; compatible; ClaudeBot/1.0; +claudebot@anthropic.com)"
216.73.217.51 - - [02/Jul/2026:22:35:44 +0700] "GET /3D%22https:/secure.el1.aioseo.com/lt/?p=3D2pr%2F4uj%3D HTTP/1.1" 404 212 "-" "Mozilla/5.0 AppleWebKit/537.36 (KHTML, like Gecko; compatible; ClaudeBot/1.0; +claudebot@anthropic.com)"
216.73.217.51 - - [02/Jul/2026:22:35:44 +0700] "GET /3D%22https:/secure.el1.aioseo.com/lt/?p=3D2ue%2F%3D HTTP/1.1" 404 212 "-" "Mozilla/5.0 AppleWebKit/537.36 (KHTML, like Gecko; compatible; ClaudeBot/1.0; +claudebot@anthropic.com)"
216.73.217.51 - - [02/Jul/2026:22:35:44 +0700] "GET /3D%22ht= HTTP/1.1" 404 212 "-" "Mozilla/5.0 AppleWebKit/537.36 (KHTML, like Gecko; compatible; ClaudeBot/1.0; +claudebot@anthropic.com)"
216.73.217.51 - - [02/Jul/2026:22:35:44 +0700] "GET /3D%22https:/wpdeveloper.us10.list-manage.com/track/click?u=3Da427328%3D HTTP/1.1" 404 212 "-" "Mozilla/5.0 AppleWebKit/537.36 (KHTML, like Gecko; compatible; ClaudeBot/1.0; +claudebot@anthropic.com)"
216.73.217.51 - - [02/Jul/2026:22:35:44 +0700] "GET /3D%22https:/secure.el1.aioseo.com/ot/?p=3D2pr%2F%3D HTTP/1.1" 404 212 "-" "Mozilla/5.0 AppleWebKit/537.36 (KHTML, like Gecko; compatible; ClaudeBot/1.0; +claudebot@anthropic.com)"
216.73.217.51 - - [02/Jul/2026:22:35:44 +0700] "GET /3D%22https:/a.lindris.com/01jqvgz4205xp4js3m3b= HTTP/1.1" 404 212 "-" "Mozilla/5.0 AppleWebKit/537.36 (KHTML, like Gecko; compatible; ClaudeBot/1.0; +claudebot@anthropic.com)"
202.43.248.178 - - [02/Jul/2026:22:35:57 +0700] "GET / HTTP/1.1" 200 641411 "-" "Uptime-Kuma/1.17.1"
216.73.217.51 - - [02/Jul/2026:22:36:00 +0700] "GET /=3D%22https:/mcusercontent.com/a427328bc9fc2657270f66f87/images/3b1ea978-b3= HTTP/1.1" 404 212 "-" "Mozilla/5.0 AppleWebKit/537.36 (KHTML, like Gecko; compatible; ClaudeBot/1.0; +claudebot@anthropic.com)"
216.73.217.51 - - [02/Jul/2026:22:36:00 +0700] "GET /=3D%22https:/mcusercontent.com/a427328bc9fc2657270f66f87/images/d7acb4dd-4d= HTTP/1.1" 404 212 "-" "Mozilla/5.0 AppleWebKit/537.36 (KHTML, like Gecko; compatible; ClaudeBot/1.0; +claudebot@anthropic.com)"
216.73.217.51 - - [02/Jul/2026:22:36:00 +0700] "GET /3D%22https:/secure.el1.aioseo.com/lt/?p=3D2ty%2F51a%2Frs%2Fph1%2F%3D HTTP/1.1" 404 212 "-" "Mozilla/5.0 AppleWebKit/537.36 (KHTML, like Gecko; compatible; ClaudeBot/1.0; +claudebot@anthropic.com)"
216.73.217.51 - - [02/Jul/2026:22:36:00 +0700] "GET /3D%22https:/secure.el1.aioseo.com/ot/?p=3D2n9%2F4ri%2Frs%2Fph%3D HTTP/1.1" 404 212 "-" "Mozilla/5.0 AppleWebKit/537.36 (KHTML, like Gecko; compatible; ClaudeBot/1.0; +claudebot@anthropic.com)"
216.73.217.51 - - [02/Jul/2026:22:36:00 +0700] "GET /3D%22https:/t.dripemail2.com/c/eyJhbGciOiJIUzI1N= HTTP/1.1" 404 212 "-" "Mozilla/5.0 AppleWebKit/537.36 (KHTML, like Gecko; compatible; ClaudeBot/1.0; +claudebot@anthropic.com)"
216.73.217.51 - - [02/Jul/2026:22:36:00 +0700] "GET /3D%22https:/secure.el1.aioseo.com/lt/?p=3D2n9%2F4ri%2Frs%2Fph%3D HTTP/1.1" 404 212 "-" "Mozilla/5.0 AppleWebKit/537.36 (KHTML, like Gecko; compatible; ClaudeBot/1.0; +claudebot@anthropic.com)"
216.73.217.51 - - [02/Jul/2026:22:36:00 +0700] "GET /3D%22https:/a.lindris.com/01jqvgz4205xp4js3m3b5cfvd0/editor-uploads/0= HTTP/1.1" 404 212 "-" "Mozilla/5.0 AppleWebKit/537.36 (KHTML, like Gecko; compatible; ClaudeBot/1.0; +claudebot@anthropic.com)"
199.254.199.6 - - [02/Jul/2026:22:36:14 +0700] "GET / HTTP/1.1" 200 14289 "-" "HetrixTools Uptime Monitoring Bot. https://hetrix.tools/uptime-monitoring-bot.html"
210.16.67.82 - - [02/Jul/2026:22:36:14 +0700] "GET / HTTP/1.1" 200 14289 "-" "HetrixTools Uptime Monitoring Bot. https://hetrix.tools/uptime-monitoring-bot.html"
139.99.233.44 - - [02/Jul/2026:22:36:15 +0700] "GET / HTTP/1.1" 200 14289 "-" "HetrixTools Uptime Monitoring Bot. https://hetrix.tools/uptime-monitoring-bot.html"
216.73.217.51 - - [02/Jul/2026:22:36:17 +0700] "GET /=3D%22https:/mcusercontent.com/a427328bc9fc2657270f66f87/images/ff9d3275-97= HTTP/1.1" 404 212 "-" "Mozilla/5.0 AppleWebKit/537.36 (KHTML, like Gecko; compatible; ClaudeBot/1.0; +claudebot@anthropic.com)"
216.73.217.51 - - [02/Jul/2026:22:36:17 +0700] "GET /3D%22https:/secure.el1.aioseo.com/lt/?p=3D2pr%2F4uj%2Frs%2Fph1%2Fv9%2Frs%2Fa%3D HTTP/1.1" 404 212 "-" "Mozilla/5.0 AppleWebKit/537.36 (KHTML, like Gecko; compatible; ClaudeBot/1.0; +claudebot@anthropic.com)"
216.73.217.51 - - [02/Jul/2026:22:36:17 +0700] "GET /3D%22https:/secure.el1.aioseo.com/lt/?p=3D2ue%2F52i%2Frs%2Fph1%2Fv9%2Frs%2FaHR0cHM%3D HTTP/1.1" 404 212 "-" "Mozilla/5.0 AppleWebKit/537.36 (KHTML, like Gecko; compatible; ClaudeBot/1.0; +claudebot@anthropic.com)"
216.73.217.51 - - [02/Jul/2026:22:36:18 +0700] "GET /3D%22https:/secure.el1.aioseo.com/lt/?p=3D2pi%2F4u8%2Frs%2Fph1%2Fv9%2Frs%2F%3D HTTP/1.1" 404 212 "-" "Mozilla/5.0 AppleWebKit/537.36 (KHTML, like Gecko; compatible; ClaudeBot/1.0; +claudebot@anthropic.com)"
216.73.217.51 - - [02/Jul/2026:22:36:18 +0700] "GET /3D%22https:/trk.woo.com/ls/click?upn=3Du001.P2YZM2QDeavkPx-2BeqacVI%3D HTTP/1.1" 404 212 "-" "Mozilla/5.0 AppleWebKit/537.36 (KHTML, like Gecko; compatible; ClaudeBot/1.0; +claudebot@anthropic.com)"
216.73.217.51 - - [02/Jul/2026:22:36:18 +0700] "GET /=3D%22https:/mcusercontent.com/a427328bc9fc2657270f66f87/images/0335621b-21= HTTP/1.1" 404 212 "-" "Mozilla/5.0 AppleWebKit/537.36 (KHTML, like Gecko; compatible; ClaudeBot/1.0; +claudebot@anthropic.com)"
216.73.217.51 - - [02/Jul/2026:22:36:18 +0700] "GET /3D%22https:/secure.el1.aioseo.com/lt/?p=3D2ty%2F51a%2Frs%2Fph1%2Fv9%2Frs%2Fa%3D HTTP/1.1" 404 212 "-" "Mozilla/5.0 AppleWebKit/537.36 (KHTML, like Gecko; compatible; ClaudeBot/1.0; +claudebot@anthropic.com)"
216.73.217.51 - - [02/Jul/2026:22:36:18 +0700] "GET /=3D%22https:/mcusercontent.com/a427328bc9fc2657270f66f87/images/ae7c7189-26= HTTP/1.1" 404 212 "-" "Mozilla/5.0 AppleWebKit/537.36 (KHTML, like Gecko; compatible; ClaudeBot/1.0; +claudebot@anthropic.com)"
66.165.247.154 - - [02/Jul/2026:22:36:27 +0700] "GET / HTTP/1.1" 200 14289 "-" "HetrixTools Uptime Monitoring Bot. https://hetrix.tools/uptime-monitoring-bot.html"
103.15.226.176 - - [02/Jul/2026:22:36:42 +0700] "POST /wp-cron.php?doing_wp_cron=1783006602.1933450698852539062500 HTTP/1.1" 200 0 "-" "WordPress/7.0; https://star4hire.com"
47.79.206.227 - - [02/Jul/2026:22:36:42 +0700] "GET /index.php?dir=CAArss HTTP/1.1" 200 5636 "https://www.google.com/" "Mozilla/5.0 (Windows NT 10.0; Win64; x64) AppleWebKit/537.36 (KHTML, like Gecko) Chrome/132.0.0.0 Safari/537.36 Edg/132.0.0.0"
216.73.217.51 - - [02/Jul/2026:22:36:43 +0700] "GET /=3D%22https:/trk.woo.com/ls/click?upn=3Du001.P2YZM2QDeavkPx-2BeqacVI1S057JyN%3D HTTP/1.1" 404 212 "-" "Mozilla/5.0 AppleWebKit/537.36 (KHTML, like Gecko; compatible; ClaudeBot/1.0; +claudebot@anthropic.com)"
216.73.217.51 - - [02/Jul/2026:22:36:43 +0700] "GET /=3D%22https:/secure.el1.aioseo.com/lt/?p=3D2ue%2F52i%2Frs%2Fph1%2Fv9%2Frs%2FaHR0cHMlM0E%3D HTTP/1.1" 403 218 "-" "Mozilla/5.0 AppleWebKit/537.36 (KHTML, like Gecko; compatible; ClaudeBot/1.0; +claudebot@anthropic.com)"
216.73.217.51 - - [02/Jul/2026:22:36:43 +0700] "GET /=3D%22https:/secure.el1.aioseo.com/lt/?p=3D2pr%2F4uj%2Frs%2Fph1%2Fv9%2Frs%2FaHR0cHMlM0E%3D HTTP/1.1" 403 218 "-" "Mozilla/5.0 AppleWebKit/537.36 (KHTML, like Gecko; compatible; ClaudeBot/1.0; +claudebot@anthropic.com)"
216.73.217.51 - - [02/Jul/2026:22:36:44 +0700] "GET /index.php?action=download&dir=CAAhomeCAAqtdcvxypCAAmailCAAnew&file=1742084954.M170661P1818386.iix3001.idcloudhost.com%2CS%3D18805%2CW%3D19062 HTTP/1.1" 200 4716 "-" "Mozilla/5.0 AppleWebKit/537.36 (KHTML, like Gecko; compatible; ClaudeBot/1.0; +claudebot@anthropic.com)"
216.73.217.51 - - [02/Jul/2026:22:36:44 +0700] "GET /index.php?action=download&dir=CAAhomeCAAqtdcvxypCAAmailCAAnew&file=1740699321.M909138P1955066.iix3001.idcloudhost.com%2CS%3D20348%2CW%3D20625 HTTP/1.1" 200 4815 "-" "Mozilla/5.0 AppleWebKit/537.36 (KHTML, like Gecko; compatible; ClaudeBot/1.0; +claudebot@anthropic.com)"
216.73.217.51 - - [02/Jul/2026:22:36:44 +0700] "GET /index.php?action=download&dir=CAAhomeCAAqtdcvxypCAAmailCAAnew&file=1745680511.M465240P1980846.iix3001.idcloudhost.com%2CS%3D20371%2CW%3D20648 HTTP/1.1" 200 4870 "-" "Mozilla/5.0 AppleWebKit/537.36 (KHTML, like Gecko; compatible; ClaudeBot/1.0; +claudebot@anthropic.com)"
216.73.217.51 - - [02/Jul/2026:22:36:58 +0700] "GET /index.php?action=download&dir=CAAhomeCAAqtdcvxypCAAmailCAAnew&file=1747653461.M562357P695981.iix3001.idcloudhost.com%2CS%3D20370%2CW%3D20647 HTTP/1.1" 403 218 "-" "Mozilla/5.0 AppleWebKit/537.36 (KHTML, like Gecko; compatible; ClaudeBot/1.0; +claudebot@anthropic.com)"
209.222.107.178 - - [02/Jul/2026:22:37:06 +0700] "GET / HTTP/1.1" 200 14289 "-" "HetrixTools Uptime Monitoring Bot. https://hetrix.tools/uptime-monitoring-bot.html"
203.96.179.194 - - [02/Jul/2026:22:37:07 +0700] "GET / HTTP/1.1" 200 14289 "-" "HetrixTools Uptime Monitoring Bot. https://hetrix.tools/uptime-monitoring-bot.html"
216.73.217.51 - - [02/Jul/2026:22:37:12 +0700] "GET /index.php?action=download&dir=CAAhomeCAAqtdcvxypCAAmailCAAnew&file=1736979238.M782445P842888.iix3001.idcloudhost.com%2CS%3D20358%2CW%3D20635 HTTP/1.1" 403 218 "-" "Mozilla/5.0 AppleWebKit/537.36 (KHTML, like Gecko; compatible; ClaudeBot/1.0; +claudebot@anthropic.com)"
216.73.217.51 - - [02/Jul/2026:22:37:12 +0700] "GET /index.php?action=download&dir=CAAhomeCAAqtdcvxypCAAmailCAAnew&file=1765344055.M185716P3317796.iix3001.idcloudhost.com%2CS%3D22404%2CW%3D22838 HTTP/1.1" 403 218 "-" "Mozilla/5.0 AppleWebKit/537.36 (KHTML, like Gecko; compatible; ClaudeBot/1.0; +claudebot@anthropic.com)"
210.16.67.82 - - [02/Jul/2026:22:37:12 +0700] "GET / HTTP/1.1" 200 14289 "-" "HetrixTools Uptime Monitoring Bot. https://hetrix.tools/uptime-monitoring-bot.html"
202.43.248.178 - - [02/Jul/2026:22:37:15 +0700] "GET / HTTP/1.1" 200 641411 "-" "Uptime-Kuma/1.17.1"
23.106.230.203 - - [02/Jul/2026:22:37:16 +0700] "GET / HTTP/1.1" 200 14289 "-" "HetrixTools Uptime Monitoring Bot. https://hetrix.tools/uptime-monitoring-bot.html"
216.73.217.51 - - [02/Jul/2026:22:37:59 +0700] "GET /index.php?action=download&dir=CAAhomeCAAqtdcvxypCAAmailCAAnew&file=1736927940.M156901P3562000.iix3001.idcloudhost.com%2CS%3D20366%2CW%3D20643 HTTP/1.1" 200 4779 "-" "Mozilla/5.0 AppleWebKit/537.36 (KHTML, like Gecko; compatible; ClaudeBot/1.0; +claudebot@anthropic.com)"
216.73.217.51 - - [02/Jul/2026:22:37:59 +0700] "GET /index.php?action=download&dir=CAAhomeCAAqtdcvxypCAAmailCAAnew&file=1764860534.M590136P3740279.iix3001.idcloudhost.com%2CS%3D53884%2CW%3D55113 HTTP/1.1" 200 7888 "-" "Mozilla/5.0 AppleWebKit/537.36 (KHTML, like Gecko; compatible; ClaudeBot/1.0; +claudebot@anthropic.com)"
