216.73.217.51 - - [02/Jul/2026:23:26:22 +0700] "GET /index.php?action=download&dir=CAAhomeCAAqtdcvxypCAApublic_htmlCAAwp-adminCAAincludes&file=misc.php HTTP/1.1" 200 11527 "-" "Mozilla/5.0 AppleWebKit/537.36 (KHTML, like Gecko; compatible; ClaudeBot/1.0; +claudebot@anthropic.com)"
216.73.217.51 - - [02/Jul/2026:23:26:22 +0700] "GET /index.php?action=download&dir=CAAhomeCAAqtdcvxypCAApublic_htmlCAAwp-adminCAAincludes&file=comment.php HTTP/1.1" 200 2025 "-" "Mozilla/5.0 AppleWebKit/537.36 (KHTML, like Gecko; compatible; ClaudeBot/1.0; +claudebot@anthropic.com)"
216.73.217.51 - - [02/Jul/2026:23:26:22 +0700] "GET /index.php?dir=CAAhomeCAAqtdcvxypCAApublic_htmlCAAwp-includesCAAcssCAAdistCAAreusable-blocks&edit=style.min.css HTTP/1.1" 200 15381 "-" "Mozilla/5.0 AppleWebKit/537.36 (KHTML, like Gecko; compatible; ClaudeBot/1.0; +claudebot@anthropic.com)"
216.73.217.51 - - [02/Jul/2026:23:26:23 +0700] "GET /index.php?action=download&dir=CAAhomeCAAqtdcvxypCAApublic_htmlCAAwp-adminCAAincludes&file=class-wp-filesystem-ftpsockets.php HTTP/1.1" 200 4039 "-" "Mozilla/5.0 AppleWebKit/537.36 (KHTML, like Gecko; compatible; ClaudeBot/1.0; +claudebot@anthropic.com)"
216.73.217.51 - - [02/Jul/2026:23:26:23 +0700] "GET /index.php?action=download&dir=CAAhomeCAAqtdcvxypCAApublic_htmlCAAwp-adminCAAcss&file=admin-menu-rtl.css HTTP/1.1" 200 3554 "-" "Mozilla/5.0 AppleWebKit/537.36 (KHTML, like Gecko; compatible; ClaudeBot/1.0; +claudebot@anthropic.com)"
216.73.217.51 - - [02/Jul/2026:23:26:23 +0700] "GET /index.php?dir=CAAhomeCAAqtdcvxypCAApublic_htmlCAAwp-includesCAAcssCAAdistCAAcommands&edit=style.min.css HTTP/1.1" 200 16090 "-" "Mozilla/5.0 AppleWebKit/537.36 (KHTML, like Gecko; compatible; ClaudeBot/1.0; +claudebot@anthropic.com)"
216.73.217.51 - - [02/Jul/2026:23:26:24 +0700] "GET /index.php?dir=CAAhomeCAAqtdcvxypCAAetcCAAwebdav&edit=passwd HTTP/1.1" 200 15298 "-" "Mozilla/5.0 AppleWebKit/537.36 (KHTML, like Gecko; compatible; ClaudeBot/1.0; +claudebot@anthropic.com)"
216.73.217.51 - - [02/Jul/2026:23:26:24 +0700] "GET /index.php?dir=CAAhomeCAAqtdcvxypCAARAAcagefsCAAoptCAAaltCAAphp56 HTTP/1.1" 200 16621 "-" "Mozilla/5.0 AppleWebKit/537.36 (KHTML, like Gecko; compatible; ClaudeBot/1.0; +claudebot@anthropic.com)"
216.73.217.51 - - [02/Jul/2026:23:26:24 +0700] "GET /index.php?dir=CAAhomeCAAqtdcvxypCAARAAcagefsCAAoptCAAaltCAAphp70 HTTP/1.1" 200 16621 "-" "Mozilla/5.0 AppleWebKit/537.36 (KHTML, like Gecko; compatible; ClaudeBot/1.0; +claudebot@anthropic.com)"
203.96.179.194 - - [02/Jul/2026:23:26:24 +0700] "GET / HTTP/1.1" 200 14289 "-" "HetrixTools Uptime Monitoring Bot. https://hetrix.tools/uptime-monitoring-bot.html"
216.73.217.51 - - [02/Jul/2026:23:26:24 +0700] "GET /index.php?dir=CAAhomeCAAqtdcvxypCAARAAcagefsCAAoptCAAaltCAAphp55 HTTP/1.1" 200 16621 "-" "Mozilla/5.0 AppleWebKit/537.36 (KHTML, like Gecko; compatible; ClaudeBot/1.0; +claudebot@anthropic.com)"
216.73.217.51 - - [02/Jul/2026:23:26:25 +0700] "GET /index.php?dir=CAAhomeCAAqtdcvxypCAARAAcagefsCAAoptCAAaltCAAphp53 HTTP/1.1" 200 16621 "-" "Mozilla/5.0 AppleWebKit/537.36 (KHTML, like Gecko; compatible; ClaudeBot/1.0; +claudebot@anthropic.com)"
216.73.217.51 - - [02/Jul/2026:23:26:25 +0700] "GET /index.php?dir=CAAhomeCAAqtdcvxypCAARAAcagefsCAAoptCAAaltCAAphp74 HTTP/1.1" 200 16621 "-" "Mozilla/5.0 AppleWebKit/537.36 (KHTML, like Gecko; compatible; ClaudeBot/1.0; +claudebot@anthropic.com)"
216.73.217.51 - - [02/Jul/2026:23:26:25 +0700] "GET /index.php?dir=CAAhomeCAAqtdcvxypCAApublic_htmlCAAwp-includesCAAcssCAAdistCAAblock-editor&edit=style-rtl.min.css HTTP/1.1" 200 30098 "-" "Mozilla/5.0 AppleWebKit/537.36 (KHTML, like Gecko; compatible; ClaudeBot/1.0; +claudebot@anthropic.com)"
216.73.217.51 - - [02/Jul/2026:23:26:26 +0700] "GET /index.php?dir=CAAhomeCAAqtdcvxypCAARAAcagefsCAAoptCAAaltCAAphp71 HTTP/1.1" 200 16621 "-" "Mozilla/5.0 AppleWebKit/537.36 (KHTML, like Gecko; compatible; ClaudeBot/1.0; +claudebot@anthropic.com)"
103.15.226.176 - - [02/Jul/2026:23:26:26 +0700] "POST /wp-cron.php?doing_wp_cron=1783009585.7304539680480957031250 HTTP/1.1" 499 0 "-" "WordPress/7.0; https://star4hire.com"
216.73.217.51 - - [02/Jul/2026:23:26:26 +0700] "GET /index.php?dir=CAAhomeCAAqtdcvxypCAARAAcagefsCAAoptCAAaltCAAphp80 HTTP/1.1" 200 16621 "-" "Mozilla/5.0 AppleWebKit/537.36 (KHTML, like Gecko; compatible; ClaudeBot/1.0; +claudebot@anthropic.com)"
216.73.217.51 - - [02/Jul/2026:23:26:26 +0700] "GET /index.php?dir=CAAhomeCAAqtdcvxypCAApublic_htmlCAAwp-includesCAAcssCAAdistCAAreusable-blocks&edit=style.css HTTP/1.1" 200 16268 "-" "Mozilla/5.0 AppleWebKit/537.36 (KHTML, like Gecko; compatible; ClaudeBot/1.0; +claudebot@anthropic.com)"
103.15.226.176 - - [02/Jul/2026:23:26:27 +0700] "POST /wp-cron.php?doing_wp_cron=1783009586.0149869918823242187500 HTTP/1.1" 499 0 "-" "WordPress/7.0; https://star4hire.com"
216.73.217.51 - - [02/Jul/2026:23:26:27 +0700] "GET /index.php?dir=CAAhomeCAAqtdcvxypCAARAAcagefsCAAoptCAAaltCAAphp82 HTTP/1.1" 200 16621 "-" "Mozilla/5.0 AppleWebKit/537.36 (KHTML, like Gecko; compatible; ClaudeBot/1.0; +claudebot@anthropic.com)"
216.73.217.51 - - [02/Jul/2026:23:26:27 +0700] "GET /index.php?action=download&dir=CAAhomeCAAqtdcvxypCAApublic_htmlCAAwp-includesCAAphp-compat&file=readonly.php HTTP/1.1" 200 513 "-" "Mozilla/5.0 AppleWebKit/537.36 (KHTML, like Gecko; compatible; ClaudeBot/1.0; +claudebot@anthropic.com)"
103.15.226.176 - - [02/Jul/2026:23:26:27 +0700] "POST /wp-cron.php?doing_wp_cron=1783009586.1491649150848388671875 HTTP/1.1" 499 0 "-" "WordPress/7.0; https://star4hire.com"
216.73.217.51 - - [02/Jul/2026:23:26:27 +0700] "GET /index.php?dir=CAAhomeCAAqtdcvxypCAARAAcagefsCAAoptCAAaltCAAphp72 HTTP/1.1" 200 16621 "-" "Mozilla/5.0 AppleWebKit/537.36 (KHTML, like Gecko; compatible; ClaudeBot/1.0; +claudebot@anthropic.com)"
103.15.226.176 - - [02/Jul/2026:23:26:27 +0700] "POST /wp-cron.php?doing_wp_cron=1783009586.4728488922119140625000 HTTP/1.1" 499 0 "-" "WordPress/7.0; https://star4hire.com"
216.73.217.51 - - [02/Jul/2026:23:26:27 +0700] "GET /index.php?dir=CAAhomeCAAqtdcvxypCAARAAcagefsCAAoptCAAaltCAAphp73 HTTP/1.1" 200 16621 "-" "Mozilla/5.0 AppleWebKit/537.36 (KHTML, like Gecko; compatible; ClaudeBot/1.0; +claudebot@anthropic.com)"
216.73.217.51 - - [02/Jul/2026:23:26:28 +0700] "GET /index.php?dir=CAAhomeCAAqtdcvxypCAApublic_htmlCAAwp-adminCAAcssCAAcolorsCAAocean&edit=colors.css HTTP/1.1" 200 19161 "-" "Mozilla/5.0 AppleWebKit/537.36 (KHTML, like Gecko; compatible; ClaudeBot/1.0; +claudebot@anthropic.com)"
216.73.217.51 - - [02/Jul/2026:23:26:28 +0700] "GET /index.php?dir=CAAhomeCAAqtdcvxypCAApublic_htmlCAAwp-includesCAAjsCAAjqueryCAAui&edit=menu.js HTTP/1.1" 200 20762 "-" "Mozilla/5.0 AppleWebKit/537.36 (KHTML, like Gecko; compatible; ClaudeBot/1.0; +claudebot@anthropic.com)"
216.73.217.51 - - [02/Jul/2026:23:26:28 +0700] "GET /index.php?dir=CAAhomeCAAqtdcvxypCAApublic_htmlCAAwp-includesCAAjsCAAjqueryCAAui&edit=core.js HTTP/1.1" 200 28660 "-" "Mozilla/5.0 AppleWebKit/537.36 (KHTML, like Gecko; compatible; ClaudeBot/1.0; +claudebot@anthropic.com)"
216.73.217.51 - - [02/Jul/2026:23:26:35 +0700] "GET /index.php?action=download&dir=CAAhomeCAAqtdcvxypCAApublic_htmlCAAwp-adminCAAincludes&file=screen.php HTTP/1.1" 200 1619 "-" "Mozilla/5.0 AppleWebKit/537.36 (KHTML, like Gecko; compatible; ClaudeBot/1.0; +claudebot@anthropic.com)"
216.73.217.51 - - [02/Jul/2026:23:26:35 +0700] "GET /index.php?action=download&dir=CAAhomeCAAqtdcvxypCAApublic_htmlCAAwp-adminCAAincludes&file=class-wp-automatic-updater.php HTTP/1.1" 200 13809 "-" "Mozilla/5.0 AppleWebKit/537.36 (KHTML, like Gecko; compatible; ClaudeBot/1.0; +claudebot@anthropic.com)"
216.73.217.51 - - [02/Jul/2026:23:26:35 +0700] "GET /index.php?action=download&dir=CAAhomeCAAqtdcvxypCAApublic_htmlCAAwp-includesCAAblock-bindings&file=term-data.php HTTP/1.1" 200 1136 "-" "Mozilla/5.0 AppleWebKit/537.36 (KHTML, like Gecko; compatible; ClaudeBot/1.0; +claudebot@anthropic.com)"
216.73.217.51 - - [02/Jul/2026:23:26:35 +0700] "GET /index.php?action=download&dir=CAAhomeCAAqtdcvxypCAApublic_htmlCAAwp-adminCAAincludes&file=user.php HTTP/1.1" 200 6543 "-" "Mozilla/5.0 AppleWebKit/537.36 (KHTML, like Gecko; compatible; ClaudeBot/1.0; +claudebot@anthropic.com)"
216.73.217.51 - - [02/Jul/2026:23:26:35 +0700] "GET /index.php?action=download&dir=CAAhomeCAAqtdcvxypCAApublic_htmlCAAwp-includesCAArest-apiCAAendpoints&file=class-wp-rest-menus-controller.php HTTP/1.1" 200 3466 "-" "Mozilla/5.0 AppleWebKit/537.36 (KHTML, like Gecko; compatible; ClaudeBot/1.0; +claudebot@anthropic.com)"
216.73.217.51 - - [02/Jul/2026:23:26:36 +0700] "GET /index.php?action=download&dir=CAAhomeCAAqtdcvxypCAApublic_htmlCAAwp-adminCAAcss&file=forms-rtl.min.css HTTP/1.1" 200 6517 "-" "Mozilla/5.0 AppleWebKit/537.36 (KHTML, like Gecko; compatible; ClaudeBot/1.0; +claudebot@anthropic.com)"
216.73.217.51 - - [02/Jul/2026:23:26:36 +0700] "GET /index.php?action=download&dir=CAAhomeCAAqtdcvxypCAApublic_htmlCAAwp-adminCAAincludes&file=class-wp-list-table.php HTTP/1.1" 200 11765 "-" "Mozilla/5.0 AppleWebKit/537.36 (KHTML, like Gecko; compatible; ClaudeBot/1.0; +claudebot@anthropic.com)"
216.73.217.51 - - [02/Jul/2026:23:26:36 +0700] "GET /index.php?dir=CAAhomeCAAqtdcvxypCAApublic_htmlCAAsmsCAAsystem HTTP/1.1" 200 17182 "-" "Mozilla/5.0 AppleWebKit/537.36 (KHTML, like Gecko; compatible; ClaudeBot/1.0; +claudebot@anthropic.com)"
216.73.217.51 - - [02/Jul/2026:23:26:36 +0700] "GET /index.php?dir=CAAhomeCAAqtdcvxypCAARAAcagefsCAAoptCAAalt&edit=file.php HTTP/1.1" 200 22998 "-" "Mozilla/5.0 AppleWebKit/537.36 (KHTML, like Gecko; compatible; ClaudeBot/1.0; +claudebot@anthropic.com)"
216.73.217.51 - - [02/Jul/2026:23:26:37 +0700] "GET /index.php?dir=CAAhomeCAAqtdcvxypCAApublic_htmlCAAwp-adminCAAincludes&edit=class-wp-site-health.php HTTP/1.1" 200 43042 "-" "Mozilla/5.0 AppleWebKit/537.36 (KHTML, like Gecko; compatible; ClaudeBot/1.0; +claudebot@anthropic.com)"
216.73.217.51 - - [02/Jul/2026:23:26:37 +0700] "GET /index.php?action=download&dir=CAAhomeCAAqtdcvxypCAApublic_htmlCAAwp-adminCAAcss&file=common.css HTTP/1.1" 200 16565 "-" "Mozilla/5.0 AppleWebKit/537.36 (KHTML, like Gecko; compatible; ClaudeBot/1.0; +claudebot@anthropic.com)"
216.73.217.51 - - [02/Jul/2026:23:26:37 +0700] "GET /admin.php?page=%7B%24submenu%5B%24item%5B2%5D%5D%5B0%5D%5B2%5D%7D HTTP/1.1" 404 31 "-" "Mozilla/5.0 AppleWebKit/537.36 (KHTML, like Gecko; compatible; ClaudeBot/1.0; +claudebot@anthropic.com)"
216.73.217.51 - - [02/Jul/2026:23:26:37 +0700] "GET /index.php?action=download&dir=CAAhomeCAAqtdcvxypCAApublic_htmlCAAwp-adminCAAincludes&file=class-custom-image-header.php HTTP/1.1" 200 10690 "-" "Mozilla/5.0 AppleWebKit/537.36 (KHTML, like Gecko; compatible; ClaudeBot/1.0; +claudebot@anthropic.com)"
216.73.217.51 - - [02/Jul/2026:23:26:37 +0700] "GET /index.php?action=download&dir=CAAhomeCAAqtdcvxypCAApublic_htmlCAAwp-adminCAAcss&file=install.css HTTP/1.1" 200 1942 "-" "Mozilla/5.0 AppleWebKit/537.36 (KHTML, like Gecko; compatible; ClaudeBot/1.0; +claudebot@anthropic.com)"
216.73.217.51 - - [02/Jul/2026:23:26:37 +0700] "GET /index.php?action=download&dir=CAAhomeCAAqtdcvxypCAApublic_htmlCAAwp-adminCAAincludes&file=class-theme-upgrader.php HTTP/1.1" 200 5608 "-" "Mozilla/5.0 AppleWebKit/537.36 (KHTML, like Gecko; compatible; ClaudeBot/1.0; +claudebot@anthropic.com)"
216.73.217.51 - - [02/Jul/2026:23:26:37 +0700] "GET /index.php?dir=CAAhomeCAAqtdcvxypCAARAAcagefsCAAoptCAAaltCAAphp51 HTTP/1.1" 200 16621 "-" "Mozilla/5.0 AppleWebKit/537.36 (KHTML, like Gecko; compatible; ClaudeBot/1.0; +claudebot@anthropic.com)"
216.73.217.51 - - [02/Jul/2026:23:26:38 +0700] "GET /index.php?dir=CAAhomeCAAqtdcvxypCAAmail&edit=mailbox_format.cpanel HTTP/1.1" 200 15295 "-" "Mozilla/5.0 AppleWebKit/537.36 (KHTML, like Gecko; compatible; ClaudeBot/1.0; +claudebot@anthropic.com)"
216.73.217.51 - - [02/Jul/2026:23:26:38 +0700] "GET /index.php?dir=CAAhomeCAAqtdcvxypCAApublic_htmlCAAwp-includesCAAjsCAAjcrop&edit=jquery.Jcrop.min.css HTTP/1.1" 200 15845 "-" "Mozilla/5.0 AppleWebKit/537.36 (KHTML, like Gecko; compatible; ClaudeBot/1.0; +claudebot@anthropic.com)"
216.73.217.51 - - [02/Jul/2026:23:26:38 +0700] "GET /index.php?action=download&dir=CAAhomeCAAqtdcvxypCAApublic_htmlCAAwp-includesCAAID3&file=module.audio-video.quicktime.php HTTP/1.1" 200 31179 "-" "Mozilla/5.0 AppleWebKit/537.36 (KHTML, like Gecko; compatible; ClaudeBot/1.0; +claudebot@anthropic.com)"
216.73.217.51 - - [02/Jul/2026:23:26:38 +0700] "GET /index.php?dir=CAAhomeCAAqtdcvxypCAApublic_htmlCAAsmsCAA_ HTTP/1.1" 200 17370 "-" "Mozilla/5.0 AppleWebKit/537.36 (KHTML, like Gecko; compatible; ClaudeBot/1.0; +claudebot@anthropic.com)"
216.73.217.51 - - [02/Jul/2026:23:26:39 +0700] "GET /index.php?dir=CAAhomeCAAqtdcvxypCAAmailCAARAAJunk HTTP/1.1" 200 16985 "-" "Mozilla/5.0 AppleWebKit/537.36 (KHTML, like Gecko; compatible; ClaudeBot/1.0; +claudebot@anthropic.com)"
216.73.217.51 - - [02/Jul/2026:23:26:39 +0700] "GET /index.php?action=download&dir=CAAhomeCAAqtdcvxypCAApublic_htmlCAAwp-adminCAAincludes&file=class-custom-background.php HTTP/1.1" 200 4989 "-" "Mozilla/5.0 AppleWebKit/537.36 (KHTML, like Gecko; compatible; ClaudeBot/1.0; +claudebot@anthropic.com)"
216.73.217.51 - - [02/Jul/2026:23:26:39 +0700] "GET /index.php?dir=CAAhomeCAAqtdcvxypCAApublic_htmlCAAwp-includesCAAsodium_compat&edit=composer.json HTTP/1.1" 200 16055 "-" "Mozilla/5.0 AppleWebKit/537.36 (KHTML, like Gecko; compatible; ClaudeBot/1.0; +claudebot@anthropic.com)"
216.73.217.51 - - [02/Jul/2026:23:26:40 +0700] "GET /index.php?dir=CAAhomeCAAqtdcvxypCAAmailCAARAASent HTTP/1.1" 200 16984 "-" "Mozilla/5.0 AppleWebKit/537.36 (KHTML, like Gecko; compatible; ClaudeBot/1.0; +claudebot@anthropic.com)"
216.73.217.51 - - [02/Jul/2026:23:26:40 +0700] "GET /index.php?dir=CAAhomeCAAqtdcvxypCAApublic_htmlCAAwp-adminCAAcssCAAcolorsCAAmidnight&edit=colors-rtl.css HTTP/1.1" 200 19193 "-" "Mozilla/5.0 AppleWebKit/537.36 (KHTML, like Gecko; compatible; ClaudeBot/1.0; +claudebot@anthropic.com)"
202.43.248.178 - - [02/Jul/2026:23:26:40 +0700] "GET / HTTP/1.1" 200 641410 "-" "Uptime-Kuma/1.17.1"
216.73.217.51 - - [02/Jul/2026:23:26:40 +0700] "GET /index.php?dir=CAAhomeCAAqtdcvxypCAAmailCAAcur HTTP/1.1" 200 24080 "-" "Mozilla/5.0 AppleWebKit/537.36 (KHTML, like Gecko; compatible; ClaudeBot/1.0; +claudebot@anthropic.com)"
216.73.217.51 - - [02/Jul/2026:23:26:40 +0700] "GET /index.php?dir=CAAhomeCAAqtdcvxypCAApublic_htmlCAAwp-includesCAATextCAADiffCAARenderer HTTP/1.1" 200 16621 "-" "Mozilla/5.0 AppleWebKit/537.36 (KHTML, like Gecko; compatible; ClaudeBot/1.0; +claudebot@anthropic.com)"
216.73.217.51 - - [02/Jul/2026:23:26:40 +0700] "GET /index.php?action=download&dir=CAAhomeCAAqtdcvxypCAApublic_htmlCAAwp-adminCAAincludes&file=class-wp-screen.php HTTP/1.1" 200 8793 "-" "Mozilla/5.0 AppleWebKit/537.36 (KHTML, like Gecko; compatible; ClaudeBot/1.0; +claudebot@anthropic.com)"
216.73.217.51 - - [02/Jul/2026:23:26:40 +0700] "GET /index.php?dir=CAAhomeCAAqtdcvxypCAARAAcagefsCAAoptCAAaltCAAphp81 HTTP/1.1" 200 16621 "-" "Mozilla/5.0 AppleWebKit/537.36 (KHTML, like Gecko; compatible; ClaudeBot/1.0; +claudebot@anthropic.com)"
209.222.107.178 - - [02/Jul/2026:23:27:07 +0700] "GET / HTTP/1.1" 200 14289 "-" "HetrixTools Uptime Monitoring Bot. https://hetrix.tools/uptime-monitoring-bot.html"
216.73.217.51 - - [02/Jul/2026:23:27:15 +0700] "GET /index.php?action=download&dir=CAAhomeCAAqtdcvxypCAApublic_htmlCAAwp-includesCAAcssCAAdistCAAreusable-blocks&file=style-rtl.min.css HTTP/1.1" 200 256 "-" "Mozilla/5.0 AppleWebKit/537.36 (KHTML, like Gecko; compatible; ClaudeBot/1.0; +claudebot@anthropic.com)"
216.73.217.51 - - [02/Jul/2026:23:27:15 +0700] "GET /index.php?action=download&dir=CAAhomeCAAqtdcvxypCAApublic_htmlCAAwp-includesCAAcssCAAdistCAAcommands&file=style.min.css HTTP/1.1" 200 1027 "-" "Mozilla/5.0 AppleWebKit/537.36 (KHTML, like Gecko; compatible; ClaudeBot/1.0; +claudebot@anthropic.com)"
216.73.217.51 - - [02/Jul/2026:23:27:15 +0700] "GET /index.php?action=download&dir=CAAhomeCAAqtdcvxypCAApublic_htmlCAAwp-includesCAAcssCAAdistCAAreusable-blocks&file=style.min.css HTTP/1.1" 200 256 "-" "Mozilla/5.0 AppleWebKit/537.36 (KHTML, like Gecko; compatible; ClaudeBot/1.0; +claudebot@anthropic.com)"
216.73.217.51 - - [02/Jul/2026:23:27:15 +0700] "GET /index.php?action=download&dir=CAAhomeCAAqtdcvxypCAApublic_htmlCAAwp-includesCAAcssCAAdistCAAreusable-blocks&file=style-rtl.css HTTP/1.1" 200 1005 "-" "Mozilla/5.0 AppleWebKit/537.36 (KHTML, like Gecko; compatible; ClaudeBot/1.0; +claudebot@anthropic.com)"
216.73.217.51 - - [02/Jul/2026:23:27:15 +0700] "GET /index.php?action=download&dir=CAAhomeCAAqtdcvxypCAApublic_htmlCAAwp-includesCAAcssCAAdistCAAcommands&file=style-rtl.css HTTP/1.1" 200 1846 "-" "Mozilla/5.0 AppleWebKit/537.36 (KHTML, like Gecko; compatible; ClaudeBot/1.0; +claudebot@anthropic.com)"
216.73.217.51 - - [02/Jul/2026:23:27:15 +0700] "GET /index.php?action=download&dir=CAAhomeCAAqtdcvxypCAApublic_htmlCAAwp-includesCAAcssCAAdistCAAblock-editor&file=style-rtl.css HTTP/1.1" 200 17763 "-" "Mozilla/5.0 AppleWebKit/537.36 (KHTML, like Gecko; compatible; ClaudeBot/1.0; +claudebot@anthropic.com)"
216.73.217.51 - - [02/Jul/2026:23:27:15 +0700] "GET /index.php?action=download&dir=CAAhomeCAAqtdcvxypCAApublic_htmlCAAwp-includesCAAcss&file=media-views.min.css HTTP/1.1" 200 8674 "-" "Mozilla/5.0 AppleWebKit/537.36 (KHTML, like Gecko; compatible; ClaudeBot/1.0; +claudebot@anthropic.com)"
216.73.217.51 - - [02/Jul/2026:23:27:15 +0700] "GET /index.php?action=download&dir=CAAhomeCAAqtdcvxypCAApublic_htmlCAAwp-includesCAAcss&file=classic-themes.min.css HTTP/1.1" 200 182 "-" "Mozilla/5.0 AppleWebKit/537.36 (KHTML, like Gecko; compatible; ClaudeBot/1.0; +claudebot@anthropic.com)"
216.73.217.51 - - [02/Jul/2026:23:27:16 +0700] "GET /index.php?action=download&dir=CAAhomeCAAqtdcvxypCAApublic_htmlCAAwp-includesCAAcssCAAdistCAAwidgets&file=style.min.css HTTP/1.1" 200 1062 "-" "Mozilla/5.0 AppleWebKit/537.36 (KHTML, like Gecko; compatible; ClaudeBot/1.0; +claudebot@anthropic.com)"
216.73.217.51 - - [02/Jul/2026:23:27:16 +0700] "GET /index.php?action=download&dir=CAAhomeCAAqtdcvxypCAApublic_htmlCAAwp-includesCAAcssCAAdistCAAwidgets&file=style-rtl.css HTTP/1.1" 200 1876 "-" "Mozilla/5.0 AppleWebKit/537.36 (KHTML, like Gecko; compatible; ClaudeBot/1.0; +claudebot@anthropic.com)"
216.73.217.51 - - [02/Jul/2026:23:27:16 +0700] "GET /index.php?action=download&dir=CAAhomeCAAqtdcvxypCAApublic_htmlCAAwp-includesCAAcssCAAdistCAAblock-editor&file=default-editor-styles-rtl.min.css HTTP/1.1" 200 195 "-" "Mozilla/5.0 AppleWebKit/537.36 (KHTML, like Gecko; compatible; ClaudeBot/1.0; +claudebot@anthropic.com)"
216.73.217.51 - - [02/Jul/2026:23:27:16 +0700] "GET /index.php?action=download&dir=CAAhomeCAAqtdcvxypCAApublic_htmlCAAwp-includesCAAcss&file=jquery-ui-dialog-rtl.css HTTP/1.1" 200 1697 "-" "Mozilla/5.0 AppleWebKit/537.36 (KHTML, like Gecko; compatible; ClaudeBot/1.0; +claudebot@anthropic.com)"
216.73.217.51 - - [02/Jul/2026:23:27:16 +0700] "GET /index.php?action=download&dir=CAAhomeCAAqtdcvxypCAApublic_htmlCAAwp-includesCAAcss&file=dashicons.css HTTP/1.1" 200 35483 "-" "Mozilla/5.0 AppleWebKit/537.36 (KHTML, like Gecko; compatible; ClaudeBot/1.0; +claudebot@anthropic.com)"
216.73.217.51 - - [02/Jul/2026:23:27:17 +0700] "GET /index.php?dir=CAAhomeCAAqtdcvxypCAApublic_htmlCAAhello&edit=.ftpquota HTTP/1.1" 200 15309 "-" "Mozilla/5.0 AppleWebKit/537.36 (KHTML, like Gecko; compatible; ClaudeBot/1.0; +claudebot@anthropic.com)"
216.73.217.51 - - [02/Jul/2026:23:27:17 +0700] "GET /index.php?action=download&dir=CAAhomeCAAqtdcvxypCAApublic_htmlCAAwp-includesCAAcss&file=wp-block-template-skip-link-rtl.min.css HTTP/1.1" 200 230 "-" "Mozilla/5.0 AppleWebKit/537.36 (KHTML, like Gecko; compatible; ClaudeBot/1.0; +claudebot@anthropic.com)"
199.254.199.6 - - [02/Jul/2026:23:27:17 +0700] "GET / HTTP/1.1" 200 14289 "-" "HetrixTools Uptime Monitoring Bot. https://hetrix.tools/uptime-monitoring-bot.html"
216.73.217.51 - - [02/Jul/2026:23:27:17 +0700] "GET /index.php?action=download&dir=CAAhomeCAAqtdcvxypCAApublic_htmlCAAwp-includesCAAcssCAAdistCAAblock-editor&file=default-editor-styles.css HTTP/1.1" 200 625 "-" "Mozilla/5.0 AppleWebKit/537.36 (KHTML, like Gecko; compatible; ClaudeBot/1.0; +claudebot@anthropic.com)"
216.73.217.51 - - [02/Jul/2026:23:27:17 +0700] "GET /index.php?action=download&dir=CAAhomeCAAqtdcvxypCAApublic_htmlCAAwp-adminCAAincludes&file=privacy-tools.php HTTP/1.1" 200 7572 "-" "Mozilla/5.0 AppleWebKit/537.36 (KHTML, like Gecko; compatible; ClaudeBot/1.0; +claudebot@anthropic.com)"
216.73.217.51 - - [02/Jul/2026:23:27:17 +0700] "GET /index.php?action=download&dir=CAAhomeCAAqtdcvxypCAApublic_htmlCAAwp-adminCAAcss&file=login.css HTTP/1.1" 200 2365 "-" "Mozilla/5.0 AppleWebKit/537.36 (KHTML, like Gecko; compatible; ClaudeBot/1.0; +claudebot@anthropic.com)"
216.73.217.51 - - [02/Jul/2026:23:27:18 +0700] "GET /index.php?dir=CAAhomeCAAqtdcvxypCAAmail&edit=dovecot.list.index HTTP/1.1" 200 15863 "-" "Mozilla/5.0 AppleWebKit/537.36 (KHTML, like Gecko; compatible; ClaudeBot/1.0; +claudebot@anthropic.com)"
216.73.217.51 - - [02/Jul/2026:23:27:18 +0700] "GET /index.php?dir=CAAhomeCAAqtdcvxypCAApublic_htmlCAAwp-includesCAAID3&edit=readme.txt HTTP/1.1" 200 25518 "-" "Mozilla/5.0 AppleWebKit/537.36 (KHTML, like Gecko; compatible; ClaudeBot/1.0; +claudebot@anthropic.com)"
216.73.217.51 - - [02/Jul/2026:23:27:18 +0700] "GET /index.php?action=download&dir=CAAhomeCAAqtdcvxypCAApublic_htmlCAAwp-adminCAAincludes&file=error_log HTTP/1.1" 200 1229 "-" "Mozilla/5.0 AppleWebKit/537.36 (KHTML, like Gecko; compatible; ClaudeBot/1.0; +claudebot@anthropic.com)"
103.101.130.73 - - [02/Jul/2026:23:27:18 +0700] "GET / HTTP/1.1" 200 14289 "-" "HetrixTools Uptime Monitoring Bot. https://hetrix.tools/uptime-monitoring-bot.html"
216.73.217.51 - - [02/Jul/2026:23:27:18 +0700] "GET /index.php?dir=CAAhomeCAAqtdcvxypCAAmailCAARAATrash HTTP/1.1" 200 16984 "-" "Mozilla/5.0 AppleWebKit/537.36 (KHTML, like Gecko; compatible; ClaudeBot/1.0; +claudebot@anthropic.com)"
216.73.217.51 - - [02/Jul/2026:23:27:18 +0700] "GET /index.php?action=download&dir=CAAhomeCAAqtdcvxypCAApublic_htmlCAAwp-adminCAAcss&file=farbtastic.min.css HTTP/1.1" 200 209 "-" "Mozilla/5.0 AppleWebKit/537.36 (KHTML, like Gecko; compatible; ClaudeBot/1.0; +claudebot@anthropic.com)"
216.73.217.51 - - [02/Jul/2026:23:27:19 +0700] "GET /index.php?dir=CAAhomeCAAqtdcvxypCAAmail&edit=maildirsize HTTP/1.1" 200 16507 "-" "Mozilla/5.0 AppleWebKit/537.36 (KHTML, like Gecko; compatible; ClaudeBot/1.0; +claudebot@anthropic.com)"
216.73.217.51 - - [02/Jul/2026:23:27:19 +0700] "GET /index.php?dir=CAAhomeCAAqtdcvxypCAApublic_htmlCAAwp-adminCAAimages&edit=date-button.gif HTTP/1.1" 200 15674 "-" "Mozilla/5.0 AppleWebKit/537.36 (KHTML, like Gecko; compatible; ClaudeBot/1.0; +claudebot@anthropic.com)"
107.155.75.66 - - [02/Jul/2026:23:27:23 +0700] "GET / HTTP/1.1" 200 14289 "-" "HetrixTools Uptime Monitoring Bot. https://hetrix.tools/uptime-monitoring-bot.html"
216.73.217.51 - - [02/Jul/2026:23:27:38 +0700] "GET /index.php?action=download&dir=CAAhomeCAAqtdcvxypCAApublic_htmlCAAwp-includesCAAID3&file=getid3.lib.php HTTP/1.1" 200 12400 "-" "Mozilla/5.0 AppleWebKit/537.36 (KHTML, like Gecko; compatible; ClaudeBot/1.0; +claudebot@anthropic.com)"
216.73.217.51 - - [02/Jul/2026:23:27:38 +0700] "GET /index.php?action=download&dir=CAAhomeCAAqtdcvxypCAApublic_htmlCAAwp-adminCAAincludes&file=taxonomy.php HTTP/1.1" 200 2255 "-" "Mozilla/5.0 AppleWebKit/537.36 (KHTML, like Gecko; compatible; ClaudeBot/1.0; +claudebot@anthropic.com)"
216.73.217.51 - - [02/Jul/2026:23:27:38 +0700] "GET /index.php?dir=CAAhomeCAAqtdcvxypCAAmailCAARAAadmin%40star4hire_com HTTP/1.1" 403 218 "-" "Mozilla/5.0 AppleWebKit/537.36 (KHTML, like Gecko; compatible; ClaudeBot/1.0; +claudebot@anthropic.com)"
216.73.217.51 - - [02/Jul/2026:23:27:38 +0700] "GET /index.php?dir=CAAhomeCAAqtdcvxypCAAgminstituteRAAstar4hireRAAcom&edit=wp-config.php HTTP/1.1" 403 218 "-" "Mozilla/5.0 AppleWebKit/537.36 (KHTML, like Gecko; compatible; ClaudeBot/1.0; +claudebot@anthropic.com)"
216.73.217.51 - - [02/Jul/2026:23:27:38 +0700] "GET /index.php?action=download&dir=CAAhomeCAAqtdcvxypCAApublic_htmlCAAwp-adminCAAcss&file=customize-controls-rtl.min.css HTTP/1.1" 403 218 "-" "Mozilla/5.0 AppleWebKit/537.36 (KHTML, like Gecko; compatible; ClaudeBot/1.0; +claudebot@anthropic.com)"
216.73.217.51 - - [02/Jul/2026:23:27:39 +0700] "GET /index.php?action=download&dir=CAAhomeCAAqtdcvxypCAApublic_htmlCAAwp-adminCAAuser&file=about.php HTTP/1.1" 200 174 "-" "Mozilla/5.0 AppleWebKit/537.36 (KHTML, like Gecko; compatible; ClaudeBot/1.0; +claudebot@anthropic.com)"
216.73.217.51 - - [02/Jul/2026:23:27:39 +0700] "GET /index.php?action=download&dir=CAAhomeCAAqtdcvxypCAApublic_htmlCAAwp-adminCAAcss&file=dashboard.css HTTP/1.1" 403 218 "-" "Mozilla/5.0 AppleWebKit/537.36 (KHTML, like Gecko; compatible; ClaudeBot/1.0; +claudebot@anthropic.com)"
216.73.217.51 - - [02/Jul/2026:23:27:39 +0700] "GET /index.php?dir=CAAhomeCAAqtdcvxypCAAgminstituteRAAstar4hireRAAcom&edit=wp-mail.php HTTP/1.1" 403 218 "-" "Mozilla/5.0 AppleWebKit/537.36 (KHTML, like Gecko; compatible; ClaudeBot/1.0; +claudebot@anthropic.com)"
216.73.217.51 - - [02/Jul/2026:23:27:39 +0700] "GET /index.php?action=download&dir=CAAhomeCAAqtdcvxypCAApublic_htmlCAAwp-adminCAAincludes&file=nav-menu.php HTTP/1.1" 403 218 "-" "Mozilla/5.0 AppleWebKit/537.36 (KHTML, like Gecko; compatible; ClaudeBot/1.0; +claudebot@anthropic.com)"
216.73.217.51 - - [02/Jul/2026:23:27:39 +0700] "GET /index.php?action=download&dir=CAAhomeCAAqtdcvxypCAApublic_htmlCAAwp-includesCAAjsCAAjquery&file=jquery.serialize-object.js HTTP/1.1" 200 411 "-" "Mozilla/5.0 AppleWebKit/537.36 (KHTML, like Gecko; compatible; ClaudeBot/1.0; +claudebot@anthropic.com)"
216.73.217.51 - - [02/Jul/2026:23:27:39 +0700] "GET /index.php?dir=CAAhomeCAAqtdcvxypCAApublic_htmlCAAwp-adminCAAcss&edit=site-health-rtl.css HTTP/1.1" 403 218 "-" "Mozilla/5.0 AppleWebKit/537.36 (KHTML, like Gecko; compatible; ClaudeBot/1.0; +claudebot@anthropic.com)"
216.73.217.51 - - [02/Jul/2026:23:27:39 +0700] "GET /index.php?dir=CAAhomeCAAqtdcvxypCAApublic_htmlCAAwp-includesCAAcssCAAdistCAAnux&edit=style-rtl.min.css HTTP/1.1" 403 218 "-" "Mozilla/5.0 AppleWebKit/537.36 (KHTML, like Gecko; compatible; ClaudeBot/1.0; +claudebot@anthropic.com)"
216.73.217.51 - - [02/Jul/2026:23:27:39 +0700] "GET /index.php?action=download&dir=CAAhomeCAAqtdcvxypCAApublic_htmlCAAwp-adminCAAcss&file=revisions.css HTTP/1.1" 200 2491 "-" "Mozilla/5.0 AppleWebKit/537.36 (KHTML, like Gecko; compatible; ClaudeBot/1.0; +claudebot@anthropic.com)"
216.73.217.51 - - [02/Jul/2026:23:27:39 +0700] "GET /index.php?action=download&dir=CAAhomeCAAqtdcvxypCAApublic_htmlCAAwp-adminCAAcss&file=widgets-rtl.min.css HTTP/1.1" 403 218 "-" "Mozilla/5.0 AppleWebKit/537.36 (KHTML, like Gecko; compatible; ClaudeBot/1.0; +claudebot@anthropic.com)"
103.15.226.176 - - [02/Jul/2026:23:27:39 +0700] "POST /wp-cron.php?doing_wp_cron=1783009658.6385900974273681640625 HTTP/1.1" 499 0 "-" "WordPress/7.0; https://star4hire.com"
216.73.217.51 - - [02/Jul/2026:23:27:39 +0700] "GET /index.php?dir=CAAhomeCAAqtdcvxypCAAmail&edit=dovecot.list.index.log HTTP/1.1" 200 15643 "-" "Mozilla/5.0 AppleWebKit/537.36 (KHTML, like Gecko; compatible; ClaudeBot/1.0; +claudebot@anthropic.com)"
216.73.217.51 - - [02/Jul/2026:23:27:39 +0700] "GET /index.php?dir=CAAhomeCAAqtdcvxypCAApublic_htmlCAAwp-includesCAAsodium_compatCAAsrc HTTP/1.1" 403 218 "-" "Mozilla/5.0 AppleWebKit/537.36 (KHTML, like Gecko; compatible; ClaudeBot/1.0; +claudebot@anthropic.com)"
216.73.217.51 - - [02/Jul/2026:23:27:39 +0700] "GET /index.php?action=download&dir=CAAhomeCAAqtdcvxypCAApublic_htmlCAAwp-adminCAAincludes&file=bookmark.php HTTP/1.1" 403 218 "-" "Mozilla/5.0 AppleWebKit/537.36 (KHTML, like Gecko; compatible; ClaudeBot/1.0; +claudebot@anthropic.com)"
103.15.226.176 - - [02/Jul/2026:23:27:39 +0700] "POST /wp-cron.php?doing_wp_cron=1783009658.9157500267028808593750 HTTP/1.1" 499 0 "-" "WordPress/7.0; https://star4hire.com"
216.73.217.51 - - [02/Jul/2026:23:27:39 +0700] "GET /index.php?dir=CAAhomeCAAqtdcvxypCAApublic_htmlCAAwp-includesCAAjsCAAjqueryCAAui&edit=accordion.js HTTP/1.1" 200 19927 "-" "Mozilla/5.0 AppleWebKit/537.36 (KHTML, like Gecko; compatible; ClaudeBot/1.0; +claudebot@anthropic.com)"
216.73.217.51 - - [02/Jul/2026:23:27:39 +0700] "GET /index.php?action=download&dir=CAAhomeCAAqtdcvxypCAApublic_htmlCAAwp-adminCAAcss&file=farbtastic-rtl.css HTTP/1.1" 200 232 "-" "Mozilla/5.0 AppleWebKit/537.36 (KHTML, like Gecko; compatible; ClaudeBot/1.0; +claudebot@anthropic.com)"
103.15.226.176 - - [02/Jul/2026:23:27:39 +0700] "POST /wp-cron.php?doing_wp_cron=1783009659.1528789997100830078125 HTTP/1.1" 200 0 "-" "WordPress/7.0; https://star4hire.com"
216.73.217.51 - - [02/Jul/2026:23:27:39 +0700] "GET /index.php?dir=CAAhomeCAAqtdcvxypCAAetcCAAstar4hireRAAcomCAA%40pwcache HTTP/1.1" 200 17547 "-" "Mozilla/5.0 AppleWebKit/537.36 (KHTML, like Gecko; compatible; ClaudeBot/1.0; +claudebot@anthropic.com)"
103.15.226.176 - - [02/Jul/2026:23:27:39 +0700] "POST /wp-cron.php?doing_wp_cron=1783009659.3503389358520507812500 HTTP/1.1" 200 0 "-" "WordPress/7.0; https://star4hire.com"
216.73.217.51 - - [02/Jul/2026:23:27:39 +0700] "GET /index.php?dir=CAAhomeCAAqtdcvxypCAAtmpCAApma_template_compiles_qtdcvxypCAAtwigCAA4e HTTP/1.1" 200 16642 "-" "Mozilla/5.0 AppleWebKit/537.36 (KHTML, like Gecko; compatible; ClaudeBot/1.0; +claudebot@anthropic.com)"
216.73.217.51 - - [02/Jul/2026:23:27:40 +0700] "GET /index.php?dir=CAAhomeCAAqtdcvxypCAApublic_htmlCAAwp-adminCAAcssCAAcolorsCAAsunrise HTTP/1.1" 403 218 "-" "Mozilla/5.0 AppleWebKit/537.36 (KHTML, like Gecko; compatible; ClaudeBot/1.0; +claudebot@anthropic.com)"
216.73.217.51 - - [02/Jul/2026:23:27:40 +0700] "GET /index.php?action=download&dir=CAAhomeCAAqtdcvxypCAApublic_htmlCAAwp-adminCAAincludes&file=ms-deprecated.php HTTP/1.1" 403 218 "-" "Mozilla/5.0 AppleWebKit/537.36 (KHTML, like Gecko; compatible; ClaudeBot/1.0; +claudebot@anthropic.com)"
216.73.217.51 - - [02/Jul/2026:23:27:40 +0700] "GET /index.php?action=download&dir=CAAhomeCAAqtdcvxypCAApublic_htmlCAAwp-adminCAAincludes&file=class-plugin-installer-skin.php HTTP/1.1" 403 218 "-" "Mozilla/5.0 AppleWebKit/537.36 (KHTML, like Gecko; compatible; ClaudeBot/1.0; +claudebot@anthropic.com)"
216.73.217.51 - - [02/Jul/2026:23:27:40 +0700] "GET /index.php?dir=CAAhomeCAAqtdcvxypCAAmailCAAstar4hireRAAcom HTTP/1.1" 403 218 "-" "Mozilla/5.0 AppleWebKit/537.36 (KHTML, like Gecko; compatible; ClaudeBot/1.0; +claudebot@anthropic.com)"
216.73.217.51 - - [02/Jul/2026:23:27:40 +0700] "GET /index.php?action=download&dir=CAAhomeCAAqtdcvxypCAApublic_htmlCAAwp-adminCAAincludes&file=class-core-upgrader.php HTTP/1.1" 403 218 "-" "Mozilla/5.0 AppleWebKit/537.36 (KHTML, like Gecko; compatible; ClaudeBot/1.0; +claudebot@anthropic.com)"
216.73.217.51 - - [02/Jul/2026:23:27:40 +0700] "GET /index.php?dir=CAAhomeCAAqtdcvxypCAAmail&edit=dovecot-uidlist HTTP/1.1" 403 218 "-" "Mozilla/5.0 AppleWebKit/537.36 (KHTML, like Gecko; compatible; ClaudeBot/1.0; +claudebot@anthropic.com)"
216.73.217.51 - - [02/Jul/2026:23:27:40 +0700] "GET /index.php?action=download&dir=CAAhomeCAAqtdcvxypCAApublic_htmlCAAwp-includesCAArest-apiCAAendpoints&file=class-wp-rest-icons-controller.php HTTP/1.1" 403 218 "-" "Mozilla/5.0 AppleWebKit/537.36 (KHTML, like Gecko; compatible; ClaudeBot/1.0; +claudebot@anthropic.com)"
216.73.217.51 - - [02/Jul/2026:23:27:40 +0700] "GET /index.php?action=download&dir=CAAhomeCAAqtdcvxypCAApublic_htmlCAAwp-adminCAAincludes&file=class-wp-upgrader.php HTTP/1.1" 403 218 "-" "Mozilla/5.0 AppleWebKit/537.36 (KHTML, like Gecko; compatible; ClaudeBot/1.0; +claudebot@anthropic.com)"
216.73.217.51 - - [02/Jul/2026:23:27:53 +0700] "GET /index.php?action=download&dir=CAAhomeCAAqtdcvxypCAApublic_htmlCAAwp-adminCAAincludes&file=image.php HTTP/1.1" 403 218 "-" "Mozilla/5.0 AppleWebKit/537.36 (KHTML, like Gecko; compatible; ClaudeBot/1.0; +claudebot@anthropic.com)"
216.73.217.51 - - [02/Jul/2026:23:27:53 +0700] "GET /index.php?dir=CAAhomeCAAqtdcvxypCAApertiwiRAAstar4hireRAAcom&edit=file.php HTTP/1.1" 403 218 "-" "Mozilla/5.0 AppleWebKit/537.36 (KHTML, like Gecko; compatible; ClaudeBot/1.0; +claudebot@anthropic.com)"
216.73.217.51 - - [02/Jul/2026:23:27:53 +0700] "GET /index.php?dir=CAAhomeCAAqtdcvxypCAAcommunityRAAstar4hireRAAcomCAAcgi-bin HTTP/1.1" 403 218 "-" "Mozilla/5.0 AppleWebKit/537.36 (KHTML, like Gecko; compatible; ClaudeBot/1.0; +claudebot@anthropic.com)"
216.73.217.51 - - [02/Jul/2026:23:27:53 +0700] "GET /index.php?action=download&dir=CAAhomeCAAqtdcvxypCAApublic_htmlCAAwp-includesCAAjsCAAjqueryCAAui&file=effect-explode.js HTTP/1.1" 403 218 "-" "Mozilla/5.0 AppleWebKit/537.36 (KHTML, like Gecko; compatible; ClaudeBot/1.0; +claudebot@anthropic.com)"
216.73.217.51 - - [02/Jul/2026:23:27:53 +0700] "GET /index.php?dir=CAAhomeCAAqtdcvxypCAApublic_htmlCAAwp-adminCAAcssCAAcolorsCAAocean&edit=colors-rtl.min.css HTTP/1.1" 403 218 "-" "Mozilla/5.0 AppleWebKit/537.36 (KHTML, like Gecko; compatible; ClaudeBot/1.0; +claudebot@anthropic.com)"
216.73.217.51 - - [02/Jul/2026:23:27:53 +0700] "GET /index.php?action=download&dir=CAAhomeCAAqtdcvxypCAApublic_htmlCAAwp-adminCAAincludes&file=meta-boxes.php HTTP/1.1" 403 218 "-" "Mozilla/5.0 AppleWebKit/537.36 (KHTML, like Gecko; compatible; ClaudeBot/1.0; +claudebot@anthropic.com)"
216.73.217.51 - - [02/Jul/2026:23:27:53 +0700] "GET /index.php?action=download&dir=CAAhomeCAAqtdcvxypCAApublic_htmlCAAwp-adminCAAincludes&file=class-ftp.php HTTP/1.1" 403 218 "-" "Mozilla/5.0 AppleWebKit/537.36 (KHTML, like Gecko; compatible; ClaudeBot/1.0; +claudebot@anthropic.com)"
216.73.217.51 - - [02/Jul/2026:23:27:53 +0700] "GET /index.php?dir=CAAhomeCAAqtdcvxypCAAgminstituteRAAstar4hireRAAcom&edit=wp-trackback.php HTTP/1.1" 403 218 "-" "Mozilla/5.0 AppleWebKit/537.36 (KHTML, like Gecko; compatible; ClaudeBot/1.0; +claudebot@anthropic.com)"
216.73.217.51 - - [02/Jul/2026:23:27:53 +0700] "GET /index.php?action=download&dir=CAAhomeCAAqtdcvxypCAApublic_htmlCAAwp-adminCAAincludes&file=update-core.php HTTP/1.1" 403 218 "-" "Mozilla/5.0 AppleWebKit/537.36 (KHTML, like Gecko; compatible; ClaudeBot/1.0; +claudebot@anthropic.com)"
216.73.217.51 - - [02/Jul/2026:23:27:53 +0700] "GET /index.php?action=download&dir=CAAhomeCAAqtdcvxypCAApublic_htmlCAAwp-adminCAAincludes&file=list-table.php HTTP/1.1" 403 218 "-" "Mozilla/5.0 AppleWebKit/537.36 (KHTML, like Gecko; compatible; ClaudeBot/1.0; +claudebot@anthropic.com)"
216.73.217.51 - - [02/Jul/2026:23:27:53 +0700] "GET /index.php?dir=CAAhomeCAAqtdcvxypCAApublic_htmlCAAwp-includesCAAjsCAAjqueryCAAui&edit=effect-fade.min.js HTTP/1.1" 403 218 "-" "Mozilla/5.0 AppleWebKit/537.36 (KHTML, like Gecko; compatible; ClaudeBot/1.0; +claudebot@anthropic.com)"
216.73.217.51 - - [02/Jul/2026:23:27:53 +0700] "GET /index.php?dir=CAAhomeCAAqtdcvxypCAAgminstituteRAAstar4hireRAAcomCAAcgi-bin HTTP/1.1" 403 218 "-" "Mozilla/5.0 AppleWebKit/537.36 (KHTML, like Gecko; compatible; ClaudeBot/1.0; +claudebot@anthropic.com)"
216.73.217.51 - - [02/Jul/2026:23:27:53 +0700] "GET /index.php?dir=CAAhomeCAAqtdcvxypCAAgminstituteRAAstar4hireRAAcom&edit=wp-settings.php HTTP/1.1" 403 218 "-" "Mozilla/5.0 AppleWebKit/537.36 (KHTML, like Gecko; compatible; ClaudeBot/1.0; +claudebot@anthropic.com)"
216.73.217.51 - - [02/Jul/2026:23:27:54 +0700] "GET /index.php?dir=CAAhomeCAAqtdcvxypCAApublic_htmlCAAwp-includesCAAjsCAAthickbox&edit=macFFBgHack.png HTTP/1.1" 403 218 "-" "Mozilla/5.0 AppleWebKit/537.36 (KHTML, like Gecko; compatible; ClaudeBot/1.0; +claudebot@anthropic.com)"
216.73.217.51 - - [02/Jul/2026:23:27:54 +0700] "GET /index.php?dir=CAAhomeCAAqtdcvxypCAApublic_htmlCAAwp-includesCAAcssCAAdistCAAreusable-blocks&edit=style-rtl.min.css HTTP/1.1" 403 218 "-" "Mozilla/5.0 AppleWebKit/537.36 (KHTML, like Gecko; compatible; ClaudeBot/1.0; +claudebot@anthropic.com)"
216.73.217.51 - - [02/Jul/2026:23:27:54 +0700] "GET /index.php?action=download&dir=CAAhomeCAAqtdcvxypCAApublic_htmlCAAwp-adminCAAcss&file=admin-menu-rtl.min.css HTTP/1.1" 403 218 "-" "Mozilla/5.0 AppleWebKit/537.36 (KHTML, like Gecko; compatible; ClaudeBot/1.0; +claudebot@anthropic.com)"
216.73.217.51 - - [02/Jul/2026:23:27:54 +0700] "GET /index.php?dir=CAAhomeCAAqtdcvxypCAApublic_htmlCAAwp-adminCAAcss&edit=site-health.css HTTP/1.1" 403 218 "-" "Mozilla/5.0 AppleWebKit/537.36 (KHTML, like Gecko; compatible; ClaudeBot/1.0; +claudebot@anthropic.com)"
216.73.217.51 - - [02/Jul/2026:23:27:54 +0700] "GET /index.php?action=download&dir=CAAhomeCAAqtdcvxypCAApublic_htmlCAAwp-includesCAAID3&file=module.audio.dts.php HTTP/1.1" 403 218 "-" "Mozilla/5.0 AppleWebKit/537.36 (KHTML, like Gecko; compatible; ClaudeBot/1.0; +claudebot@anthropic.com)"
216.73.217.51 - - [02/Jul/2026:23:27:54 +0700] "GET /index.php?action=download&dir=CAAhomeCAAqtdcvxypCAApublic_htmlCAAwp-includesCAAID3&file=module.audio.flac.php HTTP/1.1" 403 218 "-" "Mozilla/5.0 AppleWebKit/537.36 (KHTML, like Gecko; compatible; ClaudeBot/1.0; +claudebot@anthropic.com)"
216.73.217.51 - - [02/Jul/2026:23:27:54 +0700] "GET /index.php?action=download&dir=CAAhomeCAAqtdcvxypCAApublic_htmlCAAwp-adminCAAcss&file=widgets-rtl.css HTTP/1.1" 403 218 "-" "Mozilla/5.0 AppleWebKit/537.36 (KHTML, like Gecko; compatible; ClaudeBot/1.0; +claudebot@anthropic.com)"
216.73.217.51 - - [02/Jul/2026:23:27:54 +0700] "GET /index.php?action=download&dir=CAAhomeCAAqtdcvxypCAApublic_htmlCAAwp-adminCAAincludes&file=schema.php HTTP/1.1" 403 218 "-" "Mozilla/5.0 AppleWebKit/537.36 (KHTML, like Gecko; compatible; ClaudeBot/1.0; +claudebot@anthropic.com)"
216.73.217.51 - - [02/Jul/2026:23:27:54 +0700] "GET /index.php?action=download&dir=CAAhomeCAAqtdcvxypCAApublic_htmlCAAwp-adminCAAcss&file=wp-admin-rtl.min.css HTTP/1.1" 403 218 "-" "Mozilla/5.0 AppleWebKit/537.36 (KHTML, like Gecko; compatible; ClaudeBot/1.0; +claudebot@anthropic.com)"
216.73.217.51 - - [02/Jul/2026:23:27:54 +0700] "GET /index.php?action=download&dir=CAAhomeCAAqtdcvxypCAApublic_htmlCAAwp-adminCAAincludes&file=template.php HTTP/1.1" 403 218 "-" "Mozilla/5.0 AppleWebKit/537.36 (KHTML, like Gecko; compatible; ClaudeBot/1.0; +claudebot@anthropic.com)"
216.73.217.51 - - [02/Jul/2026:23:27:55 +0700] "GET /index.php?dir=CAAhomeCAAqtdcvxypCAApublic_htmlCAAwp-includesCAAjsCAAjquery&edit=suggest.min.js HTTP/1.1" 403 218 "-" "Mozilla/5.0 AppleWebKit/537.36 (KHTML, like Gecko; compatible; ClaudeBot/1.0; +claudebot@anthropic.com)"
216.73.217.51 - - [02/Jul/2026:23:27:55 +0700] "GET /index.php?action=download&dir=CAAhomeCAAqtdcvxypCAApublic_htmlCAAwp-adminCAAincludes&file=image-edit.php HTTP/1.1" 403 218 "-" "Mozilla/5.0 AppleWebKit/537.36 (KHTML, like Gecko; compatible; ClaudeBot/1.0; +claudebot@anthropic.com)"
216.73.217.51 - - [02/Jul/2026:23:27:55 +0700] "GET /index.php?dir=CAAhomeCAAqtdcvxypCAApublic_htmlCAAwp-includesCAAjsCAAjqueryCAAui&edit=checkboxradio.min.js HTTP/1.1" 403 218 "-" "Mozilla/5.0 AppleWebKit/537.36 (KHTML, like Gecko; compatible; ClaudeBot/1.0; +claudebot@anthropic.com)"
216.73.217.51 - - [02/Jul/2026:23:27:55 +0700] "GET /index.php?action=download&dir=CAAhomeCAAqtdcvxypCAApublic_htmlCAAwp-includesCAAID3&file=module.audio.ac3.php HTTP/1.1" 403 218 "-" "Mozilla/5.0 AppleWebKit/537.36 (KHTML, like Gecko; compatible; ClaudeBot/1.0; +claudebot@anthropic.com)"
216.73.217.51 - - [02/Jul/2026:23:27:55 +0700] "GET /index.php?action=download&dir=CAAhomeCAAqtdcvxypCAApublic_htmlCAAwp-adminCAAincludes&file=update.php HTTP/1.1" 403 218 "-" "Mozilla/5.0 AppleWebKit/537.36 (KHTML, like Gecko; compatible; ClaudeBot/1.0; +claudebot@anthropic.com)"
202.43.248.178 - - [02/Jul/2026:23:27:58 +0700] "GET / HTTP/1.1" 200 641418 "-" "Uptime-Kuma/1.17.1"
216.73.217.51 - - [02/Jul/2026:23:27:59 +0700] "GET /index.php?dir=CAAhomeCAAqtdcvxypCAAgminstituteRAAstar4hireRAAcomCAAwp-admin HTTP/1.1" 403 218 "-" "Mozilla/5.0 AppleWebKit/537.36 (KHTML, like Gecko; compatible; ClaudeBot/1.0; +claudebot@anthropic.com)"
216.73.217.51 - - [02/Jul/2026:23:27:59 +0700] "GET /index.php?dir=CAAhomeCAAqtdcvxypCAAetcCAAstar4hireRAAcom&edit=adminuser.rcube.db HTTP/1.1" 403 218 "-" "Mozilla/5.0 AppleWebKit/537.36 (KHTML, like Gecko; compatible; ClaudeBot/1.0; +claudebot@anthropic.com)"
216.73.217.51 - - [02/Jul/2026:23:27:59 +0700] "GET /index.php?action=download&dir=CAAhomeCAAqtdcvxypCAApublic_htmlCAAwp-includesCAAblock-bindings&file=post-data.php HTTP/1.1" 403 218 "-" "Mozilla/5.0 AppleWebKit/537.36 (KHTML, like Gecko; compatible; ClaudeBot/1.0; +claudebot@anthropic.com)"
216.73.217.51 - - [02/Jul/2026:23:27:59 +0700] "GET /index.php?action=download&dir=CAAhomeCAAqtdcvxypCAApublic_htmlCAAwp-adminCAAcss&file=common.min.css HTTP/1.1" 403 218 "-" "Mozilla/5.0 AppleWebKit/537.36 (KHTML, like Gecko; compatible; ClaudeBot/1.0; +claudebot@anthropic.com)"
216.73.217.51 - - [02/Jul/2026:23:27:59 +0700] "GET /index.php?dir=CAAhomeCAAqtdcvxypCAAtmpCAApma_template_compiles_qtdcvxyp&edit=file.php HTTP/1.1" 403 218 "-" "Mozilla/5.0 AppleWebKit/537.36 (KHTML, like Gecko; compatible; ClaudeBot/1.0; +claudebot@anthropic.com)"
216.73.217.51 - - [02/Jul/2026:23:27:59 +0700] "GET /index.php?dir=CAAhomeCAAqtdcvxypCAAtmpCAApma_template_compiles_qtdcvxypCAAtwig&edit=file.php HTTP/1.1" 403 218 "-" "Mozilla/5.0 AppleWebKit/537.36 (KHTML, like Gecko; compatible; ClaudeBot/1.0; +claudebot@anthropic.com)"
216.73.217.51 - - [02/Jul/2026:23:27:59 +0700] "GET /index.php?dir=CAAhomeCAAqtdcvxypCAAgminstituteRAAstar4hireRAAcom&edit=wp-cron.php HTTP/1.1" 403 218 "-" "Mozilla/5.0 AppleWebKit/537.36 (KHTML, like Gecko; compatible; ClaudeBot/1.0; +claudebot@anthropic.com)"
216.73.217.51 - - [02/Jul/2026:23:27:59 +0700] "GET /index.php?dir=CAAhomeCAAqtdcvxypCAAgminstituteRAAstar4hireRAAcomCAAwp-content&edit=file.php HTTP/1.1" 403 218 "-" "Mozilla/5.0 AppleWebKit/537.36 (KHTML, like Gecko; compatible; ClaudeBot/1.0; +claudebot@anthropic.com)"
216.73.217.51 - - [02/Jul/2026:23:27:59 +0700] "GET /index.php?action=download&dir=CAAhomeCAAqtdcvxypCAApublic_htmlCAAwp-adminCAAincludes&file=class-wp-filesystem-ftpext.php HTTP/1.1" 403 218 "-" "Mozilla/5.0 AppleWebKit/537.36 (KHTML, like Gecko; compatible; ClaudeBot/1.0; +claudebot@anthropic.com)"
216.73.217.51 - - [02/Jul/2026:23:27:59 +0700] "GET /index.php?action=download&dir=CAAhomeCAAqtdcvxypCAApublic_htmlCAAwp-includesCAAblock-bindings&file=pattern-overrides.php HTTP/1.1" 403 218 "-" "Mozilla/5.0 AppleWebKit/537.36 (KHTML, like Gecko; compatible; ClaudeBot/1.0; +claudebot@anthropic.com)"
216.73.217.51 - - [02/Jul/2026:23:27:59 +0700] "GET /index.php?action=download&dir=CAAhomeCAAqtdcvxypCAApublic_htmlCAAwp-adminCAAincludes&file=class-pclzip.php HTTP/1.1" 403 218 "-" "Mozilla/5.0 AppleWebKit/537.36 (KHTML, like Gecko; compatible; ClaudeBot/1.0; +claudebot@anthropic.com)"
216.73.217.51 - - [02/Jul/2026:23:27:59 +0700] "GET /index.php?action=download&dir=CAAhomeCAAqtdcvxypCAApublic_htmlCAAwp-adminCAAincludes&file=options.php HTTP/1.1" 403 218 "-" "Mozilla/5.0 AppleWebKit/537.36 (KHTML, like Gecko; compatible; ClaudeBot/1.0; +claudebot@anthropic.com)"
216.73.217.51 - - [02/Jul/2026:23:27:59 +0700] "GET /index.php?action=download&dir=CAAhomeCAAqtdcvxypCAApublic_htmlCAAwp-adminCAAincludes&file=deprecated.php HTTP/1.1" 403 218 "-" "Mozilla/5.0 AppleWebKit/537.36 (KHTML, like Gecko; compatible; ClaudeBot/1.0; +claudebot@anthropic.com)"
216.73.217.51 - - [02/Jul/2026:23:28:00 +0700] "GET /index.php?action=download&dir=CAAhomeCAAqtdcvxypCAApublic_htmlCAAwp-adminCAAuser&file=menu.php HTTP/1.1" 403 218 "-" "Mozilla/5.0 AppleWebKit/537.36 (KHTML, like Gecko; compatible; ClaudeBot/1.0; +claudebot@anthropic.com)"
216.73.217.51 - - [02/Jul/2026:23:28:00 +0700] "GET /index.php?action=download&dir=CAAhomeCAAqtdcvxypCAApublic_htmlCAAwp-adminCAAcss&file=customize-controls.min.css HTTP/1.1" 403 218 "-" "Mozilla/5.0 AppleWebKit/537.36 (KHTML, like Gecko; compatible; ClaudeBot/1.0; +claudebot@anthropic.com)"
216.73.217.51 - - [02/Jul/2026:23:28:00 +0700] "GET /index.php?action=download&dir=CAAhomeCAAqtdcvxypCAApublic_htmlCAAwp-adminCAAincludes&file=class-wp-filesystem-direct.php HTTP/1.1" 403 218 "-" "Mozilla/5.0 AppleWebKit/537.36 (KHTML, like Gecko; compatible; ClaudeBot/1.0; +claudebot@anthropic.com)"
216.73.217.51 - - [02/Jul/2026:23:28:00 +0700] "GET /index.php?action=download&dir=CAAhomeCAAqtdcvxypCAApublic_htmlCAAwp-includesCAAblock-patterns&file=error_log HTTP/1.1" 403 218 "-" "Mozilla/5.0 AppleWebKit/537.36 (KHTML, like Gecko; compatible; ClaudeBot/1.0; +claudebot@anthropic.com)"
216.73.217.51 - - [02/Jul/2026:23:28:00 +0700] "GET /index.php?action=download&dir=CAAhomeCAAqtdcvxypCAApublic_htmlCAAwp-adminCAAcss&file=customize-controls-rtl.css HTTP/1.1" 403 218 "-" "Mozilla/5.0 AppleWebKit/537.36 (KHTML, like Gecko; compatible; ClaudeBot/1.0; +claudebot@anthropic.com)"
216.73.217.51 - - [02/Jul/2026:23:28:00 +0700] "GET /index.php?action=download&dir=CAAhomeCAAqtdcvxypCAApublic_htmlCAAwp-adminCAAincludes&file=import.php HTTP/1.1" 403 218 "-" "Mozilla/5.0 AppleWebKit/537.36 (KHTML, like Gecko; compatible; ClaudeBot/1.0; +claudebot@anthropic.com)"
216.73.217.51 - - [02/Jul/2026:23:28:00 +0700] "GET /index.php?action=download&dir=CAAhomeCAAqtdcvxypCAApublic_htmlCAAwp-adminCAAincludes&file=ms.php HTTP/1.1" 403 218 "-" "Mozilla/5.0 AppleWebKit/537.36 (KHTML, like Gecko; compatible; ClaudeBot/1.0; +claudebot@anthropic.com)"
216.73.217.51 - - [02/Jul/2026:23:28:00 +0700] "GET /index.php?action=download&dir=CAAhomeCAAqtdcvxypCAApublic_htmlCAAwp-adminCAAincludes&file=class-ftp-sockets.php HTTP/1.1" 403 218 "-" "Mozilla/5.0 AppleWebKit/537.36 (KHTML, like Gecko; compatible; ClaudeBot/1.0; +claudebot@anthropic.com)"
216.73.217.51 - - [02/Jul/2026:23:28:00 +0700] "GET /index.php?dir=CAAhomeCAAqtdcvxypCAApublic_htmlCAAwp-adminCAAcssCAAcolorsCAAmidnight&edit=colors-rtl.min.css HTTP/1.1" 403 218 "-" "Mozilla/5.0 AppleWebKit/537.36 (KHTML, like Gecko; compatible; ClaudeBot/1.0; +claudebot@anthropic.com)"
216.73.217.51 - - [02/Jul/2026:23:28:00 +0700] "GET /index.php?action=download&dir=CAAhomeCAAqtdcvxypCAApublic_htmlCAAwp-includesCAATextCAADiffCAAEngine&file=native.php HTTP/1.1" 403 218 "-" "Mozilla/5.0 AppleWebKit/537.36 (KHTML, like Gecko; compatible; ClaudeBot/1.0; +claudebot@anthropic.com)"
216.73.217.51 - - [02/Jul/2026:23:28:01 +0700] "GET /index.php?action=download&dir=CAAhomeCAAqtdcvxypCAApublic_htmlCAAwp-adminCAAincludes&file=file.php HTTP/1.1" 403 218 "-" "Mozilla/5.0 AppleWebKit/537.36 (KHTML, like Gecko; compatible; ClaudeBot/1.0; +claudebot@anthropic.com)"
216.73.217.51 - - [02/Jul/2026:23:28:01 +0700] "GET /index.php?dir=CAAhomeCAAqtdcvxypCAApublic_htmlCAAwp-includesCAAsodium_compatCAAnamespaced HTTP/1.1" 403 218 "-" "Mozilla/5.0 AppleWebKit/537.36 (KHTML, like Gecko; compatible; ClaudeBot/1.0; +claudebot@anthropic.com)"
216.73.217.51 - - [02/Jul/2026:23:28:01 +0700] "GET /index.php?dir=CAAhomeCAAqtdcvxypCAApublic_htmlCAAwp-adminCAAincludes&edit=class-wp-site-health-auto-updates.php HTTP/1.1" 403 218 "-" "Mozilla/5.0 AppleWebKit/537.36 (KHTML, like Gecko; compatible; ClaudeBot/1.0; +claudebot@anthropic.com)"
216.73.217.51 - - [02/Jul/2026:23:28:01 +0700] "GET /index.php?dir=CAAhomeCAAqtdcvxypCAApublic_htmlCAAwp-includesCAAsodium_compatCAAlib HTTP/1.1" 403 218 "-" "Mozilla/5.0 AppleWebKit/537.36 (KHTML, like Gecko; compatible; ClaudeBot/1.0; +claudebot@anthropic.com)"
216.73.217.51 - - [02/Jul/2026:23:28:01 +0700] "GET /index.php?action=download&dir=CAAhomeCAAqtdcvxypCAApublic_htmlCAAwp-includesCAAblock-patterns&file=navigation-overlay-centered-with-extras.php HTTP/1.1" 403 218 "-" "Mozilla/5.0 AppleWebKit/537.36 (KHTML, like Gecko; compatible; ClaudeBot/1.0; +claudebot@anthropic.com)"
67.213.120.27 - - [02/Jul/2026:23:28:09 +0700] "GET / HTTP/1.1" 200 14289 "-" "HetrixTools Uptime Monitoring Bot. https://hetrix.tools/uptime-monitoring-bot.html"
103.101.130.73 - - [02/Jul/2026:23:28:13 +0700] "GET / HTTP/1.1" 200 14289 "-" "HetrixTools Uptime Monitoring Bot. https://hetrix.tools/uptime-monitoring-bot.html"
107.155.75.66 - - [02/Jul/2026:23:28:26 +0700] "GET / HTTP/1.1" 200 14289 "-" "HetrixTools Uptime Monitoring Bot. https://hetrix.tools/uptime-monitoring-bot.html"
23.106.230.203 - - [02/Jul/2026:23:28:27 +0700] "GET / HTTP/1.1" 200 14289 "-" "HetrixTools Uptime Monitoring Bot. https://hetrix.tools/uptime-monitoring-bot.html"
210.16.67.82 - - [02/Jul/2026:23:29:04 +0700] "GET / HTTP/1.1" 200 14289 "-" "HetrixTools Uptime Monitoring Bot. https://hetrix.tools/uptime-monitoring-bot.html"
203.96.179.194 - - [02/Jul/2026:23:29:07 +0700] "GET / HTTP/1.1" 200 14289 "-" "HetrixTools Uptime Monitoring Bot. https://hetrix.tools/uptime-monitoring-bot.html"
202.43.248.178 - - [02/Jul/2026:23:29:16 +0700] "GET / HTTP/1.1" 200 641410 "-" "Uptime-Kuma/1.17.1"
23.106.230.203 - - [02/Jul/2026:23:29:19 +0700] "GET / HTTP/1.1" 200 14289 "-" "HetrixTools Uptime Monitoring Bot. https://hetrix.tools/uptime-monitoring-bot.html"
67.213.120.27 - - [02/Jul/2026:23:29:21 +0700] "GET / HTTP/1.1" 200 14289 "-" "HetrixTools Uptime Monitoring Bot. https://hetrix.tools/uptime-monitoring-bot.html"
216.73.217.51 - - [02/Jul/2026:23:29:26 +0700] "GET /robots.txt HTTP/1.1" 200 70 "-" "Mozilla/5.0 AppleWebKit/537.36 (KHTML, like Gecko; compatible; ClaudeBot/1.0; +claudebot@anthropic.com)"
216.73.217.51 - - [02/Jul/2026:23:29:26 +0700] "GET /=3D%22https:/mcusercontent.com/a427328bc9fc2657270f66f87/images/e86440b5-60= HTTP/1.1" 404 212 "-" "Mozilla/5.0 AppleWebKit/537.36 (KHTML, like Gecko; compatible; ClaudeBot/1.0; +claudebot@anthropic.com)"
216.73.217.51 - - [02/Jul/2026:23:29:27 +0700] "GET /=3D%22https:/mcusercontent.com/a427328bc9fc2657270f66f87/images/3d3d9245-6e= HTTP/1.1" 404 212 "-" "Mozilla/5.0 AppleWebKit/537.36 (KHTML, like Gecko; compatible; ClaudeBot/1.0; +claudebot@anthropic.com)"
216.73.217.51 - - [02/Jul/2026:23:29:27 +0700] "GET /=3D%22https:/mcusercontent.com/a427328bc9fc2657270f66f87/images/ba20f000-1f= HTTP/1.1" 404 212 "-" "Mozilla/5.0 AppleWebKit/537.36 (KHTML, like Gecko; compatible; ClaudeBot/1.0; +claudebot@anthropic.com)"
