216.73.217.51 - - [02/Jul/2026:22:37:59 +0700] "GET /index.php?action=download&dir=CAAhomeCAAqtdcvxypCAAmailCAAnew&file=1759246572.M710767P3389900.iix3001.idcloudhost.com%2CS%3D60097%2CW%3D61431 HTTP/1.1" 200 8681 "-" "Mozilla/5.0 AppleWebKit/537.36 (KHTML, like Gecko; compatible; ClaudeBot/1.0; +claudebot@anthropic.com)"
199.254.199.6 - - [02/Jul/2026:22:38:17 +0700] "GET / HTTP/1.1" 200 14289 "-" "HetrixTools Uptime Monitoring Bot. https://hetrix.tools/uptime-monitoring-bot.html"
107.155.75.66 - - [02/Jul/2026:22:38:19 +0700] "GET / HTTP/1.1" 200 14289 "-" "HetrixTools Uptime Monitoring Bot. https://hetrix.tools/uptime-monitoring-bot.html"
203.96.179.194 - - [02/Jul/2026:22:38:22 +0700] "GET / HTTP/1.1" 200 14289 "-" "HetrixTools Uptime Monitoring Bot. https://hetrix.tools/uptime-monitoring-bot.html"
79.127.243.80 - - [02/Jul/2026:22:38:24 +0700] "GET / HTTP/1.1" 200 14289 "-" "HetrixTools Uptime Monitoring Bot. https://hetrix.tools/uptime-monitoring-bot.html"
216.73.217.51 - - [02/Jul/2026:22:38:28 +0700] "GET /index.php?action=download&dir=CAAhomeCAAqtdcvxypCAAmailCAAnew&file=1736944374.M623098P3999563.iix3001.idcloudhost.com%2CS%3D20356%2CW%3D20633 HTTP/1.1" 200 4801 "-" "Mozilla/5.0 AppleWebKit/537.36 (KHTML, like Gecko; compatible; ClaudeBot/1.0; +claudebot@anthropic.com)"
202.43.248.178 - - [02/Jul/2026:22:38:33 +0700] "GET / HTTP/1.1" 200 641412 "-" "Uptime-Kuma/1.17.1"
79.127.243.80 - - [02/Jul/2026:22:39:02 +0700] "GET / HTTP/1.1" 200 14289 "-" "HetrixTools Uptime Monitoring Bot. https://hetrix.tools/uptime-monitoring-bot.html"
210.16.67.82 - - [02/Jul/2026:22:39:08 +0700] "GET / HTTP/1.1" 200 14289 "-" "HetrixTools Uptime Monitoring Bot. https://hetrix.tools/uptime-monitoring-bot.html"
216.73.217.51 - - [02/Jul/2026:22:39:09 +0700] "GET /index.php?action=download&dir=CAAhomeCAAqtdcvxypCAAmailCAAnew&file=1736944296.M693674P3999563.iix3001.idcloudhost.com%2CS%3D20357%2CW%3D20634 HTTP/1.1" 200 4803 "-" "Mozilla/5.0 AppleWebKit/537.36 (KHTML, like Gecko; compatible; ClaudeBot/1.0; +claudebot@anthropic.com)"
139.99.169.250 - - [02/Jul/2026:22:39:21 +0700] "GET / HTTP/1.1" 200 14289 "-" "HetrixTools Uptime Monitoring Bot. https://hetrix.tools/uptime-monitoring-bot.html"
172.104.99.63 - - [02/Jul/2026:22:39:27 +0700] "GET / HTTP/1.1" 200 14289 "-" "HetrixTools Uptime Monitoring Bot. https://hetrix.tools/uptime-monitoring-bot.html"
202.43.248.178 - - [02/Jul/2026:22:39:51 +0700] "GET / HTTP/1.1" 200 641411 "-" "Uptime-Kuma/1.17.1"
23.106.120.205 - - [02/Jul/2026:22:40:03 +0700] "GET / HTTP/1.1" 200 14289 "-" "HetrixTools Uptime Monitoring Bot. https://hetrix.tools/uptime-monitoring-bot.html"
43.230.163.178 - - [02/Jul/2026:22:40:12 +0700] "GET / HTTP/1.1" 200 14289 "-" "HetrixTools Uptime Monitoring Bot. https://hetrix.tools/uptime-monitoring-bot.html"
216.73.217.51 - - [02/Jul/2026:22:40:18 +0700] "GET /3D%22https:/trk.woo.com/l= HTTP/1.1" 404 212 "-" "Mozilla/5.0 AppleWebKit/537.36 (KHTML, like Gecko; compatible; ClaudeBot/1.0; +claudebot@anthropic.com)"
216.73.217.51 - - [02/Jul/2026:22:40:18 +0700] "GET /3D%22https:/trk.woo.com/ls/= HTTP/1.1" 404 212 "-" "Mozilla/5.0 AppleWebKit/537.36 (KHTML, like Gecko; compatible; ClaudeBot/1.0; +claudebot@anthropic.com)"
216.73.217.51 - - [02/Jul/2026:22:40:18 +0700] "GET /3D%22https:/trk.woo.= HTTP/1.1" 404 212 "-" "Mozilla/5.0 AppleWebKit/537.36 (KHTML, like Gecko; compatible; ClaudeBot/1.0; +claudebot@anthropic.com)"
216.73.217.51 - - [02/Jul/2026:22:40:18 +0700] "GET /3D%22https:/wpdeveloper.us10.list-ma= HTTP/1.1" 404 212 "-" "Mozilla/5.0 AppleWebKit/537.36 (KHTML, like Gecko; compatible; ClaudeBot/1.0; +claudebot@anthropic.com)"
216.73.217.51 - - [02/Jul/2026:22:40:18 +0700] "GET /3D%22https:/wpdeveloper.us10.list-man= HTTP/1.1" 404 212 "-" "Mozilla/5.0 AppleWebKit/537.36 (KHTML, like Gecko; compatible; ClaudeBot/1.0; +claudebot@anthropic.com)"
216.73.217.51 - - [02/Jul/2026:22:40:18 +0700] "GET /3D%22https:/secure.el1= HTTP/1.1" 404 212 "-" "Mozilla/5.0 AppleWebKit/537.36 (KHTML, like Gecko; compatible; ClaudeBot/1.0; +claudebot@anthropic.com)"
216.73.217.51 - - [02/Jul/2026:22:40:18 +0700] "GET /3D%22https:/mcuserc= HTTP/1.1" 404 212 "-" "Mozilla/5.0 AppleWebKit/537.36 (KHTML, like Gecko; compatible; ClaudeBot/1.0; +claudebot@anthropic.com)"
216.73.217.51 - - [02/Jul/2026:22:40:18 +0700] "GET /3D%22https:/mcuse= HTTP/1.1" 404 212 "-" "Mozilla/5.0 AppleWebKit/537.36 (KHTML, like Gecko; compatible; ClaudeBot/1.0; +claudebot@anthropic.com)"
216.73.217.51 - - [02/Jul/2026:22:40:19 +0700] "GET /3D%22https:/t= HTTP/1.1" 404 212 "-" "Mozilla/5.0 AppleWebKit/537.36 (KHTML, like Gecko; compatible; ClaudeBot/1.0; +claudebot@anthropic.com)"
216.73.217.51 - - [02/Jul/2026:22:40:19 +0700] "GET /3D%22https:/d3k8= HTTP/1.1" 404 212 "-" "Mozilla/5.0 AppleWebKit/537.36 (KHTML, like Gecko; compatible; ClaudeBot/1.0; +claudebot@anthropic.com)"
216.73.217.51 - - [02/Jul/2026:22:40:19 +0700] "GET /3D%22https:/secure.e= HTTP/1.1" 404 212 "-" "Mozilla/5.0 AppleWebKit/537.36 (KHTML, like Gecko; compatible; ClaudeBot/1.0; +claudebot@anthropic.com)"
216.73.217.51 - - [02/Jul/2026:22:40:20 +0700] "GET /3D%22https:/secure.el1.aioseo.com/app/lindris/serve/p= HTTP/1.1" 404 212 "-" "Mozilla/5.0 AppleWebKit/537.36 (KHTML, like Gecko; compatible; ClaudeBot/1.0; +claudebot@anthropic.com)"
216.73.217.51 - - [02/Jul/2026:22:40:20 +0700] "GET /3D%22https:/trk.woo.com/ls/click?upn=3Du00%3D HTTP/1.1" 404 212 "-" "Mozilla/5.0 AppleWebKit/537.36 (KHTML, like Gecko; compatible; ClaudeBot/1.0; +claudebot@anthropic.com)"
216.73.217.51 - - [02/Jul/2026:22:40:20 +0700] "GET /3D%22https:/wpdeveloper.us10.list-manage.com/track/click?u=3Da4273%3D HTTP/1.1" 404 212 "-" "Mozilla/5.0 AppleWebKit/537.36 (KHTML, like Gecko; compatible; ClaudeBot/1.0; +claudebot@anthropic.com)"
216.73.217.51 - - [02/Jul/2026:22:40:20 +0700] "GET /3D%22https:/trk.woo.com/ls/click?upn=3Du%3D HTTP/1.1" 404 212 "-" "Mozilla/5.0 AppleWebKit/537.36 (KHTML, like Gecko; compatible; ClaudeBot/1.0; +claudebot@anthropic.com)"
216.73.217.51 - - [02/Jul/2026:22:40:20 +0700] "GET /3D%22https:/wpdeveloper.us10.list-manage.com/track/click?u=3Da4%3D HTTP/1.1" 404 212 "-" "Mozilla/5.0 AppleWebKit/537.36 (KHTML, like Gecko; compatible; ClaudeBot/1.0; +claudebot@anthropic.com)"
216.73.217.51 - - [02/Jul/2026:22:40:20 +0700] "GET /3D%22https:/mcusercontent.com/a427328bc9fc2657270f6= HTTP/1.1" 404 212 "-" "Mozilla/5.0 AppleWebKit/537.36 (KHTML, like Gecko; compatible; ClaudeBot/1.0; +claudebot@anthropic.com)"
216.73.217.51 - - [02/Jul/2026:22:40:20 +0700] "GET /3D%22https:/mcusercontent.com/a427328bc9fc26572= HTTP/1.1" 404 212 "-" "Mozilla/5.0 AppleWebKit/537.36 (KHTML, like Gecko; compatible; ClaudeBot/1.0; +claudebot@anthropic.com)"
216.73.217.51 - - [02/Jul/2026:22:40:20 +0700] "GET /3D%22https:/a.lindris.com/assets/social= HTTP/1.1" 404 212 "-" "Mozilla/5.0 AppleWebKit/537.36 (KHTML, like Gecko; compatible; ClaudeBot/1.0; +claudebot@anthropic.com)"
216.73.217.51 - - [02/Jul/2026:22:40:20 +0700] "GET /3D%22https:/wpdeveloper.us10.list-manage.com/track/c= HTTP/1.1" 404 212 "-" "Mozilla/5.0 AppleWebKit/537.36 (KHTML, like Gecko; compatible; ClaudeBot/1.0; +claudebot@anthropic.com)"
216.73.217.51 - - [02/Jul/2026:22:40:20 +0700] "GET /3D%22https:/mcusercontent.com/a427328bc9fc265= HTTP/1.1" 404 212 "-" "Mozilla/5.0 AppleWebKit/537.36 (KHTML, like Gecko; compatible; ClaudeBot/1.0; +claudebot@anthropic.com)"
216.73.217.51 - - [02/Jul/2026:22:40:20 +0700] "GET /3D%22https:/mcusercontent.com/a427328b= HTTP/1.1" 404 212 "-" "Mozilla/5.0 AppleWebKit/537.36 (KHTML, like Gecko; compatible; ClaudeBot/1.0; +claudebot@anthropic.com)"
172.241.23.225 - - [02/Jul/2026:22:40:21 +0700] "GET / HTTP/1.1" 200 14289 "-" "HetrixTools Uptime Monitoring Bot. https://hetrix.tools/uptime-monitoring-bot.html"
203.96.179.194 - - [02/Jul/2026:22:40:26 +0700] "GET / HTTP/1.1" 200 14289 "-" "HetrixTools Uptime Monitoring Bot. https://hetrix.tools/uptime-monitoring-bot.html"
216.73.217.51 - - [02/Jul/2026:22:41:04 +0700] "GET /3D%22https:/d3k81ch9hvuctc.cloudfront.net/company/VrfsGg/images/0a= HTTP/1.1" 404 212 "-" "Mozilla/5.0 AppleWebKit/537.36 (KHTML, like Gecko; compatible; ClaudeBot/1.0; +claudebot@anthropic.com)"
216.73.217.51 - - [02/Jul/2026:22:41:04 +0700] "GET /3D%22https:/trk.woo.com/ls/click?upn=3Du001.P2YZM2QDeavkPx-2Beq%3D HTTP/1.1" 404 212 "-" "Mozilla/5.0 AppleWebKit/537.36 (KHTML, like Gecko; compatible; ClaudeBot/1.0; +claudebot@anthropic.com)"
216.73.217.51 - - [02/Jul/2026:22:41:04 +0700] "GET /3D%22https:/d3k81ch9hvuctc.cloudfront.net/company/VrfsGg/images/3= HTTP/1.1" 404 212 "-" "Mozilla/5.0 AppleWebKit/537.36 (KHTML, like Gecko; compatible; ClaudeBot/1.0; +claudebot@anthropic.com)"
216.73.217.51 - - [02/Jul/2026:22:41:04 +0700] "GET /3D%22https:/trk.woo.com/ls/click?upn=3Du001.P2YZM2QDeavkPx-2B%3D HTTP/1.1" 404 212 "-" "Mozilla/5.0 AppleWebKit/537.36 (KHTML, like Gecko; compatible; ClaudeBot/1.0; +claudebot@anthropic.com)"
216.73.217.51 - - [02/Jul/2026:22:41:04 +0700] "GET /3D%22https:/trk.woo.com/ls/click?upn=3Du001.P2YZM2QDeavkPx-%3D HTTP/1.1" 404 212 "-" "Mozilla/5.0 AppleWebKit/537.36 (KHTML, like Gecko; compatible; ClaudeBot/1.0; +claudebot@anthropic.com)"
216.73.217.51 - - [02/Jul/2026:22:41:04 +0700] "GET /3D%22https:/secure.el1.aioseo.com/lt/?p=3D2fc%2F4bn%2Frs%2Fph1%3D HTTP/1.1" 404 212 "-" "Mozilla/5.0 AppleWebKit/537.36 (KHTML, like Gecko; compatible; ClaudeBot/1.0; +claudebot@anthropic.com)"
216.73.217.51 - - [02/Jul/2026:22:41:04 +0700] "GET /3D%22https:/trk.woo.com/ls/click?upn=3Du001.P2YZM2Q%3D HTTP/1.1" 404 212 "-" "Mozilla/5.0 AppleWebKit/537.36 (KHTML, like Gecko; compatible; ClaudeBot/1.0; +claudebot@anthropic.com)"
216.73.217.51 - - [02/Jul/2026:22:41:04 +0700] "GET /3D%22https:/trk.woo.com/ls/click?upn=3Du001.P2YZ%3D HTTP/1.1" 404 212 "-" "Mozilla/5.0 AppleWebKit/537.36 (KHTML, like Gecko; compatible; ClaudeBot/1.0; +claudebot@anthropic.com)"
210.16.67.82 - - [02/Jul/2026:22:41:04 +0700] "GET / HTTP/1.1" 200 14289 "-" "HetrixTools Uptime Monitoring Bot. https://hetrix.tools/uptime-monitoring-bot.html"
139.99.169.250 - - [02/Jul/2026:22:41:09 +0700] "GET / HTTP/1.1" 200 14289 "-" "HetrixTools Uptime Monitoring Bot. https://hetrix.tools/uptime-monitoring-bot.html"
202.43.248.178 - - [02/Jul/2026:22:41:09 +0700] "GET / HTTP/1.1" 200 641419 "-" "Uptime-Kuma/1.17.1"
67.213.120.27 - - [02/Jul/2026:22:41:21 +0700] "GET / HTTP/1.1" 200 14289 "-" "HetrixTools Uptime Monitoring Bot. https://hetrix.tools/uptime-monitoring-bot.html"
199.254.199.6 - - [02/Jul/2026:22:41:25 +0700] "GET / HTTP/1.1" 200 14289 "-" "HetrixTools Uptime Monitoring Bot. https://hetrix.tools/uptime-monitoring-bot.html"
216.73.217.51 - - [02/Jul/2026:22:41:26 +0700] "GET /3D%22https:/secure.el1.aioseo.com/lt/?p=3D2fc%2F4bn%2Frs%2Fph1%2Fv9%2Frs%2Fa%3D HTTP/1.1" 404 212 "-" "Mozilla/5.0 AppleWebKit/537.36 (KHTML, like Gecko; compatible; ClaudeBot/1.0; +claudebot@anthropic.com)"
216.73.217.51 - - [02/Jul/2026:22:41:26 +0700] "GET /=3D%22https:/mcusercontent.com/a427328bc9fc2657270f66f87/images/3481cb12-b4= HTTP/1.1" 404 212 "-" "Mozilla/5.0 AppleWebKit/537.36 (KHTML, like Gecko; compatible; ClaudeBot/1.0; +claudebot@anthropic.com)"
216.73.217.51 - - [02/Jul/2026:22:41:26 +0700] "GET /3D%22https:/secure.el1.aioseo.com/lt/?p=3D2u0%2F51e%2Frs%2Fph1%2Fv9%2Frs%2Fa%3D HTTP/1.1" 404 212 "-" "Mozilla/5.0 AppleWebKit/537.36 (KHTML, like Gecko; compatible; ClaudeBot/1.0; +claudebot@anthropic.com)"
216.73.217.51 - - [02/Jul/2026:22:41:26 +0700] "GET /=3D%22https:/mcusercontent.com/a427328bc9fc2657270f66f87/images/909da148-c2= HTTP/1.1" 404 212 "-" "Mozilla/5.0 AppleWebKit/537.36 (KHTML, like Gecko; compatible; ClaudeBot/1.0; +claudebot@anthropic.com)"
216.73.217.51 - - [02/Jul/2026:22:41:53 +0700] "GET /3D%22https:/secure.el1.aioseo.com/lt/?p=3D2fc%2F4bn%2Frs%2Fph1%2Fv9%2Frs%2FaHR0cHM%3D HTTP/1.1" 404 212 "-" "Mozilla/5.0 AppleWebKit/537.36 (KHTML, like Gecko; compatible; ClaudeBot/1.0; +claudebot@anthropic.com)"
209.222.107.178 - - [02/Jul/2026:22:42:05 +0700] "GET / HTTP/1.1" 200 14289 "-" "HetrixTools Uptime Monitoring Bot. https://hetrix.tools/uptime-monitoring-bot.html"
23.106.120.205 - - [02/Jul/2026:22:42:12 +0700] "GET / HTTP/1.1" 200 14289 "-" "HetrixTools Uptime Monitoring Bot. https://hetrix.tools/uptime-monitoring-bot.html"
23.106.230.203 - - [02/Jul/2026:22:42:16 +0700] "GET / HTTP/1.1" 200 14289 "-" "HetrixTools Uptime Monitoring Bot. https://hetrix.tools/uptime-monitoring-bot.html"
203.96.179.194 - - [02/Jul/2026:22:42:18 +0700] "GET / HTTP/1.1" 200 14289 "-" "HetrixTools Uptime Monitoring Bot. https://hetrix.tools/uptime-monitoring-bot.html"
202.43.248.178 - - [02/Jul/2026:22:42:27 +0700] "GET / HTTP/1.1" 200 641411 "-" "Uptime-Kuma/1.17.1"
216.73.217.51 - - [02/Jul/2026:22:42:30 +0700] "GET /3D%22https:/trk.woo.com/ls/click?upn=3Du001.P2YZM2QDeavkPx-2BeqacVI8ha0%3D HTTP/1.1" 403 218 "-" "Mozilla/5.0 AppleWebKit/537.36 (KHTML, like Gecko; compatible; ClaudeBot/1.0; +claudebot@anthropic.com)"
103.101.130.73 - - [02/Jul/2026:22:43:04 +0700] "GET / HTTP/1.1" 200 14289 "-" "HetrixTools Uptime Monitoring Bot. https://hetrix.tools/uptime-monitoring-bot.html"
23.106.230.203 - - [02/Jul/2026:22:43:10 +0700] "GET / HTTP/1.1" 200 14289 "-" "HetrixTools Uptime Monitoring Bot. https://hetrix.tools/uptime-monitoring-bot.html"
23.106.120.205 - - [02/Jul/2026:22:43:10 +0700] "GET / HTTP/1.1" 200 14289 "-" "HetrixTools Uptime Monitoring Bot. https://hetrix.tools/uptime-monitoring-bot.html"
209.222.107.178 - - [02/Jul/2026:22:43:27 +0700] "GET / HTTP/1.1" 200 14289 "-" "HetrixTools Uptime Monitoring Bot. https://hetrix.tools/uptime-monitoring-bot.html"
202.43.248.178 - - [02/Jul/2026:22:43:45 +0700] "GET / HTTP/1.1" 200 641419 "-" "Uptime-Kuma/1.17.1"
216.73.217.51 - - [02/Jul/2026:22:43:49 +0700] "GET /=3D%22https:/secure.el1.aioseo.com/lt/?p=3D2u0%2F51e%2Frs%2Fph1%2Fv9%2Frs%2FaHR0cHMlM0E%3D HTTP/1.1" 404 212 "-" "Mozilla/5.0 AppleWebKit/537.36 (KHTML, like Gecko; compatible; ClaudeBot/1.0; +claudebot@anthropic.com)"
216.73.217.51 - - [02/Jul/2026:22:44:10 +0700] "GET /=3D%22https:/trk.woo.com/ls/click?upn=3Du001.P2YZM2QDeavkPx-2BeqacVI0NKCPgqY%3D HTTP/1.1" 404 212 "-" "Mozilla/5.0 AppleWebKit/537.36 (KHTML, like Gecko; compatible; ClaudeBot/1.0; +claudebot@anthropic.com)"
210.16.67.82 - - [02/Jul/2026:22:44:12 +0700] "GET / HTTP/1.1" 200 14289 "-" "HetrixTools Uptime Monitoring Bot. https://hetrix.tools/uptime-monitoring-bot.html"
209.222.107.178 - - [02/Jul/2026:22:44:18 +0700] "GET / HTTP/1.1" 200 14289 "-" "HetrixTools Uptime Monitoring Bot. https://hetrix.tools/uptime-monitoring-bot.html"
199.254.199.6 - - [02/Jul/2026:22:44:18 +0700] "GET / HTTP/1.1" 200 14289 "-" "HetrixTools Uptime Monitoring Bot. https://hetrix.tools/uptime-monitoring-bot.html"
203.96.179.194 - - [02/Jul/2026:22:44:20 +0700] "GET / HTTP/1.1" 200 14289 "-" "HetrixTools Uptime Monitoring Bot. https://hetrix.tools/uptime-monitoring-bot.html"
202.43.248.178 - - [02/Jul/2026:22:45:03 +0700] "GET / HTTP/1.1" 200 641411 "-" "Uptime-Kuma/1.17.1"
23.106.230.203 - - [02/Jul/2026:22:45:10 +0700] "GET / HTTP/1.1" 200 14289 "-" "HetrixTools Uptime Monitoring Bot. https://hetrix.tools/uptime-monitoring-bot.html"
203.96.179.194 - - [02/Jul/2026:22:45:14 +0700] "GET / HTTP/1.1" 200 14289 "-" "HetrixTools Uptime Monitoring Bot. https://hetrix.tools/uptime-monitoring-bot.html"
23.106.120.205 - - [02/Jul/2026:22:45:20 +0700] "GET / HTTP/1.1" 200 14289 "-" "HetrixTools Uptime Monitoring Bot. https://hetrix.tools/uptime-monitoring-bot.html"
209.222.107.178 - - [02/Jul/2026:22:45:21 +0700] "GET / HTTP/1.1" 200 14289 "-" "HetrixTools Uptime Monitoring Bot. https://hetrix.tools/uptime-monitoring-bot.html"
216.73.217.51 - - [02/Jul/2026:22:45:53 +0700] "GET /=3D%22https:/mcusercontent.com/a427328bc9fc2657270f66f87/images/6b524365-81= HTTP/1.1" 404 212 "-" "Mozilla/5.0 AppleWebKit/537.36 (KHTML, like Gecko; compatible; ClaudeBot/1.0; +claudebot@anthropic.com)"
216.73.217.51 - - [02/Jul/2026:22:45:54 +0700] "GET /3D%22https:/secure.el1.aioseo.com/lt/?p=3D30s%2F5c7%2Frs%2Fph1%2Fv9%2Frs%2FaH%3D HTTP/1.1" 404 212 "-" "Mozilla/5.0 AppleWebKit/537.36 (KHTML, like Gecko; compatible; ClaudeBot/1.0; +claudebot@anthropic.com)"
216.73.217.51 - - [02/Jul/2026:22:45:54 +0700] "GET /=3D%22https:/mcusercontent.com/a427328bc9fc2657270f66f87/images/94231786-00= HTTP/1.1" 404 212 "-" "Mozilla/5.0 AppleWebKit/537.36 (KHTML, like Gecko; compatible; ClaudeBot/1.0; +claudebot@anthropic.com)"
216.73.217.51 - - [02/Jul/2026:22:45:54 +0700] "GET /3D%22https:/www.mailjet.com/images/theme/v1/icons/ico-social/youtub= HTTP/1.1" 404 212 "-" "Mozilla/5.0 AppleWebKit/537.36 (KHTML, like Gecko; compatible; ClaudeBot/1.0; +claudebot@anthropic.com)"
216.73.217.51 - - [02/Jul/2026:22:45:54 +0700] "GET /3D%22https:/t.dripemail2.com/c/eyJhbGciOiJIUzI1NiJ9.eyJ= HTTP/1.1" 404 212 "-" "Mozilla/5.0 AppleWebKit/537.36 (KHTML, like Gecko; compatible; ClaudeBot/1.0; +claudebot@anthropic.com)"
216.73.217.51 - - [02/Jul/2026:22:45:54 +0700] "GET /3D%22https:/secure.el1.aioseo.com/lt/?p=3D2qq%2F4vq%2Frs%2Fph1%2Fv9%2F%3D HTTP/1.1" 404 212 "-" "Mozilla/5.0 AppleWebKit/537.36 (KHTML, like Gecko; compatible; ClaudeBot/1.0; +claudebot@anthropic.com)"
216.73.217.51 - - [02/Jul/2026:22:45:54 +0700] "GET /=3D%22https:/mcusercontent.com/a427328bc9fc2657270f66f87/images/b3c97af9-6e= HTTP/1.1" 404 212 "-" "Mozilla/5.0 AppleWebKit/537.36 (KHTML, like Gecko; compatible; ClaudeBot/1.0; +claudebot@anthropic.com)"
216.73.217.51 - - [02/Jul/2026:22:45:54 +0700] "GET /=3D%22https:/mcusercontent.com/a427328bc9fc2657270f66f87/images/87fe8f9a-0c= HTTP/1.1" 404 212 "-" "Mozilla/5.0 AppleWebKit/537.36 (KHTML, like Gecko; compatible; ClaudeBot/1.0; +claudebot@anthropic.com)"
216.73.217.51 - - [02/Jul/2026:22:45:54 +0700] "GET /3D%22https:/ngwuk.r.ag.d.sendibm3.com/mk/un/v2/sh/7nVTPdbLJ2bPbgC= HTTP/1.1" 404 212 "-" "Mozilla/5.0 AppleWebKit/537.36 (KHTML, like Gecko; compatible; ClaudeBot/1.0; +claudebot@anthropic.com)"
216.73.217.51 - - [02/Jul/2026:22:45:54 +0700] "GET /3D%22https:/secure.el1.aioseo.com/ot/?p=3D2qr%2F4vr%2Frs%2Fph1%2Fv9%2Frs HTTP/1.1" 404 212 "-" "Mozilla/5.0 AppleWebKit/537.36 (KHTML, like Gecko; compatible; ClaudeBot/1.0; +claudebot@anthropic.com)"
216.73.217.51 - - [02/Jul/2026:22:45:54 +0700] "GET /3D%22https:/secure.el1.aioseo.com/ot/?p=3D2jj%2F4kr%2Frs%2Fph1%2Fv9%2Frs HTTP/1.1" 404 212 "-" "Mozilla/5.0 AppleWebKit/537.36 (KHTML, like Gecko; compatible; ClaudeBot/1.0; +claudebot@anthropic.com)"
216.73.217.51 - - [02/Jul/2026:22:45:54 +0700] "GET /3D%22https:/ngwuk.img.ag.d.sendibm3.com/im/sh/wAGGZykyEG44.jp= HTTP/1.1" 404 212 "-" "Mozilla/5.0 AppleWebKit/537.36 (KHTML, like Gecko; compatible; ClaudeBot/1.0; +claudebot@anthropic.com)"
216.73.217.51 - - [02/Jul/2026:22:45:54 +0700] "GET /3D%22https:/ngwuk.r.ag.d.sendibm3.com/mk/cl/f/sh/7nVU1aA2n= HTTP/1.1" 404 212 "-" "Mozilla/5.0 AppleWebKit/537.36 (KHTML, like Gecko; compatible; ClaudeBot/1.0; +claudebot@anthropic.com)"
216.73.217.51 - - [02/Jul/2026:22:45:54 +0700] "GET /3D%22https:/secure.el1.aioseo.com/ot/?p=3D2ne%2F4rp%2Frs%2Fph%3D HTTP/1.1" 404 212 "-" "Mozilla/5.0 AppleWebKit/537.36 (KHTML, like Gecko; compatible; ClaudeBot/1.0; +claudebot@anthropic.com)"
216.73.217.51 - - [02/Jul/2026:22:45:54 +0700] "GET /3D%22https:/secure.el1.aioseo.com/lt/?p=3D2ne%2F4rp%2Frs%2Fph%3D HTTP/1.1" 404 212 "-" "Mozilla/5.0 AppleWebKit/537.36 (KHTML, like Gecko; compatible; ClaudeBot/1.0; +claudebot@anthropic.com)"
216.73.217.51 - - [02/Jul/2026:22:45:54 +0700] "GET /3D%22https:/secure.el1.aioseo.com/lt/?p=3D2qq%2F4vq%2Frs%2Fph%3D HTTP/1.1" 404 212 "-" "Mozilla/5.0 AppleWebKit/537.36 (KHTML, like Gecko; compatible; ClaudeBot/1.0; +claudebot@anthropic.com)"
216.73.217.51 - - [02/Jul/2026:22:45:54 +0700] "GET /3D%22https:/a.lindris.com/01jqvgz4205xp4js3m3b5cfvd0/edito= HTTP/1.1" 404 212 "-" "Mozilla/5.0 AppleWebKit/537.36 (KHTML, like Gecko; compatible; ClaudeBot/1.0; +claudebot@anthropic.com)"
216.73.217.51 - - [02/Jul/2026:22:45:55 +0700] "GET /3D%22https:/secure.el1.aioseo.com/lt/?p=3D2qq%2F4vq%2Fr%3D HTTP/1.1" 404 212 "-" "Mozilla/5.0 AppleWebKit/537.36 (KHTML, like Gecko; compatible; ClaudeBot/1.0; +claudebot@anthropic.com)"
216.73.217.51 - - [02/Jul/2026:22:45:55 +0700] "GET /3D%22https:/secure.el1.aioseo.com/lt/?p=3D2jj%2F4kr%2Fr%3D HTTP/1.1" 404 212 "-" "Mozilla/5.0 AppleWebKit/537.36 (KHTML, like Gecko; compatible; ClaudeBot/1.0; +claudebot@anthropic.com)"
216.73.217.51 - - [02/Jul/2026:22:45:55 +0700] "GET /3D%22https:/mcusercontent.com/a427328bc9fc2657270f66f87/images/= HTTP/1.1" 404 212 "-" "Mozilla/5.0 AppleWebKit/537.36 (KHTML, like Gecko; compatible; ClaudeBot/1.0; +claudebot@anthropic.com)"
216.73.217.51 - - [02/Jul/2026:22:45:55 +0700] "GET /3D%22https:/ngwuk.r.ag.d.sendibm3.com/mk/cl/f= HTTP/1.1" 404 212 "-" "Mozilla/5.0 AppleWebKit/537.36 (KHTML, like Gecko; compatible; ClaudeBot/1.0; +claudebot@anthropic.com)"
216.73.217.51 - - [02/Jul/2026:22:45:55 +0700] "GET /3D%22https:/secure.el1.aioseo.com/lt/?p=3D2q%3D HTTP/1.1" 404 212 "-" "Mozilla/5.0 AppleWebKit/537.36 (KHTML, like Gecko; compatible; ClaudeBot/1.0; +claudebot@anthropic.com)"
216.73.217.51 - - [02/Jul/2026:22:45:55 +0700] "GET /3D%22https:/secure.el1.aioseo.com/lt/?p=3D30%3D HTTP/1.1" 404 212 "-" "Mozilla/5.0 AppleWebKit/537.36 (KHTML, like Gecko; compatible; ClaudeBot/1.0; +claudebot@anthropic.com)"
216.73.217.51 - - [02/Jul/2026:22:45:55 +0700] "GET /3D%22https:/secure.el1.aioseo.com/app/lindris/serve= HTTP/1.1" 404 212 "-" "Mozilla/5.0 AppleWebKit/537.36 (KHTML, like Gecko; compatible; ClaudeBot/1.0; +claudebot@anthropic.com)"
216.73.217.51 - - [02/Jul/2026:22:45:55 +0700] "GET /3D%22https:/secure.el1.aioseo.com/lt/?p=3D2%3D HTTP/1.1" 404 212 "-" "Mozilla/5.0 AppleWebKit/537.36 (KHTML, like Gecko; compatible; ClaudeBot/1.0; +claudebot@anthropic.com)"
216.73.217.51 - - [02/Jul/2026:22:45:55 +0700] "GET /3D%22https:/ngwuk.r.ag.d.sendibm3.com/mk/= HTTP/1.1" 404 212 "-" "Mozilla/5.0 AppleWebKit/537.36 (KHTML, like Gecko; compatible; ClaudeBot/1.0; +claudebot@anthropic.com)"
216.73.217.51 - - [02/Jul/2026:22:45:55 +0700] "GET /3D%22https:/do0ne7yeju3uz.cloudfront.net/uploads/= HTTP/1.1" 404 212 "-" "Mozilla/5.0 AppleWebKit/537.36 (KHTML, like Gecko; compatible; ClaudeBot/1.0; +claudebot@anthropic.com)"
216.73.217.51 - - [02/Jul/2026:22:45:55 +0700] "GET /3D%22https:/mcusercontent.com/a427328bc9fc265727= HTTP/1.1" 404 212 "-" "Mozilla/5.0 AppleWebKit/537.36 (KHTML, like Gecko; compatible; ClaudeBot/1.0; +claudebot@anthropic.com)"
216.73.217.51 - - [02/Jul/2026:22:45:56 +0700] "GET /3D%22https:/ngwuk.img.ag.d.sendib= HTTP/1.1" 404 212 "-" "Mozilla/5.0 AppleWebKit/537.36 (KHTML, like Gecko; compatible; ClaudeBot/1.0; +claudebot@anthropic.com)"
216.73.217.51 - - [02/Jul/2026:22:45:56 +0700] "GET /3D%22https:/ngwuk.r.ag.d.sendi= HTTP/1.1" 404 212 "-" "Mozilla/5.0 AppleWebKit/537.36 (KHTML, like Gecko; compatible; ClaudeBot/1.0; +claudebot@anthropic.com)"
216.73.217.51 - - [02/Jul/2026:22:45:56 +0700] "GET /3D%22https:/a.lindris.com/assets/soci= HTTP/1.1" 404 212 "-" "Mozilla/5.0 AppleWebKit/537.36 (KHTML, like Gecko; compatible; ClaudeBot/1.0; +claudebot@anthropic.com)"
216.73.217.51 - - [02/Jul/2026:22:45:56 +0700] "GET /3D%22https:/WPDeveloper.us10.list-manage.com/t= HTTP/1.1" 404 212 "-" "Mozilla/5.0 AppleWebKit/537.36 (KHTML, like Gecko; compatible; ClaudeBot/1.0; +claudebot@anthropic.com)"
216.73.217.51 - - [02/Jul/2026:22:45:56 +0700] "GET /3D%22https:/a.lindris.com/assets/= HTTP/1.1" 404 212 "-" "Mozilla/5.0 AppleWebKit/537.36 (KHTML, like Gecko; compatible; ClaudeBot/1.0; +claudebot@anthropic.com)"
216.73.217.51 - - [02/Jul/2026:22:45:56 +0700] "GET /3D%22https:/wpdeveloper.us10.list-manage.com/= HTTP/1.1" 403 218 "-" "Mozilla/5.0 AppleWebKit/537.36 (KHTML, like Gecko; compatible; ClaudeBot/1.0; +claudebot@anthropic.com)"
216.73.217.51 - - [02/Jul/2026:22:45:56 +0700] "GET /3D%22https:/t.dripemail2.com= HTTP/1.1" 403 218 "-" "Mozilla/5.0 AppleWebKit/537.36 (KHTML, like Gecko; compatible; ClaudeBot/1.0; +claudebot@anthropic.com)"
216.73.217.51 - - [02/Jul/2026:22:45:56 +0700] "GET /3D%22https:/a.lindris.com= HTTP/1.1" 403 218 "-" "Mozilla/5.0 AppleWebKit/537.36 (KHTML, like Gecko; compatible; ClaudeBot/1.0; +claudebot@anthropic.com)"
216.73.217.51 - - [02/Jul/2026:22:45:56 +0700] "GET /3D%22https:/ngwuk.r= HTTP/1.1" 403 218 "-" "Mozilla/5.0 AppleWebKit/537.36 (KHTML, like Gecko; compatible; ClaudeBot/1.0; +claudebot@anthropic.com)"
216.73.217.51 - - [02/Jul/2026:22:45:56 +0700] "GET /3D%22https:/t.dripemail2= HTTP/1.1" 403 218 "-" "Mozilla/5.0 AppleWebKit/537.36 (KHTML, like Gecko; compatible; ClaudeBot/1.0; +claudebot@anthropic.com)"
216.73.217.51 - - [02/Jul/2026:22:45:56 +0700] "GET /3D%22https:/a.lindr= HTTP/1.1" 403 218 "-" "Mozilla/5.0 AppleWebKit/537.36 (KHTML, like Gecko; compatible; ClaudeBot/1.0; +claudebot@anthropic.com)"
216.73.217.51 - - [02/Jul/2026:22:45:57 +0700] "GET /3D%22https:/www.= HTTP/1.1" 403 218 "-" "Mozilla/5.0 AppleWebKit/537.36 (KHTML, like Gecko; compatible; ClaudeBot/1.0; +claudebot@anthropic.com)"
216.73.217.51 - - [02/Jul/2026:22:45:57 +0700] "GET /3D%22https:/se= HTTP/1.1" 403 218 "-" "Mozilla/5.0 AppleWebKit/537.36 (KHTML, like Gecko; compatible; ClaudeBot/1.0; +claudebot@anthropic.com)"
216.73.217.51 - - [02/Jul/2026:22:45:57 +0700] "GET /3D%22https:/wp= HTTP/1.1" 403 218 "-" "Mozilla/5.0 AppleWebKit/537.36 (KHTML, like Gecko; compatible; ClaudeBot/1.0; +claudebot@anthropic.com)"
216.73.217.51 - - [02/Jul/2026:22:45:57 +0700] "GET /3D%22https:/ww= HTTP/1.1" 403 218 "-" "Mozilla/5.0 AppleWebKit/537.36 (KHTML, like Gecko; compatible; ClaudeBot/1.0; +claudebot@anthropic.com)"
216.73.217.51 - - [02/Jul/2026:22:45:57 +0700] "GET /3D%22https:/wpdevelope= HTTP/1.1" 403 218 "-" "Mozilla/5.0 AppleWebKit/537.36 (KHTML, like Gecko; compatible; ClaudeBot/1.0; +claudebot@anthropic.com)"
216.73.217.51 - - [02/Jul/2026:22:45:57 +0700] "GET /3D%22https:/wpdeveloper.us1= HTTP/1.1" 403 218 "-" "Mozilla/5.0 AppleWebKit/537.36 (KHTML, like Gecko; compatible; ClaudeBot/1.0; +claudebot@anthropic.com)"
43.230.163.178 - - [02/Jul/2026:22:46:14 +0700] "GET / HTTP/1.1" 200 14289 "-" "HetrixTools Uptime Monitoring Bot. https://hetrix.tools/uptime-monitoring-bot.html"
202.43.248.178 - - [02/Jul/2026:22:46:21 +0700] "GET / HTTP/1.1" 200 641412 "-" "Uptime-Kuma/1.17.1"
23.106.120.205 - - [02/Jul/2026:22:46:22 +0700] "GET / HTTP/1.1" 200 14289 "-" "HetrixTools Uptime Monitoring Bot. https://hetrix.tools/uptime-monitoring-bot.html"
203.96.179.194 - - [02/Jul/2026:22:46:27 +0700] "GET / HTTP/1.1" 200 14289 "-" "HetrixTools Uptime Monitoring Bot. https://hetrix.tools/uptime-monitoring-bot.html"
67.213.120.27 - - [02/Jul/2026:22:46:28 +0700] "GET / HTTP/1.1" 200 14289 "-" "HetrixTools Uptime Monitoring Bot. https://hetrix.tools/uptime-monitoring-bot.html"
66.206.13.170 - - [02/Jul/2026:22:47:07 +0700] "GET / HTTP/1.1" 200 14289 "-" "HetrixTools Uptime Monitoring Bot. https://hetrix.tools/uptime-monitoring-bot.html"
203.96.179.194 - - [02/Jul/2026:22:47:21 +0700] "GET / HTTP/1.1" 200 14289 "-" "HetrixTools Uptime Monitoring Bot. https://hetrix.tools/uptime-monitoring-bot.html"
107.155.75.66 - - [02/Jul/2026:22:47:21 +0700] "GET / HTTP/1.1" 200 14289 "-" "HetrixTools Uptime Monitoring Bot. https://hetrix.tools/uptime-monitoring-bot.html"
172.104.99.63 - - [02/Jul/2026:22:47:26 +0700] "GET / HTTP/1.1" 200 14289 "-" "HetrixTools Uptime Monitoring Bot. https://hetrix.tools/uptime-monitoring-bot.html"
202.43.248.178 - - [02/Jul/2026:22:47:39 +0700] "GET / HTTP/1.1" 200 641411 "-" "Uptime-Kuma/1.17.1"
139.99.169.250 - - [02/Jul/2026:22:48:10 +0700] "GET / HTTP/1.1" 200 14289 "-" "HetrixTools Uptime Monitoring Bot. https://hetrix.tools/uptime-monitoring-bot.html"
107.155.75.66 - - [02/Jul/2026:22:48:14 +0700] "GET / HTTP/1.1" 200 14289 "-" "HetrixTools Uptime Monitoring Bot. https://hetrix.tools/uptime-monitoring-bot.html"
79.127.243.80 - - [02/Jul/2026:22:48:26 +0700] "GET / HTTP/1.1" 200 14289 "-" "HetrixTools Uptime Monitoring Bot. https://hetrix.tools/uptime-monitoring-bot.html"
43.230.163.178 - - [02/Jul/2026:22:48:27 +0700] "GET / HTTP/1.1" 200 14289 "-" "HetrixTools Uptime Monitoring Bot. https://hetrix.tools/uptime-monitoring-bot.html"
202.43.248.178 - - [02/Jul/2026:22:48:57 +0700] "GET / HTTP/1.1" 200 641412 "-" "Uptime-Kuma/1.17.1"
66.206.13.170 - - [02/Jul/2026:22:49:09 +0700] "GET / HTTP/1.1" 200 14289 "-" "HetrixTools Uptime Monitoring Bot. https://hetrix.tools/uptime-monitoring-bot.html"
91.242.215.225 - - [02/Jul/2026:22:49:18 +0700] "GET / HTTP/1.1" 200 14289 "-" "HetrixTools Uptime Monitoring Bot. https://hetrix.tools/uptime-monitoring-bot.html"
210.16.67.82 - - [02/Jul/2026:22:49:23 +0700] "GET / HTTP/1.1" 200 14289 "-" "HetrixTools Uptime Monitoring Bot. https://hetrix.tools/uptime-monitoring-bot.html"
43.230.163.178 - - [02/Jul/2026:22:49:24 +0700] "GET / HTTP/1.1" 200 14289 "-" "HetrixTools Uptime Monitoring Bot. https://hetrix.tools/uptime-monitoring-bot.html"
103.101.130.73 - - [02/Jul/2026:22:50:12 +0700] "GET / HTTP/1.1" 200 14289 "-" "HetrixTools Uptime Monitoring Bot. https://hetrix.tools/uptime-monitoring-bot.html"
209.222.107.178 - - [02/Jul/2026:22:50:13 +0700] "GET / HTTP/1.1" 200 14289 "-" "HetrixTools Uptime Monitoring Bot. https://hetrix.tools/uptime-monitoring-bot.html"
202.43.248.178 - - [02/Jul/2026:22:50:15 +0700] "GET / HTTP/1.1" 200 641411 "-" "Uptime-Kuma/1.17.1"
107.155.75.66 - - [02/Jul/2026:22:50:16 +0700] "GET / HTTP/1.1" 200 14289 "-" "HetrixTools Uptime Monitoring Bot. https://hetrix.tools/uptime-monitoring-bot.html"
172.104.99.63 - - [02/Jul/2026:22:50:27 +0700] "GET / HTTP/1.1" 200 14289 "-" "HetrixTools Uptime Monitoring Bot. https://hetrix.tools/uptime-monitoring-bot.html"
23.106.120.205 - - [02/Jul/2026:22:51:09 +0700] "GET / HTTP/1.1" 200 14289 "-" "HetrixTools Uptime Monitoring Bot. https://hetrix.tools/uptime-monitoring-bot.html"
23.106.230.203 - - [02/Jul/2026:22:51:10 +0700] "GET / HTTP/1.1" 200 14289 "-" "HetrixTools Uptime Monitoring Bot. https://hetrix.tools/uptime-monitoring-bot.html"
66.165.247.154 - - [02/Jul/2026:22:51:21 +0700] "GET / HTTP/1.1" 200 14289 "-" "HetrixTools Uptime Monitoring Bot. https://hetrix.tools/uptime-monitoring-bot.html"
91.242.215.225 - - [02/Jul/2026:22:51:27 +0700] "GET / HTTP/1.1" 200 14289 "-" "HetrixTools Uptime Monitoring Bot. https://hetrix.tools/uptime-monitoring-bot.html"
202.43.248.178 - - [02/Jul/2026:22:51:33 +0700] "GET / HTTP/1.1" 200 641411 "-" "Uptime-Kuma/1.17.1"
209.222.107.178 - - [02/Jul/2026:22:52:08 +0700] "GET / HTTP/1.1" 200 14289 "-" "HetrixTools Uptime Monitoring Bot. https://hetrix.tools/uptime-monitoring-bot.html"
23.106.230.203 - - [02/Jul/2026:22:52:15 +0700] "GET / HTTP/1.1" 200 14289 "-" "HetrixTools Uptime Monitoring Bot. https://hetrix.tools/uptime-monitoring-bot.html"
210.16.67.82 - - [02/Jul/2026:22:52:15 +0700] "GET / HTTP/1.1" 200 14289 "-" "HetrixTools Uptime Monitoring Bot. https://hetrix.tools/uptime-monitoring-bot.html"
103.101.130.73 - - [02/Jul/2026:22:52:16 +0700] "GET / HTTP/1.1" 200 14289 "-" "HetrixTools Uptime Monitoring Bot. https://hetrix.tools/uptime-monitoring-bot.html"
202.43.248.178 - - [02/Jul/2026:22:52:51 +0700] "GET / HTTP/1.1" 200 641411 "-" "Uptime-Kuma/1.17.1"
94.154.159.133 - - [02/Jul/2026:22:53:09 +0700] "GET / HTTP/1.1" 200 14289 "-" "HetrixTools Uptime Monitoring Bot. https://hetrix.tools/uptime-monitoring-bot.html"
103.101.130.73 - - [02/Jul/2026:22:53:13 +0700] "GET / HTTP/1.1" 200 14289 "-" "HetrixTools Uptime Monitoring Bot. https://hetrix.tools/uptime-monitoring-bot.html"
199.254.199.6 - - [02/Jul/2026:22:53:22 +0700] "GET / HTTP/1.1" 200 14289 "-" "HetrixTools Uptime Monitoring Bot. https://hetrix.tools/uptime-monitoring-bot.html"
107.155.75.66 - - [02/Jul/2026:22:53:26 +0700] "GET / HTTP/1.1" 200 14289 "-" "HetrixTools Uptime Monitoring Bot. https://hetrix.tools/uptime-monitoring-bot.html"
216.244.66.202 - - [02/Jul/2026:22:53:27 +0700] "GET /robots.txt HTTP/1.1" 200 70 "-" "Mozilla/5.0 (compatible; DotBot/1.2; +https://opensiteexplorer.org/dotbot; help@moz.com)"
202.43.248.178 - - [02/Jul/2026:22:54:09 +0700] "GET / HTTP/1.1" 200 641411 "-" "Uptime-Kuma/1.17.1"
43.230.163.178 - - [02/Jul/2026:22:54:13 +0700] "GET / HTTP/1.1" 200 14289 "-" "HetrixTools Uptime Monitoring Bot. https://hetrix.tools/uptime-monitoring-bot.html"
172.241.23.225 - - [02/Jul/2026:22:54:14 +0700] "GET / HTTP/1.1" 200 14289 "-" "HetrixTools Uptime Monitoring Bot. https://hetrix.tools/uptime-monitoring-bot.html"
103.101.130.73 - - [02/Jul/2026:22:54:16 +0700] "GET / HTTP/1.1" 200 14289 "-" "HetrixTools Uptime Monitoring Bot. https://hetrix.tools/uptime-monitoring-bot.html"
210.16.67.82 - - [02/Jul/2026:22:54:19 +0700] "GET / HTTP/1.1" 200 14289 "-" "HetrixTools Uptime Monitoring Bot. https://hetrix.tools/uptime-monitoring-bot.html"
103.101.130.73 - - [02/Jul/2026:22:55:04 +0700] "GET / HTTP/1.1" 200 14289 "-" "HetrixTools Uptime Monitoring Bot. https://hetrix.tools/uptime-monitoring-bot.html"
23.106.230.203 - - [02/Jul/2026:22:55:06 +0700] "GET / HTTP/1.1" 200 14289 "-" "HetrixTools Uptime Monitoring Bot. https://hetrix.tools/uptime-monitoring-bot.html"
23.106.120.205 - - [02/Jul/2026:22:55:09 +0700] "GET / HTTP/1.1" 200 14289 "-" "HetrixTools Uptime Monitoring Bot. https://hetrix.tools/uptime-monitoring-bot.html"
94.154.159.133 - - [02/Jul/2026:22:55:22 +0700] "GET / HTTP/1.1" 200 14289 "-" "HetrixTools Uptime Monitoring Bot. https://hetrix.tools/uptime-monitoring-bot.html"
202.43.248.178 - - [02/Jul/2026:22:55:27 +0700] "GET / HTTP/1.1" 200 641411 "-" "Uptime-Kuma/1.17.1"
203.96.179.194 - - [02/Jul/2026:22:56:04 +0700] "GET / HTTP/1.1" 200 14289 "-" "HetrixTools Uptime Monitoring Bot. https://hetrix.tools/uptime-monitoring-bot.html"
23.106.230.203 - - [02/Jul/2026:22:56:09 +0700] "GET / HTTP/1.1" 200 14289 "-" "HetrixTools Uptime Monitoring Bot. https://hetrix.tools/uptime-monitoring-bot.html"
67.213.120.27 - - [02/Jul/2026:22:56:10 +0700] "GET / HTTP/1.1" 200 14289 "-" "HetrixTools Uptime Monitoring Bot. https://hetrix.tools/uptime-monitoring-bot.html"
45.76.150.238 - - [02/Jul/2026:22:56:29 +0700] "GET / HTTP/1.1" 200 14289 "-" "HetrixTools Uptime Monitoring Bot. https://hetrix.tools/uptime-monitoring-bot.html"
202.43.248.178 - - [02/Jul/2026:22:56:45 +0700] "GET / HTTP/1.1" 200 641411 "-" "Uptime-Kuma/1.17.1"
107.155.75.66 - - [02/Jul/2026:22:57:15 +0700] "GET / HTTP/1.1" 200 14289 "-" "HetrixTools Uptime Monitoring Bot. https://hetrix.tools/uptime-monitoring-bot.html"
203.96.179.194 - - [02/Jul/2026:22:57:17 +0700] "GET / HTTP/1.1" 200 14289 "-" "HetrixTools Uptime Monitoring Bot. https://hetrix.tools/uptime-monitoring-bot.html"
79.127.243.80 - - [02/Jul/2026:22:57:21 +0700] "GET / HTTP/1.1" 200 14289 "-" "HetrixTools Uptime Monitoring Bot. https://hetrix.tools/uptime-monitoring-bot.html"
43.230.163.178 - - [02/Jul/2026:22:57:26 +0700] "GET / HTTP/1.1" 200 14289 "-" "HetrixTools Uptime Monitoring Bot. https://hetrix.tools/uptime-monitoring-bot.html"
202.43.248.178 - - [02/Jul/2026:22:58:03 +0700] "GET / HTTP/1.1" 200 641411 "-" "Uptime-Kuma/1.17.1"
43.230.163.178 - - [02/Jul/2026:22:58:06 +0700] "GET / HTTP/1.1" 200 14289 "-" "HetrixTools Uptime Monitoring Bot. https://hetrix.tools/uptime-monitoring-bot.html"
91.242.215.225 - - [02/Jul/2026:22:58:09 +0700] "GET / HTTP/1.1" 200 14289 "-" "HetrixTools Uptime Monitoring Bot. https://hetrix.tools/uptime-monitoring-bot.html"
107.155.75.66 - - [02/Jul/2026:22:58:11 +0700] "GET / HTTP/1.1" 200 14289 "-" "HetrixTools Uptime Monitoring Bot. https://hetrix.tools/uptime-monitoring-bot.html"
79.127.243.80 - - [02/Jul/2026:22:58:28 +0700] "GET / HTTP/1.1" 200 14289 "-" "HetrixTools Uptime Monitoring Bot. https://hetrix.tools/uptime-monitoring-bot.html"
103.15.226.176 - - [02/Jul/2026:22:59:01 +0700] "POST /wp-cron.php?doing_wp_cron=1783007941.0934860706329345703125 HTTP/1.1" 200 0 "-" "WordPress/7.0; https://star4hire.com"
172.225.74.118 - - [02/Jul/2026:22:59:01 +0700] "GET / HTTP/1.1" 200 26837 "-" "Mozilla/5.0 (Macintosh; Intel Mac OS X 10_11_1) AppleWebKit/601.2.4 (KHTML, like Gecko) Version/9.0.1 Safari/601.2.4 facebookexternalhit/1.1 Facebot Twitterbot/1.0"
203.96.179.194 - - [02/Jul/2026:22:59:06 +0700] "GET / HTTP/1.1" 200 14289 "-" "HetrixTools Uptime Monitoring Bot. https://hetrix.tools/uptime-monitoring-bot.html"
199.254.199.6 - - [02/Jul/2026:22:59:15 +0700] "GET / HTTP/1.1" 200 14289 "-" "HetrixTools Uptime Monitoring Bot. https://hetrix.tools/uptime-monitoring-bot.html"
67.213.120.27 - - [02/Jul/2026:22:59:19 +0700] "GET / HTTP/1.1" 200 14289 "-" "HetrixTools Uptime Monitoring Bot. https://hetrix.tools/uptime-monitoring-bot.html"
202.43.248.178 - - [02/Jul/2026:22:59:21 +0700] "GET / HTTP/1.1" 200 641411 "-" "Uptime-Kuma/1.17.1"
210.16.67.82 - - [02/Jul/2026:22:59:22 +0700] "GET / HTTP/1.1" 200 14289 "-" "HetrixTools Uptime Monitoring Bot. https://hetrix.tools/uptime-monitoring-bot.html"
66.165.247.154 - - [02/Jul/2026:23:00:11 +0700] "GET / HTTP/1.1" 200 14289 "-" "HetrixTools Uptime Monitoring Bot. https://hetrix.tools/uptime-monitoring-bot.html"
210.16.67.82 - - [02/Jul/2026:23:00:16 +0700] "GET / HTTP/1.1" 200 14289 "-" "HetrixTools Uptime Monitoring Bot. https://hetrix.tools/uptime-monitoring-bot.html"
203.96.179.194 - - [02/Jul/2026:23:00:19 +0700] "GET / HTTP/1.1" 200 14289 "-" "HetrixTools Uptime Monitoring Bot. https://hetrix.tools/uptime-monitoring-bot.html"
23.106.230.203 - - [02/Jul/2026:23:00:23 +0700] "GET / HTTP/1.1" 200 14289 "-" "HetrixTools Uptime Monitoring Bot. https://hetrix.tools/uptime-monitoring-bot.html"
202.43.248.178 - - [02/Jul/2026:23:00:39 +0700] "GET / HTTP/1.1" 200 641411 "-" "Uptime-Kuma/1.17.1"
216.73.217.51 - - [02/Jul/2026:23:00:59 +0700] "GET /robots.txt HTTP/1.1" 200 70 "-" "Mozilla/5.0 AppleWebKit/537.36 (KHTML, like Gecko; compatible; ClaudeBot/1.0; +claudebot@anthropic.com)"
216.73.217.51 - - [02/Jul/2026:23:00:59 +0700] "GET /sitemap.xml HTTP/1.1" 200 306 "-" "Mozilla/5.0 AppleWebKit/537.36 (KHTML, like Gecko; compatible; ClaudeBot/1.0; +claudebot@anthropic.com)"
43.230.163.178 - - [02/Jul/2026:23:01:15 +0700] "GET / HTTP/1.1" 200 14289 "-" "HetrixTools Uptime Monitoring Bot. https://hetrix.tools/uptime-monitoring-bot.html"
66.206.13.170 - - [02/Jul/2026:23:01:19 +0700] "GET / HTTP/1.1" 200 14289 "-" "HetrixTools Uptime Monitoring Bot. https://hetrix.tools/uptime-monitoring-bot.html"
139.99.233.44 - - [02/Jul/2026:23:01:26 +0700] "GET / HTTP/1.1" 200 14289 "-" "HetrixTools Uptime Monitoring Bot. https://hetrix.tools/uptime-monitoring-bot.html"
107.155.75.66 - - [02/Jul/2026:23:01:26 +0700] "GET / HTTP/1.1" 200 14289 "-" "HetrixTools Uptime Monitoring Bot. https://hetrix.tools/uptime-monitoring-bot.html"
202.43.248.178 - - [02/Jul/2026:23:01:57 +0700] "GET / HTTP/1.1" 200 641411 "-" "Uptime-Kuma/1.17.1"
139.99.233.44 - - [02/Jul/2026:23:02:10 +0700] "GET / HTTP/1.1" 200 14289 "-" "HetrixTools Uptime Monitoring Bot. https://hetrix.tools/uptime-monitoring-bot.html"
107.155.75.66 - - [02/Jul/2026:23:02:14 +0700] "GET / HTTP/1.1" 200 14289 "-" "HetrixTools Uptime Monitoring Bot. https://hetrix.tools/uptime-monitoring-bot.html"
209.222.107.178 - - [02/Jul/2026:23:02:25 +0700] "GET / HTTP/1.1" 200 14289 "-" "HetrixTools Uptime Monitoring Bot. https://hetrix.tools/uptime-monitoring-bot.html"
23.106.230.203 - - [02/Jul/2026:23:02:27 +0700] "GET / HTTP/1.1" 200 14289 "-" "HetrixTools Uptime Monitoring Bot. https://hetrix.tools/uptime-monitoring-bot.html"
202.43.248.178 - - [02/Jul/2026:23:03:15 +0700] "GET / HTTP/1.1" 200 641411 "-" "Uptime-Kuma/1.17.1"
23.106.230.203 - - [02/Jul/2026:23:03:19 +0700] "GET / HTTP/1.1" 200 14289 "-" "HetrixTools Uptime Monitoring Bot. https://hetrix.tools/uptime-monitoring-bot.html"
66.165.247.154 - - [02/Jul/2026:23:03:20 +0700] "GET / HTTP/1.1" 200 14289 "-" "HetrixTools Uptime Monitoring Bot. https://hetrix.tools/uptime-monitoring-bot.html"
210.16.67.82 - - [02/Jul/2026:23:03:20 +0700] "GET / HTTP/1.1" 200 14289 "-" "HetrixTools Uptime Monitoring Bot. https://hetrix.tools/uptime-monitoring-bot.html"
91.242.215.225 - - [02/Jul/2026:23:03:24 +0700] "GET / HTTP/1.1" 200 14289 "-" "HetrixTools Uptime Monitoring Bot. https://hetrix.tools/uptime-monitoring-bot.html"
216.244.66.202 - - [02/Jul/2026:23:03:42 +0700] "GET /article/detail/kerap-dianggap-sama-ini-perbedaan-surat-lamaran-kerja-dan-cover-letter HTTP/1.1" 404 355 "-" "Mozilla/5.0 (compatible; DotBot/1.2; +https://opensiteexplorer.org/dotbot; help@moz.com)"
79.127.243.80 - - [02/Jul/2026:23:04:07 +0700] "GET / HTTP/1.1" 200 14289 "-" "HetrixTools Uptime Monitoring Bot. https://hetrix.tools/uptime-monitoring-bot.html"
107.155.75.66 - - [02/Jul/2026:23:04:19 +0700] "GET / HTTP/1.1" 200 14289 "-" "HetrixTools Uptime Monitoring Bot. https://hetrix.tools/uptime-monitoring-bot.html"
139.99.169.250 - - [02/Jul/2026:23:04:26 +0700] "GET / HTTP/1.1" 200 14289 "-" "HetrixTools Uptime Monitoring Bot. https://hetrix.tools/uptime-monitoring-bot.html"
199.254.199.6 - - [02/Jul/2026:23:04:27 +0700] "GET / HTTP/1.1" 200 14289 "-" "HetrixTools Uptime Monitoring Bot. https://hetrix.tools/uptime-monitoring-bot.html"
202.43.248.178 - - [02/Jul/2026:23:04:33 +0700] "GET / HTTP/1.1" 200 641419 "-" "Uptime-Kuma/1.17.1"
209.222.107.178 - - [02/Jul/2026:23:05:08 +0700] "GET / HTTP/1.1" 200 14289 "-" "HetrixTools Uptime Monitoring Bot. https://hetrix.tools/uptime-monitoring-bot.html"
23.106.120.205 - - [02/Jul/2026:23:05:18 +0700] "GET / HTTP/1.1" 200 14289 "-" "HetrixTools Uptime Monitoring Bot. https://hetrix.tools/uptime-monitoring-bot.html"
103.101.130.73 - - [02/Jul/2026:23:05:24 +0700] "GET / HTTP/1.1" 200 14289 "-" "HetrixTools Uptime Monitoring Bot. https://hetrix.tools/uptime-monitoring-bot.html"
43.230.163.178 - - [02/Jul/2026:23:05:25 +0700] "GET / HTTP/1.1" 200 14289 "-" "HetrixTools Uptime Monitoring Bot. https://hetrix.tools/uptime-monitoring-bot.html"
216.244.66.202 - - [02/Jul/2026:23:05:43 +0700] "GET /article/detail/5-alasan-kenapa-komunitas-penting-bagi-umkm-dan-jobseeker HTTP/1.1" 404 355 "-" "Mozilla/5.0 (compatible; DotBot/1.2; +https://opensiteexplorer.org/dotbot; help@moz.com)"
216.244.66.202 - - [02/Jul/2026:23:05:50 +0700] "GET /article/detail/bermimpi-jadi-public-relation-keterampilan-ini-wajib-kamu-miliki HTTP/1.1" 404 355 "-" "Mozilla/5.0 (compatible; DotBot/1.2; +https://opensiteexplorer.org/dotbot; help@moz.com)"
202.43.248.178 - - [02/Jul/2026:23:05:51 +0700] "GET / HTTP/1.1" 200 641411 "-" "Uptime-Kuma/1.17.1"
216.244.66.202 - - [02/Jul/2026:23:05:58 +0700] "GET /article/detail/keasyikan-liburan-awas-post-holiday-blues-ini-cara-mencegahnya HTTP/1.1" 404 355 "-" "Mozilla/5.0 (compatible; DotBot/1.2; +https://opensiteexplorer.org/dotbot; help@moz.com)"
216.244.66.202 - - [02/Jul/2026:23:06:04 +0700] "GET /lowongan/detil/giesecke-devrient-indonesia-customer-project-management-manager HTTP/1.1" 404 355 "-" "Mozilla/5.0 (compatible; DotBot/1.2; +https://opensiteexplorer.org/dotbot; help@moz.com)"
67.213.120.27 - - [02/Jul/2026:23:06:08 +0700] "GET / HTTP/1.1" 200 14289 "-" "HetrixTools Uptime Monitoring Bot. https://hetrix.tools/uptime-monitoring-bot.html"
203.96.179.194 - - [02/Jul/2026:23:06:10 +0700] "GET / HTTP/1.1" 200 14289 "-" "HetrixTools Uptime Monitoring Bot. https://hetrix.tools/uptime-monitoring-bot.html"
216.244.66.202 - - [02/Jul/2026:23:06:10 +0700] "GET /lowongan/detil/pt-sicepat-ekspres-indonesia-special-service-department-staff-3 HTTP/1.1" 404 355 "-" "Mozilla/5.0 (compatible; DotBot/1.2; +https://opensiteexplorer.org/dotbot; help@moz.com)"
216.244.66.202 - - [02/Jul/2026:23:06:15 +0700] "GET /lowongan/detil/pt-tekno-medicalogy-indonesia-warehouse-and-product-management HTTP/1.1" 404 355 "-" "Mozilla/5.0 (compatible; DotBot/1.2; +https://opensiteexplorer.org/dotbot; help@moz.com)"
210.16.67.82 - - [02/Jul/2026:23:06:20 +0700] "GET / HTTP/1.1" 200 14289 "-" "HetrixTools Uptime Monitoring Bot. https://hetrix.tools/uptime-monitoring-bot.html"
199.254.199.6 - - [02/Jul/2026:23:06:25 +0700] "GET / HTTP/1.1" 200 14289 "-" "HetrixTools Uptime Monitoring Bot. https://hetrix.tools/uptime-monitoring-bot.html"
79.127.243.80 - - [02/Jul/2026:23:07:06 +0700] "GET / HTTP/1.1" 200 14289 "-" "HetrixTools Uptime Monitoring Bot. https://hetrix.tools/uptime-monitoring-bot.html"
103.101.130.73 - - [02/Jul/2026:23:07:07 +0700] "GET / HTTP/1.1" 200 14289 "-" "HetrixTools Uptime Monitoring Bot. https://hetrix.tools/uptime-monitoring-bot.html"
107.155.75.66 - - [02/Jul/2026:23:07:09 +0700] "GET / HTTP/1.1" 200 14289 "-" "HetrixTools Uptime Monitoring Bot. https://hetrix.tools/uptime-monitoring-bot.html"
202.43.248.178 - - [02/Jul/2026:23:07:09 +0700] "GET / HTTP/1.1" 200 641411 "-" "Uptime-Kuma/1.17.1"
172.104.99.63 - - [02/Jul/2026:23:07:13 +0700] "GET / HTTP/1.1" 200 14289 "-" "HetrixTools Uptime Monitoring Bot. https://hetrix.tools/uptime-monitoring-bot.html"
103.101.130.73 - - [02/Jul/2026:23:08:04 +0700] "GET / HTTP/1.1" 200 14289 "-" "HetrixTools Uptime Monitoring Bot. https://hetrix.tools/uptime-monitoring-bot.html"
199.254.199.6 - - [02/Jul/2026:23:08:15 +0700] "GET / HTTP/1.1" 200 14289 "-" "HetrixTools Uptime Monitoring Bot. https://hetrix.tools/uptime-monitoring-bot.html"
79.127.243.80 - - [02/Jul/2026:23:08:16 +0700] "GET / HTTP/1.1" 200 14289 "-" "HetrixTools Uptime Monitoring Bot. https://hetrix.tools/uptime-monitoring-bot.html"
210.16.67.82 - - [02/Jul/2026:23:08:24 +0700] "GET / HTTP/1.1" 200 14289 "-" "HetrixTools Uptime Monitoring Bot. https://hetrix.tools/uptime-monitoring-bot.html"
202.43.248.178 - - [02/Jul/2026:23:08:28 +0700] "GET / HTTP/1.1" 200 641412 "-" "Uptime-Kuma/1.17.1"
172.241.23.225 - - [02/Jul/2026:23:09:04 +0700] "GET / HTTP/1.1" 200 14289 "-" "HetrixTools Uptime Monitoring Bot. https://hetrix.tools/uptime-monitoring-bot.html"
210.16.67.82 - - [02/Jul/2026:23:09:08 +0700] "GET / HTTP/1.1" 200 14289 "-" "HetrixTools Uptime Monitoring Bot. https://hetrix.tools/uptime-monitoring-bot.html"
139.99.233.44 - - [02/Jul/2026:23:09:17 +0700] "GET / HTTP/1.1" 200 14289 "-" "HetrixTools Uptime Monitoring Bot. https://hetrix.tools/uptime-monitoring-bot.html"
43.230.163.178 - - [02/Jul/2026:23:09:22 +0700] "GET / HTTP/1.1" 200 14289 "-" "HetrixTools Uptime Monitoring Bot. https://hetrix.tools/uptime-monitoring-bot.html"
202.43.248.178 - - [02/Jul/2026:23:09:46 +0700] "GET / HTTP/1.1" 200 641411 "-" "Uptime-Kuma/1.17.1"
23.106.120.205 - - [02/Jul/2026:23:10:07 +0700] "GET / HTTP/1.1" 200 14289 "-" "HetrixTools Uptime Monitoring Bot. https://hetrix.tools/uptime-monitoring-bot.html"
67.213.120.27 - - [02/Jul/2026:23:10:07 +0700] "GET / HTTP/1.1" 200 14289 "-" "HetrixTools Uptime Monitoring Bot. https://hetrix.tools/uptime-monitoring-bot.html"
199.254.199.6 - - [02/Jul/2026:23:10:22 +0700] "GET / HTTP/1.1" 200 14289 "-" "HetrixTools Uptime Monitoring Bot. https://hetrix.tools/uptime-monitoring-bot.html"
203.96.179.194 - - [02/Jul/2026:23:10:24 +0700] "GET / HTTP/1.1" 200 14289 "-" "HetrixTools Uptime Monitoring Bot. https://hetrix.tools/uptime-monitoring-bot.html"
202.43.248.178 - - [02/Jul/2026:23:11:04 +0700] "GET / HTTP/1.1" 200 641411 "-" "Uptime-Kuma/1.17.1"
23.106.230.203 - - [02/Jul/2026:23:11:11 +0700] "GET / HTTP/1.1" 200 14289 "-" "HetrixTools Uptime Monitoring Bot. https://hetrix.tools/uptime-monitoring-bot.html"
103.101.130.73 - - [02/Jul/2026:23:11:20 +0700] "GET / HTTP/1.1" 200 14289 "-" "HetrixTools Uptime Monitoring Bot. https://hetrix.tools/uptime-monitoring-bot.html"
94.154.159.133 - - [02/Jul/2026:23:11:23 +0700] "GET / HTTP/1.1" 200 14289 "-" "HetrixTools Uptime Monitoring Bot. https://hetrix.tools/uptime-monitoring-bot.html"
210.16.67.82 - - [02/Jul/2026:23:11:25 +0700] "GET / HTTP/1.1" 200 14289 "-" "HetrixTools Uptime Monitoring Bot. https://hetrix.tools/uptime-monitoring-bot.html"
45.76.202.144 - - [02/Jul/2026:23:12:05 +0700] "GET / HTTP/1.1" 200 14289 "-" "HetrixTools Uptime Monitoring Bot. https://hetrix.tools/uptime-monitoring-bot.html"
210.16.67.82 - - [02/Jul/2026:23:12:10 +0700] "GET / HTTP/1.1" 200 14289 "-" "HetrixTools Uptime Monitoring Bot. https://hetrix.tools/uptime-monitoring-bot.html"
67.213.120.27 - - [02/Jul/2026:23:12:17 +0700] "GET / HTTP/1.1" 200 14289 "-" "HetrixTools Uptime Monitoring Bot. https://hetrix.tools/uptime-monitoring-bot.html"
203.96.179.194 - - [02/Jul/2026:23:12:21 +0700] "GET / HTTP/1.1" 200 14289 "-" "HetrixTools Uptime Monitoring Bot. https://hetrix.tools/uptime-monitoring-bot.html"
202.43.248.178 - - [02/Jul/2026:23:12:22 +0700] "GET / HTTP/1.1" 200 641419 "-" "Uptime-Kuma/1.17.1"
216.73.217.51 - - [02/Jul/2026:23:13:03 +0700] "GET /robots.txt HTTP/1.1" 200 70 "-" "Mozilla/5.0 AppleWebKit/537.36 (KHTML, like Gecko; compatible; ClaudeBot/1.0; +claudebot@anthropic.com)"
67.213.120.27 - - [02/Jul/2026:23:13:11 +0700] "GET / HTTP/1.1" 200 14289 "-" "HetrixTools Uptime Monitoring Bot. https://hetrix.tools/uptime-monitoring-bot.html"
91.242.215.225 - - [02/Jul/2026:23:13:12 +0700] "GET / HTTP/1.1" 200 14289 "-" "HetrixTools Uptime Monitoring Bot. https://hetrix.tools/uptime-monitoring-bot.html"
23.106.120.205 - - [02/Jul/2026:23:13:16 +0700] "GET / HTTP/1.1" 200 14289 "-" "HetrixTools Uptime Monitoring Bot. https://hetrix.tools/uptime-monitoring-bot.html"
172.104.99.63 - - [02/Jul/2026:23:13:18 +0700] "GET / HTTP/1.1" 200 14289 "-" "HetrixTools Uptime Monitoring Bot. https://hetrix.tools/uptime-monitoring-bot.html"
216.73.217.51 - - [02/Jul/2026:23:13:26 +0700] "GET /wp-includes/sitemaps/file.php?dir=CAAhomeCAAqtdcvxypCAApublic_htmlCAAwp-includes&edit=feed-atom.php HTTP/1.1" 200 4176 "-" "Mozilla/5.0 AppleWebKit/537.36 (KHTML, like Gecko; compatible; ClaudeBot/1.0; +claudebot@anthropic.com)"
216.73.217.51 - - [02/Jul/2026:23:13:26 +0700] "GET /wp-includes/sitemaps/file.php?dir=CAAhomeCAAqtdcvxypCAApublic_htmlCAAwp-includes&edit=wp-db.php HTTP/1.1" 200 3265 "-" "Mozilla/5.0 AppleWebKit/537.36 (KHTML, like Gecko; compatible; ClaudeBot/1.0; +claudebot@anthropic.com)"
