47.128.122.43 - - [03/Jul/2026:01:18:29 +0700] "GET /index.php?edit=post-comments-link.php HTTP/1.1" 403 218 "-" "Mozilla/5.0 (Linux; Android 5.0) AppleWebKit/537.36 (KHTML, like Gecko) Mobile Safari/537.36 (compatible; Bytespider; spider-feedback@bytedance.com)"
202.43.248.178 - - [03/Jul/2026:01:18:29 +0700] "GET / HTTP/1.1" 200 641411 "-" "Uptime-Kuma/1.17.1"
209.222.107.178 - - [03/Jul/2026:01:19:06 +0700] "GET / HTTP/1.1" 200 14289 "-" "HetrixTools Uptime Monitoring Bot. https://hetrix.tools/uptime-monitoring-bot.html"
43.230.163.178 - - [03/Jul/2026:01:19:14 +0700] "GET / HTTP/1.1" 200 14289 "-" "HetrixTools Uptime Monitoring Bot. https://hetrix.tools/uptime-monitoring-bot.html"
203.96.179.194 - - [03/Jul/2026:01:19:15 +0700] "GET / HTTP/1.1" 200 14289 "-" "HetrixTools Uptime Monitoring Bot. https://hetrix.tools/uptime-monitoring-bot.html"
23.106.120.205 - - [03/Jul/2026:01:19:26 +0700] "GET / HTTP/1.1" 200 14289 "-" "HetrixTools Uptime Monitoring Bot. https://hetrix.tools/uptime-monitoring-bot.html"
114.119.135.193 - - [03/Jul/2026:01:19:37 +0700] "GET /article/detail/e-karir-festival-career-in-ict-era HTTP/1.1" 404 212 "https://www.star4hire.com/tips_karir/kategori/pembekalan-karir/12/312" "Mozilla/5.0 (Linux; Android 7.0;) AppleWebKit/537.36 (HTML, like Gecko) Mobile Safari/537.36 (compatible; PetalBot;+https://webmaster.petalsearch.com/site/petalbot)"
202.43.248.178 - - [03/Jul/2026:01:19:47 +0700] "GET / HTTP/1.1" 200 641418 "-" "Uptime-Kuma/1.17.1"
94.154.159.133 - - [03/Jul/2026:01:20:03 +0700] "GET / HTTP/1.1" 200 14289 "-" "HetrixTools Uptime Monitoring Bot. https://hetrix.tools/uptime-monitoring-bot.html"
203.96.179.194 - - [03/Jul/2026:01:20:04 +0700] "GET / HTTP/1.1" 200 14289 "-" "HetrixTools Uptime Monitoring Bot. https://hetrix.tools/uptime-monitoring-bot.html"
210.16.67.82 - - [03/Jul/2026:01:20:09 +0700] "GET / HTTP/1.1" 200 14289 "-" "HetrixTools Uptime Monitoring Bot. https://hetrix.tools/uptime-monitoring-bot.html"
172.104.99.63 - - [03/Jul/2026:01:20:19 +0700] "GET / HTTP/1.1" 200 14289 "-" "HetrixTools Uptime Monitoring Bot. https://hetrix.tools/uptime-monitoring-bot.html"
114.119.135.193 - - [03/Jul/2026:01:21:00 +0700] "GET /jobseeker/job_vacancy/add_favorit/17287676106396ba116a0c8 HTTP/1.1" 404 212 "https://www.star4hire.com/lowongan/detil/cahaya-riau-mandiri-jakarta-operator-bulldozer" "Mozilla/5.0 (Linux; Android 7.0;) AppleWebKit/537.36 (HTML, like Gecko) Mobile Safari/537.36 (compatible; PetalBot;+https://webmaster.petalsearch.com/site/petalbot)"
67.213.120.27 - - [03/Jul/2026:01:21:03 +0700] "GET / HTTP/1.1" 200 14289 "-" "HetrixTools Uptime Monitoring Bot. https://hetrix.tools/uptime-monitoring-bot.html"
202.43.248.178 - - [03/Jul/2026:01:21:05 +0700] "GET / HTTP/1.1" 200 641411 "-" "Uptime-Kuma/1.17.1"
199.254.199.6 - - [03/Jul/2026:01:21:18 +0700] "GET / HTTP/1.1" 200 14289 "-" "HetrixTools Uptime Monitoring Bot. https://hetrix.tools/uptime-monitoring-bot.html"
139.99.169.250 - - [03/Jul/2026:01:21:21 +0700] "GET / HTTP/1.1" 200 14289 "-" "HetrixTools Uptime Monitoring Bot. https://hetrix.tools/uptime-monitoring-bot.html"
23.106.120.205 - - [03/Jul/2026:01:21:24 +0700] "GET / HTTP/1.1" 200 14289 "-" "HetrixTools Uptime Monitoring Bot. https://hetrix.tools/uptime-monitoring-bot.html"
51.161.65.46 - - [03/Jul/2026:01:21:30 +0700] "GET /sitemap.xml HTTP/1.1" 200 306 "-" "Mozilla/5.0 (compatible; AhrefsBot/7.0; +http://ahrefs.com/robot/)"
103.101.130.73 - - [03/Jul/2026:01:22:12 +0700] "GET / HTTP/1.1" 200 14289 "-" "HetrixTools Uptime Monitoring Bot. https://hetrix.tools/uptime-monitoring-bot.html"
66.206.13.170 - - [03/Jul/2026:01:22:17 +0700] "GET / HTTP/1.1" 200 14289 "-" "HetrixTools Uptime Monitoring Bot. https://hetrix.tools/uptime-monitoring-bot.html"
43.230.163.178 - - [03/Jul/2026:01:22:18 +0700] "GET / HTTP/1.1" 200 14289 "-" "HetrixTools Uptime Monitoring Bot. https://hetrix.tools/uptime-monitoring-bot.html"
107.155.75.66 - - [03/Jul/2026:01:22:19 +0700] "GET / HTTP/1.1" 200 14289 "-" "HetrixTools Uptime Monitoring Bot. https://hetrix.tools/uptime-monitoring-bot.html"
202.43.248.178 - - [03/Jul/2026:01:22:23 +0700] "GET / HTTP/1.1" 200 641418 "-" "Uptime-Kuma/1.17.1"
114.119.150.210 - - [03/Jul/2026:01:22:32 +0700] "GET /home/apply_job/87528231862bb16c186c9a HTTP/1.1" 404 212 "https://www.star4hire.com/jobseeker/job_vacancy/apply_job/3703292436213a2f334343" "Mozilla/5.0 (Linux; Android 7.0;) AppleWebKit/537.36 (HTML, like Gecko) Mobile Safari/537.36 (compatible; PetalBot;+https://webmaster.petalsearch.com/site/petalbot)"
172.104.99.63 - - [03/Jul/2026:01:23:21 +0700] "GET / HTTP/1.1" 200 14289 "-" "HetrixTools Uptime Monitoring Bot. https://hetrix.tools/uptime-monitoring-bot.html"
172.241.23.225 - - [03/Jul/2026:01:23:22 +0700] "GET / HTTP/1.1" 200 14289 "-" "HetrixTools Uptime Monitoring Bot. https://hetrix.tools/uptime-monitoring-bot.html"
103.101.130.73 - - [03/Jul/2026:01:23:23 +0700] "GET / HTTP/1.1" 200 14289 "-" "HetrixTools Uptime Monitoring Bot. https://hetrix.tools/uptime-monitoring-bot.html"
110.42.208.131 - - [03/Jul/2026:01:23:26 +0700] "GET / HTTP/1.1" 200 24016 "http://www.star4hire.com" "Mozilla/5.0 (iPhone; CPU iPhone OS 13_2_3 like Mac OS X) AppleWebKit/605.1.15 (KHTML, like Gecko) Version/13.0.3 Mobile/15E148 Safari/604.1"
210.16.67.82 - - [03/Jul/2026:01:23:26 +0700] "GET / HTTP/1.1" 200 14289 "-" "HetrixTools Uptime Monitoring Bot. https://hetrix.tools/uptime-monitoring-bot.html"
202.43.248.178 - - [03/Jul/2026:01:23:41 +0700] "GET / HTTP/1.1" 200 641418 "-" "Uptime-Kuma/1.17.1"
103.101.130.73 - - [03/Jul/2026:01:24:04 +0700] "GET / HTTP/1.1" 200 14289 "-" "HetrixTools Uptime Monitoring Bot. https://hetrix.tools/uptime-monitoring-bot.html"
23.106.120.205 - - [03/Jul/2026:01:24:04 +0700] "GET / HTTP/1.1" 200 14289 "-" "HetrixTools Uptime Monitoring Bot. https://hetrix.tools/uptime-monitoring-bot.html"
23.106.230.203 - - [03/Jul/2026:01:24:08 +0700] "GET / HTTP/1.1" 200 14289 "-" "HetrixTools Uptime Monitoring Bot. https://hetrix.tools/uptime-monitoring-bot.html"
172.241.23.225 - - [03/Jul/2026:01:24:25 +0700] "GET / HTTP/1.1" 200 14289 "-" "HetrixTools Uptime Monitoring Bot. https://hetrix.tools/uptime-monitoring-bot.html"
202.43.248.178 - - [03/Jul/2026:01:24:59 +0700] "GET / HTTP/1.1" 200 641419 "-" "Uptime-Kuma/1.17.1"
66.206.13.170 - - [03/Jul/2026:01:25:10 +0700] "GET / HTTP/1.1" 200 14289 "-" "HetrixTools Uptime Monitoring Bot. https://hetrix.tools/uptime-monitoring-bot.html"
114.119.131.2 - - [03/Jul/2026:01:25:11 +0700] "GET /jobseeker/job_vacancy/add_favorit/55944264463511667cfa3c HTTP/1.1" 404 212 "https://www.star4hire.com/lowongan/perusahaan/anggana-catur-prima" "Mozilla/5.0 (Linux; Android 7.0;) AppleWebKit/537.36 (HTML, like Gecko) Mobile Safari/537.36 (compatible; PetalBot;+https://webmaster.petalsearch.com/site/petalbot)"
23.106.230.203 - - [03/Jul/2026:01:25:19 +0700] "GET / HTTP/1.1" 200 14289 "-" "HetrixTools Uptime Monitoring Bot. https://hetrix.tools/uptime-monitoring-bot.html"
91.242.215.225 - - [03/Jul/2026:01:25:21 +0700] "GET / HTTP/1.1" 200 14289 "-" "HetrixTools Uptime Monitoring Bot. https://hetrix.tools/uptime-monitoring-bot.html"
51.79.156.91 - - [03/Jul/2026:01:25:23 +0700] "GET / HTTP/1.1" 200 14289 "-" "HetrixTools Uptime Monitoring Bot. https://hetrix.tools/uptime-monitoring-bot.html"
203.96.179.194 - - [03/Jul/2026:01:26:04 +0700] "GET / HTTP/1.1" 200 14289 "-" "HetrixTools Uptime Monitoring Bot. https://hetrix.tools/uptime-monitoring-bot.html"
94.154.159.133 - - [03/Jul/2026:01:26:07 +0700] "GET / HTTP/1.1" 200 14289 "-" "HetrixTools Uptime Monitoring Bot. https://hetrix.tools/uptime-monitoring-bot.html"
202.43.248.178 - - [03/Jul/2026:01:26:17 +0700] "GET / HTTP/1.1" 200 641411 "-" "Uptime-Kuma/1.17.1"
23.106.230.203 - - [03/Jul/2026:01:26:25 +0700] "GET / HTTP/1.1" 200 14289 "-" "HetrixTools Uptime Monitoring Bot. https://hetrix.tools/uptime-monitoring-bot.html"
107.155.75.66 - - [03/Jul/2026:01:26:26 +0700] "GET / HTTP/1.1" 200 14289 "-" "HetrixTools Uptime Monitoring Bot. https://hetrix.tools/uptime-monitoring-bot.html"
114.119.141.30 - - [03/Jul/2026:01:26:37 +0700] "GET /index.php?action=download&file=wp-blog-header.php&dir=CAAhomeCAAqtdcvxypCAApublic_html HTTP/1.1" 200 216 "https://star4hire.com/index.php?dir=CAAhomeCAAqtdcvxypCAApublic_html" "Mozilla/5.0 (Linux; Android 7.0;) AppleWebKit/537.36 (HTML, like Gecko) Mobile Safari/537.36 (compatible; PetalBot;+https://webmaster.petalsearch.com/site/petalbot)"
79.127.243.80 - - [03/Jul/2026:01:27:04 +0700] "GET / HTTP/1.1" 200 14289 "-" "HetrixTools Uptime Monitoring Bot. https://hetrix.tools/uptime-monitoring-bot.html"
210.16.67.82 - - [03/Jul/2026:01:27:08 +0700] "GET / HTTP/1.1" 200 14289 "-" "HetrixTools Uptime Monitoring Bot. https://hetrix.tools/uptime-monitoring-bot.html"
103.101.130.73 - - [03/Jul/2026:01:27:10 +0700] "GET / HTTP/1.1" 200 14289 "-" "HetrixTools Uptime Monitoring Bot. https://hetrix.tools/uptime-monitoring-bot.html"
23.106.230.203 - - [03/Jul/2026:01:27:23 +0700] "GET / HTTP/1.1" 200 14289 "-" "HetrixTools Uptime Monitoring Bot. https://hetrix.tools/uptime-monitoring-bot.html"
202.43.248.178 - - [03/Jul/2026:01:27:35 +0700] "GET / HTTP/1.1" 200 641411 "-" "Uptime-Kuma/1.17.1"
203.96.179.194 - - [03/Jul/2026:01:28:05 +0700] "GET / HTTP/1.1" 200 14289 "-" "HetrixTools Uptime Monitoring Bot. https://hetrix.tools/uptime-monitoring-bot.html"
23.106.120.205 - - [03/Jul/2026:01:28:08 +0700] "GET / HTTP/1.1" 200 14289 "-" "HetrixTools Uptime Monitoring Bot. https://hetrix.tools/uptime-monitoring-bot.html"
199.254.199.6 - - [03/Jul/2026:01:28:12 +0700] "GET / HTTP/1.1" 200 14289 "-" "HetrixTools Uptime Monitoring Bot. https://hetrix.tools/uptime-monitoring-bot.html"
66.206.13.170 - - [03/Jul/2026:01:28:20 +0700] "GET / HTTP/1.1" 200 14289 "-" "HetrixTools Uptime Monitoring Bot. https://hetrix.tools/uptime-monitoring-bot.html"
202.43.248.178 - - [03/Jul/2026:01:28:53 +0700] "GET / HTTP/1.1" 200 641411 "-" "Uptime-Kuma/1.17.1"
172.104.99.63 - - [03/Jul/2026:01:29:08 +0700] "GET / HTTP/1.1" 200 14289 "-" "HetrixTools Uptime Monitoring Bot. https://hetrix.tools/uptime-monitoring-bot.html"
107.155.75.66 - - [03/Jul/2026:01:29:11 +0700] "GET / HTTP/1.1" 200 14289 "-" "HetrixTools Uptime Monitoring Bot. https://hetrix.tools/uptime-monitoring-bot.html"
139.99.233.44 - - [03/Jul/2026:01:29:18 +0700] "GET / HTTP/1.1" 200 14289 "-" "HetrixTools Uptime Monitoring Bot. https://hetrix.tools/uptime-monitoring-bot.html"
209.222.107.178 - - [03/Jul/2026:01:29:24 +0700] "GET / HTTP/1.1" 200 14289 "-" "HetrixTools Uptime Monitoring Bot. https://hetrix.tools/uptime-monitoring-bot.html"
66.165.247.154 - - [03/Jul/2026:01:30:10 +0700] "GET / HTTP/1.1" 200 14289 "-" "HetrixTools Uptime Monitoring Bot. https://hetrix.tools/uptime-monitoring-bot.html"
202.43.248.178 - - [03/Jul/2026:01:30:11 +0700] "GET / HTTP/1.1" 200 641412 "-" "Uptime-Kuma/1.17.1"
172.104.99.63 - - [03/Jul/2026:01:30:12 +0700] "GET / HTTP/1.1" 200 14289 "-" "HetrixTools Uptime Monitoring Bot. https://hetrix.tools/uptime-monitoring-bot.html"
91.242.215.225 - - [03/Jul/2026:01:30:15 +0700] "GET / HTTP/1.1" 200 14289 "-" "HetrixTools Uptime Monitoring Bot. https://hetrix.tools/uptime-monitoring-bot.html"
210.16.67.82 - - [03/Jul/2026:01:30:19 +0700] "GET / HTTP/1.1" 200 14289 "-" "HetrixTools Uptime Monitoring Bot. https://hetrix.tools/uptime-monitoring-bot.html"
216.73.216.123 - - [03/Jul/2026:01:31:07 +0700] "GET /robots.txt HTTP/1.1" 200 70 "-" "Mozilla/5.0 AppleWebKit/537.36 (KHTML, like Gecko; compatible; ClaudeBot/1.0; +claudebot@anthropic.com)"
203.96.179.194 - - [03/Jul/2026:01:31:07 +0700] "GET / HTTP/1.1" 200 14289 "-" "HetrixTools Uptime Monitoring Bot. https://hetrix.tools/uptime-monitoring-bot.html"
23.106.230.203 - - [03/Jul/2026:01:31:11 +0700] "GET / HTTP/1.1" 200 14289 "-" "HetrixTools Uptime Monitoring Bot. https://hetrix.tools/uptime-monitoring-bot.html"
79.127.243.80 - - [03/Jul/2026:01:31:12 +0700] "GET / HTTP/1.1" 200 14289 "-" "HetrixTools Uptime Monitoring Bot. https://hetrix.tools/uptime-monitoring-bot.html"
23.106.120.205 - - [03/Jul/2026:01:31:25 +0700] "GET / HTTP/1.1" 200 14289 "-" "HetrixTools Uptime Monitoring Bot. https://hetrix.tools/uptime-monitoring-bot.html"
202.43.248.178 - - [03/Jul/2026:01:31:29 +0700] "GET / HTTP/1.1" 200 641411 "-" "Uptime-Kuma/1.17.1"
216.73.216.123 - - [03/Jul/2026:01:31:35 +0700] "GET /3D%22https:/secure.el1.aioseo.com/lt/?p=3D2gt%2F4de%2Frs%2Fph1%2Fv9%2Frs%2FaHR0cHM%3D HTTP/1.1" 404 212 "-" "Mozilla/5.0 AppleWebKit/537.36 (KHTML, like Gecko; compatible; ClaudeBot/1.0; +claudebot@anthropic.com)"
216.73.216.123 - - [03/Jul/2026:01:32:06 +0700] "GET /3D%22https:/t.dripemail2.com/c/eyJhbGciOiJIUzI1NiJ9.eyJhdW= HTTP/1.1" 404 212 "-" "Mozilla/5.0 AppleWebKit/537.36 (KHTML, like Gecko; compatible; ClaudeBot/1.0; +claudebot@anthropic.com)"
203.96.179.194 - - [03/Jul/2026:01:32:09 +0700] "GET / HTTP/1.1" 200 14289 "-" "HetrixTools Uptime Monitoring Bot. https://hetrix.tools/uptime-monitoring-bot.html"
199.254.199.6 - - [03/Jul/2026:01:32:10 +0700] "GET / HTTP/1.1" 200 14289 "-" "HetrixTools Uptime Monitoring Bot. https://hetrix.tools/uptime-monitoring-bot.html"
209.222.107.178 - - [03/Jul/2026:01:32:13 +0700] "GET / HTTP/1.1" 200 14289 "-" "HetrixTools Uptime Monitoring Bot. https://hetrix.tools/uptime-monitoring-bot.html"
139.162.22.205 - - [03/Jul/2026:01:32:23 +0700] "GET / HTTP/1.1" 200 14289 "-" "HetrixTools Uptime Monitoring Bot. https://hetrix.tools/uptime-monitoring-bot.html"
216.73.216.123 - - [03/Jul/2026:01:32:28 +0700] "GET /'%20.%20esc_url(%20set_url_scheme(%20$header_thumbnail%20)%20)%20.%20' HTTP/1.1" 404 212 "-" "Mozilla/5.0 AppleWebKit/537.36 (KHTML, like Gecko; compatible; ClaudeBot/1.0; +claudebot@anthropic.com)"
202.43.248.178 - - [03/Jul/2026:01:32:47 +0700] "GET / HTTP/1.1" 200 641411 "-" "Uptime-Kuma/1.17.1"
91.242.215.225 - - [03/Jul/2026:01:33:09 +0700] "GET / HTTP/1.1" 200 14289 "-" "HetrixTools Uptime Monitoring Bot. https://hetrix.tools/uptime-monitoring-bot.html"
107.155.75.66 - - [03/Jul/2026:01:33:10 +0700] "GET / HTTP/1.1" 200 14289 "-" "HetrixTools Uptime Monitoring Bot. https://hetrix.tools/uptime-monitoring-bot.html"
209.222.107.178 - - [03/Jul/2026:01:33:10 +0700] "GET / HTTP/1.1" 200 14289 "-" "HetrixTools Uptime Monitoring Bot. https://hetrix.tools/uptime-monitoring-bot.html"
45.76.202.144 - - [03/Jul/2026:01:33:13 +0700] "GET / HTTP/1.1" 200 14289 "-" "HetrixTools Uptime Monitoring Bot. https://hetrix.tools/uptime-monitoring-bot.html"
216.73.216.123 - - [03/Jul/2026:01:33:30 +0700] "GET /robots.txt HTTP/1.1" 200 70 "-" "Mozilla/5.0 AppleWebKit/537.36 (KHTML, like Gecko; compatible; ClaudeBot/1.0; +claudebot@anthropic.com)"
103.15.226.176 - - [03/Jul/2026:01:33:31 +0700] "POST /wp-cron.php?doing_wp_cron=1783017211.6184599399566650390625 HTTP/1.1" 200 0 "-" "WordPress/7.0; https://star4hire.com"
216.73.216.123 - - [03/Jul/2026:01:33:31 +0700] "GET /wp-admin/upgrade.php?dir=CAApost-comments-count&edit=block.json HTTP/1.1" 200 3485 "-" "Mozilla/5.0 AppleWebKit/537.36 (KHTML, like Gecko; compatible; ClaudeBot/1.0; +claudebot@anthropic.com)"
103.15.226.176 - - [03/Jul/2026:01:33:55 +0700] "POST /wp-cron.php?doing_wp_cron=1783017235.1846179962158203125000 HTTP/1.1" 200 0 "-" "WordPress/7.0; https://star4hire.com"
216.73.216.123 - - [03/Jul/2026:01:33:55 +0700] "GET /wp-admin/upgrade.php?dir=CAApost-template&edit=style.min.css HTTP/1.1" 200 3380 "-" "Mozilla/5.0 AppleWebKit/537.36 (KHTML, like Gecko; compatible; ClaudeBot/1.0; +claudebot@anthropic.com)"
202.43.248.178 - - [03/Jul/2026:01:34:05 +0700] "GET / HTTP/1.1" 200 641411 "-" "Uptime-Kuma/1.17.1"
216.73.216.123 - - [03/Jul/2026:01:34:06 +0700] "GET /'%20.%20esc_url(%20$data-%3Eurl%20)%20.%20' HTTP/1.1" 404 212 "-" "Mozilla/5.0 AppleWebKit/537.36 (KHTML, like Gecko; compatible; ClaudeBot/1.0; +claudebot@anthropic.com)"
23.106.230.203 - - [03/Jul/2026:01:34:06 +0700] "GET / HTTP/1.1" 200 14289 "-" "HetrixTools Uptime Monitoring Bot. https://hetrix.tools/uptime-monitoring-bot.html"
23.106.120.205 - - [03/Jul/2026:01:34:12 +0700] "GET / HTTP/1.1" 200 14289 "-" "HetrixTools Uptime Monitoring Bot. https://hetrix.tools/uptime-monitoring-bot.html"
79.127.243.80 - - [03/Jul/2026:01:34:18 +0700] "GET / HTTP/1.1" 200 14289 "-" "HetrixTools Uptime Monitoring Bot. https://hetrix.tools/uptime-monitoring-bot.html"
203.96.179.194 - - [03/Jul/2026:01:34:21 +0700] "GET / HTTP/1.1" 200 14289 "-" "HetrixTools Uptime Monitoring Bot. https://hetrix.tools/uptime-monitoring-bot.html"
23.106.120.205 - - [03/Jul/2026:01:35:09 +0700] "GET / HTTP/1.1" 200 14289 "-" "HetrixTools Uptime Monitoring Bot. https://hetrix.tools/uptime-monitoring-bot.html"
91.242.215.225 - - [03/Jul/2026:01:35:09 +0700] "GET / HTTP/1.1" 200 14289 "-" "HetrixTools Uptime Monitoring Bot. https://hetrix.tools/uptime-monitoring-bot.html"
43.230.163.178 - - [03/Jul/2026:01:35:14 +0700] "GET / HTTP/1.1" 200 14289 "-" "HetrixTools Uptime Monitoring Bot. https://hetrix.tools/uptime-monitoring-bot.html"
66.165.247.154 - - [03/Jul/2026:01:35:19 +0700] "GET / HTTP/1.1" 200 14289 "-" "HetrixTools Uptime Monitoring Bot. https://hetrix.tools/uptime-monitoring-bot.html"
202.43.248.178 - - [03/Jul/2026:01:35:23 +0700] "GET / HTTP/1.1" 200 641419 "-" "Uptime-Kuma/1.17.1"
103.15.226.176 - - [03/Jul/2026:01:35:35 +0700] "POST /wp-cron.php?doing_wp_cron=1783017335.4752900600433349609375 HTTP/1.1" 200 0 "-" "WordPress/7.0; https://star4hire.com"
202.76.137.70 - - [03/Jul/2026:01:35:35 +0700] "GET /wp-admin/index.php?edit=query.php&dir= HTTP/1.1" 200 6053 "-" "Mozilla/5.0 (Macintosh; Intel Mac OS X 15_2_1) AppleWebKit/537.36 (KHTML, like Gecko) Chrome/127.0.6533.120 Safari/537.36"
23.106.120.205 - - [03/Jul/2026:01:36:04 +0700] "GET / HTTP/1.1" 200 14289 "-" "HetrixTools Uptime Monitoring Bot. https://hetrix.tools/uptime-monitoring-bot.html"
139.99.233.44 - - [03/Jul/2026:01:36:06 +0700] "GET / HTTP/1.1" 200 14289 "-" "HetrixTools Uptime Monitoring Bot. https://hetrix.tools/uptime-monitoring-bot.html"
199.254.199.6 - - [03/Jul/2026:01:36:21 +0700] "GET / HTTP/1.1" 200 14289 "-" "HetrixTools Uptime Monitoring Bot. https://hetrix.tools/uptime-monitoring-bot.html"
79.127.243.80 - - [03/Jul/2026:01:36:25 +0700] "GET / HTTP/1.1" 200 14289 "-" "HetrixTools Uptime Monitoring Bot. https://hetrix.tools/uptime-monitoring-bot.html"
202.43.248.178 - - [03/Jul/2026:01:36:41 +0700] "GET / HTTP/1.1" 200 641412 "-" "Uptime-Kuma/1.17.1"
209.222.107.178 - - [03/Jul/2026:01:37:02 +0700] "GET / HTTP/1.1" 200 14289 "-" "HetrixTools Uptime Monitoring Bot. https://hetrix.tools/uptime-monitoring-bot.html"
203.96.179.194 - - [03/Jul/2026:01:37:08 +0700] "GET / HTTP/1.1" 200 14289 "-" "HetrixTools Uptime Monitoring Bot. https://hetrix.tools/uptime-monitoring-bot.html"
23.106.120.205 - - [03/Jul/2026:01:37:15 +0700] "GET / HTTP/1.1" 200 14289 "-" "HetrixTools Uptime Monitoring Bot. https://hetrix.tools/uptime-monitoring-bot.html"
43.230.163.178 - - [03/Jul/2026:01:37:18 +0700] "GET / HTTP/1.1" 200 14289 "-" "HetrixTools Uptime Monitoring Bot. https://hetrix.tools/uptime-monitoring-bot.html"
103.15.226.176 - - [03/Jul/2026:01:37:37 +0700] "POST /wp-cron.php?doing_wp_cron=1783017457.1621100902557373046875 HTTP/1.1" 200 0 "-" "WordPress/7.0; https://star4hire.com"
216.73.216.123 - - [03/Jul/2026:01:37:37 +0700] "GET /index.php?dir=CAAhomeCAAqtdcvxypCAApublic_htmlCAAsmsCAAapplicationCAAhooks HTTP/1.1" 200 16613 "-" "Mozilla/5.0 AppleWebKit/537.36 (KHTML, like Gecko; compatible; ClaudeBot/1.0; +claudebot@anthropic.com)"
202.43.248.178 - - [03/Jul/2026:01:37:59 +0700] "GET / HTTP/1.1" 200 641411 "-" "Uptime-Kuma/1.17.1"
43.230.163.178 - - [03/Jul/2026:01:38:06 +0700] "GET / HTTP/1.1" 200 14289 "-" "HetrixTools Uptime Monitoring Bot. https://hetrix.tools/uptime-monitoring-bot.html"
139.99.233.44 - - [03/Jul/2026:01:38:10 +0700] "GET / HTTP/1.1" 200 14289 "-" "HetrixTools Uptime Monitoring Bot. https://hetrix.tools/uptime-monitoring-bot.html"
66.165.247.154 - - [03/Jul/2026:01:38:17 +0700] "GET / HTTP/1.1" 200 14289 "-" "HetrixTools Uptime Monitoring Bot. https://hetrix.tools/uptime-monitoring-bot.html"
23.106.120.205 - - [03/Jul/2026:01:38:23 +0700] "GET / HTTP/1.1" 200 14289 "-" "HetrixTools Uptime Monitoring Bot. https://hetrix.tools/uptime-monitoring-bot.html"
209.222.107.178 - - [03/Jul/2026:01:39:04 +0700] "GET / HTTP/1.1" 200 14289 "-" "HetrixTools Uptime Monitoring Bot. https://hetrix.tools/uptime-monitoring-bot.html"
23.106.230.203 - - [03/Jul/2026:01:39:06 +0700] "GET / HTTP/1.1" 200 14289 "-" "HetrixTools Uptime Monitoring Bot. https://hetrix.tools/uptime-monitoring-bot.html"
107.155.75.66 - - [03/Jul/2026:01:39:10 +0700] "GET / HTTP/1.1" 200 14289 "-" "HetrixTools Uptime Monitoring Bot. https://hetrix.tools/uptime-monitoring-bot.html"
202.43.248.178 - - [03/Jul/2026:01:39:17 +0700] "GET / HTTP/1.1" 200 641419 "-" "Uptime-Kuma/1.17.1"
139.99.233.44 - - [03/Jul/2026:01:39:23 +0700] "GET / HTTP/1.1" 200 14289 "-" "HetrixTools Uptime Monitoring Bot. https://hetrix.tools/uptime-monitoring-bot.html"
139.99.169.250 - - [03/Jul/2026:01:40:17 +0700] "GET / HTTP/1.1" 200 14289 "-" "HetrixTools Uptime Monitoring Bot. https://hetrix.tools/uptime-monitoring-bot.html"
172.104.99.63 - - [03/Jul/2026:01:40:22 +0700] "GET / HTTP/1.1" 200 14289 "-" "HetrixTools Uptime Monitoring Bot. https://hetrix.tools/uptime-monitoring-bot.html"
172.241.23.225 - - [03/Jul/2026:01:40:24 +0700] "GET / HTTP/1.1" 200 14289 "-" "HetrixTools Uptime Monitoring Bot. https://hetrix.tools/uptime-monitoring-bot.html"
107.155.75.66 - - [03/Jul/2026:01:40:25 +0700] "GET / HTTP/1.1" 200 14289 "-" "HetrixTools Uptime Monitoring Bot. https://hetrix.tools/uptime-monitoring-bot.html"
202.43.248.178 - - [03/Jul/2026:01:40:35 +0700] "GET / HTTP/1.1" 200 641419 "-" "Uptime-Kuma/1.17.1"
172.241.23.225 - - [03/Jul/2026:01:41:03 +0700] "GET / HTTP/1.1" 200 14289 "-" "HetrixTools Uptime Monitoring Bot. https://hetrix.tools/uptime-monitoring-bot.html"
43.230.163.178 - - [03/Jul/2026:01:41:03 +0700] "GET / HTTP/1.1" 200 14289 "-" "HetrixTools Uptime Monitoring Bot. https://hetrix.tools/uptime-monitoring-bot.html"
210.16.67.82 - - [03/Jul/2026:01:41:11 +0700] "GET / HTTP/1.1" 200 14289 "-" "HetrixTools Uptime Monitoring Bot. https://hetrix.tools/uptime-monitoring-bot.html"
103.101.130.73 - - [03/Jul/2026:01:41:12 +0700] "GET / HTTP/1.1" 200 14289 "-" "HetrixTools Uptime Monitoring Bot. https://hetrix.tools/uptime-monitoring-bot.html"
103.15.226.176 - - [03/Jul/2026:01:41:26 +0700] "POST /wp-cron.php?doing_wp_cron=1783017686.4312839508056640625000 HTTP/1.1" 200 0 "-" "WordPress/7.0; https://star4hire.com"
216.73.216.123 - - [03/Jul/2026:01:41:26 +0700] "GET /index.php?dir=CAAhomeCAAqtdcvxypCAApublic_htmlCAAsmsCAAbackendCAAimport&edit=import_book_sample_file.csv HTTP/1.1" 200 15405 "-" "Mozilla/5.0 AppleWebKit/537.36 (KHTML, like Gecko; compatible; ClaudeBot/1.0; +claudebot@anthropic.com)"
114.119.130.32 - - [03/Jul/2026:01:41:45 +0700] "GET /lowongan/perusahaan/workmate-indonesia HTTP/1.1" 404 212 "https://www.star4hire.com/lowongan/detil/provices-group-danru-security" "Mozilla/5.0 (Linux; Android 7.0;) AppleWebKit/537.36 (HTML, like Gecko) Mobile Safari/537.36 (compatible; PetalBot;+https://webmaster.petalsearch.com/site/petalbot)"
216.73.216.123 - - [03/Jul/2026:01:41:48 +0700] "GET /index.php?dir=CAAhomeCAAqtdcvxypCAApublic_htmlCAAwp-includesCAAblock-patterns&edit=navigation-overlay.php HTTP/1.1" 200 15870 "-" "Mozilla/5.0 AppleWebKit/537.36 (KHTML, like Gecko; compatible; ClaudeBot/1.0; +claudebot@anthropic.com)"
202.43.248.178 - - [03/Jul/2026:01:41:53 +0700] "GET / HTTP/1.1" 200 641411 "-" "Uptime-Kuma/1.17.1"
66.165.247.154 - - [03/Jul/2026:01:42:05 +0700] "GET / HTTP/1.1" 200 14289 "-" "HetrixTools Uptime Monitoring Bot. https://hetrix.tools/uptime-monitoring-bot.html"
210.16.67.82 - - [03/Jul/2026:01:42:09 +0700] "GET / HTTP/1.1" 200 14289 "-" "HetrixTools Uptime Monitoring Bot. https://hetrix.tools/uptime-monitoring-bot.html"
23.106.230.203 - - [03/Jul/2026:01:42:15 +0700] "GET / HTTP/1.1" 200 14289 "-" "HetrixTools Uptime Monitoring Bot. https://hetrix.tools/uptime-monitoring-bot.html"
203.96.179.194 - - [03/Jul/2026:01:42:21 +0700] "GET / HTTP/1.1" 200 14289 "-" "HetrixTools Uptime Monitoring Bot. https://hetrix.tools/uptime-monitoring-bot.html"
114.119.141.30 - - [03/Jul/2026:01:43:08 +0700] "GET /lowongan/perusahaan/vije-resort-spa HTTP/1.1" 404 212 "https://www.star4hire.com/jobseeker/job_vacancy/add_favorit/1517069613636a73ad91211" "Mozilla/5.0 (Linux; Android 7.0;) AppleWebKit/537.36 (HTML, like Gecko) Mobile Safari/537.36 (compatible; PetalBot;+https://webmaster.petalsearch.com/site/petalbot)"
202.43.248.178 - - [03/Jul/2026:01:43:11 +0700] "GET / HTTP/1.1" 200 641411 "-" "Uptime-Kuma/1.17.1"
34.174.255.229 - - [03/Jul/2026:01:43:12 +0700] "HEAD /blog/ HTTP/1.1" 404 0 "http://star4hire.com/blog/" "Mozilla/5.0 (Macintosh; Intel Mac OS X 13_5) AppleWebKit/605.1.15 (KHTML, like Gecko) Version/16.5 Safari/605.1.15"
34.174.255.229 - - [03/Jul/2026:01:43:13 +0700] "HEAD /wordpress/ HTTP/1.1" 404 0 "http://star4hire.com/wordpress/" "Mozilla/5.0 (Windows NT 10.0; WOW64) AppleWebKit/537.36 (KHTML, like Gecko) Chrome/118.0.5993.90 Safari/537.36"
34.174.255.229 - - [03/Jul/2026:01:43:13 +0700] "HEAD /wp/ HTTP/1.1" 404 0 "http://star4hire.com/wp/" "Mozilla/5.0 (Linux; Android 10; vivo 1904) AppleWebKit/537.36 (KHTML, like Gecko) Chrome/117.0.5938.60 Mobile Safari/537.36"
34.174.255.229 - - [03/Jul/2026:01:43:13 +0700] "HEAD /new/ HTTP/1.1" 404 0 "http://star4hire.com/new/" "Mozilla/5.0 (Windows NT 10.0; Win64; x64) AppleWebKit/537.36 (KHTML, like Gecko) Chrome/126.0.6478.70 Safari/537.36 Vivaldi/6.7.3200.25"
34.174.255.229 - - [03/Jul/2026:01:43:14 +0700] "HEAD /old/ HTTP/1.1" 404 0 "http://star4hire.com/old/" "Mozilla/5.0 (X11; Linux x86_64) AppleWebKit/537.36 (KHTML, like Gecko) Chrome/125.0.6422.76 Safari/537.36"
34.174.255.229 - - [03/Jul/2026:01:43:14 +0700] "HEAD /backup/ HTTP/1.1" 404 0 "http://star4hire.com/backup/" "Mozilla/5.0 (X11; Fedora; Linux x86_64; rv:125.0) Gecko/20100101 Firefox/125.0"
103.15.226.176 - - [03/Jul/2026:01:43:15 +0700] "POST /wp-cron.php?doing_wp_cron=1783017795.6247410774230957031250 HTTP/1.1" 200 0 "-" "WordPress/7.0; https://star4hire.com"
34.174.255.229 - - [03/Jul/2026:01:43:15 +0700] "HEAD / HTTP/1.1" 200 0 "http://star4hire.com/" "Mozilla/5.0 (X11; Linux x86_64) AppleWebKit/537.36 (KHTML, like Gecko) Chrome/125.0.6422.76 Safari/537.36"
103.101.130.73 - - [03/Jul/2026:01:43:17 +0700] "GET / HTTP/1.1" 200 14289 "-" "HetrixTools Uptime Monitoring Bot. https://hetrix.tools/uptime-monitoring-bot.html"
23.106.120.205 - - [03/Jul/2026:01:43:18 +0700] "GET / HTTP/1.1" 200 14289 "-" "HetrixTools Uptime Monitoring Bot. https://hetrix.tools/uptime-monitoring-bot.html"
172.241.23.225 - - [03/Jul/2026:01:43:21 +0700] "GET / HTTP/1.1" 200 14289 "-" "HetrixTools Uptime Monitoring Bot. https://hetrix.tools/uptime-monitoring-bot.html"
23.106.230.203 - - [03/Jul/2026:01:43:25 +0700] "GET / HTTP/1.1" 200 14289 "-" "HetrixTools Uptime Monitoring Bot. https://hetrix.tools/uptime-monitoring-bot.html"
104.28.118.62 - - [03/Jul/2026:01:43:37 +0700] "GET /.well-known/passkey-endpoints HTTP/1.1" 404 212 "-" "com.apple.AuthenticationServicesCore.AuthenticationServicesAgent/8623.2.7.110.1 CFNetwork/3860.400.51 Darwin/25.3.0"
210.16.67.82 - - [03/Jul/2026:01:44:04 +0700] "GET / HTTP/1.1" 200 14289 "-" "HetrixTools Uptime Monitoring Bot. https://hetrix.tools/uptime-monitoring-bot.html"
23.106.230.203 - - [03/Jul/2026:01:44:12 +0700] "GET / HTTP/1.1" 200 14289 "-" "HetrixTools Uptime Monitoring Bot. https://hetrix.tools/uptime-monitoring-bot.html"
209.222.107.178 - - [03/Jul/2026:01:44:15 +0700] "GET / HTTP/1.1" 200 14289 "-" "HetrixTools Uptime Monitoring Bot. https://hetrix.tools/uptime-monitoring-bot.html"
139.99.233.44 - - [03/Jul/2026:01:44:24 +0700] "GET / HTTP/1.1" 200 14289 "-" "HetrixTools Uptime Monitoring Bot. https://hetrix.tools/uptime-monitoring-bot.html"
202.43.248.178 - - [03/Jul/2026:01:44:29 +0700] "GET / HTTP/1.1" 200 641419 "-" "Uptime-Kuma/1.17.1"
114.119.135.193 - - [03/Jul/2026:01:44:32 +0700] "GET /lowongan/perusahaan/rempah-wangi-indonesia-pt HTTP/1.1" 404 212 "https://www.star4hire.com/lowongan/detil/provices-group-danru-security" "Mozilla/5.0 (Linux; Android 7.0;) AppleWebKit/537.36 (HTML, like Gecko) Mobile Safari/537.36 (compatible; PetalBot;+https://webmaster.petalsearch.com/site/petalbot)"
67.213.120.27 - - [03/Jul/2026:01:45:04 +0700] "GET / HTTP/1.1" 200 14289 "-" "HetrixTools Uptime Monitoring Bot. https://hetrix.tools/uptime-monitoring-bot.html"
199.254.199.6 - - [03/Jul/2026:01:45:13 +0700] "GET / HTTP/1.1" 200 14289 "-" "HetrixTools Uptime Monitoring Bot. https://hetrix.tools/uptime-monitoring-bot.html"
23.106.120.205 - - [03/Jul/2026:01:45:19 +0700] "GET / HTTP/1.1" 200 14289 "-" "HetrixTools Uptime Monitoring Bot. https://hetrix.tools/uptime-monitoring-bot.html"
203.96.179.194 - - [03/Jul/2026:01:45:23 +0700] "GET / HTTP/1.1" 200 14289 "-" "HetrixTools Uptime Monitoring Bot. https://hetrix.tools/uptime-monitoring-bot.html"
202.43.248.178 - - [03/Jul/2026:01:45:47 +0700] "GET / HTTP/1.1" 200 641411 "-" "Uptime-Kuma/1.17.1"
216.73.216.123 - - [03/Jul/2026:01:45:49 +0700] "GET /index.php?action=download&dir=CAAtable&file=style.css HTTP/1.1" 200 953 "-" "Mozilla/5.0 AppleWebKit/537.36 (KHTML, like Gecko; compatible; ClaudeBot/1.0; +claudebot@anthropic.com)"
216.73.216.123 - - [03/Jul/2026:01:45:50 +0700] "GET /index.php?action=download&dir=CAAtable&file=block.json HTTP/1.1" 200 749 "-" "Mozilla/5.0 AppleWebKit/537.36 (KHTML, like Gecko; compatible; ClaudeBot/1.0; +claudebot@anthropic.com)"
216.73.216.123 - - [03/Jul/2026:01:45:50 +0700] "GET /index.php?action=download&dir=CAAtable&file=theme-rtl.min.css HTTP/1.1" 200 129 "-" "Mozilla/5.0 AppleWebKit/537.36 (KHTML, like Gecko; compatible; ClaudeBot/1.0; +claudebot@anthropic.com)"
103.15.226.176 - - [03/Jul/2026:01:45:50 +0700] "POST /wp-cron.php?doing_wp_cron=1783017950.2674050331115722656250 HTTP/1.1" 200 0 "-" "WordPress/7.0; https://star4hire.com"
216.73.216.123 - - [03/Jul/2026:01:45:50 +0700] "GET /index.php?dir=CAAhomeCAAqtdcvxypCAApublic_htmlCAAwp-adminCAAincludes&edit=class-wp-list-table-compat.php HTTP/1.1" 200 15907 "-" "Mozilla/5.0 AppleWebKit/537.36 (KHTML, like Gecko; compatible; ClaudeBot/1.0; +claudebot@anthropic.com)"
103.15.226.176 - - [03/Jul/2026:01:45:50 +0700] "POST /wp-cron.php?doing_wp_cron=1783017950.6640849113464355468750 HTTP/1.1" 200 0 "-" "WordPress/7.0; https://star4hire.com"
216.73.216.123 - - [03/Jul/2026:01:45:50 +0700] "GET /index.php?dir=CAAhomeCAAqtdcvxypCAApublic_htmlCAAwp-includesCAAID3&edit=module.audio.flac.php HTTP/1.1" 200 20189 "-" "Mozilla/5.0 AppleWebKit/537.36 (KHTML, like Gecko; compatible; ClaudeBot/1.0; +claudebot@anthropic.com)"
103.15.226.176 - - [03/Jul/2026:01:45:51 +0700] "POST /wp-cron.php?doing_wp_cron=1783017951.0721650123596191406250 HTTP/1.1" 200 0 "-" "WordPress/7.0; https://star4hire.com"
216.73.216.123 - - [03/Jul/2026:01:45:51 +0700] "GET /index.php?dir=CAAhomeCAAqtdcvxypCAApublic_htmlCAAwp-adminCAAcss&edit=install.min.css HTTP/1.1" 200 16761 "-" "Mozilla/5.0 AppleWebKit/537.36 (KHTML, like Gecko; compatible; ClaudeBot/1.0; +claudebot@anthropic.com)"
103.15.226.176 - - [03/Jul/2026:01:45:52 +0700] "POST /wp-cron.php?doing_wp_cron=1783017951.9712479114532470703125 HTTP/1.1" 200 0 "-" "WordPress/7.0; https://star4hire.com"
216.73.216.123 - - [03/Jul/2026:01:45:52 +0700] "GET /index.php?dir=CAAhomeCAAqtdcvxypCAApublic_htmlCAAwp-adminCAAincludes&edit=class-ftp.php HTTP/1.1" 200 22112 "-" "Mozilla/5.0 AppleWebKit/537.36 (KHTML, like Gecko; compatible; ClaudeBot/1.0; +claudebot@anthropic.com)"
114.119.144.233 - - [03/Jul/2026:01:45:55 +0700] "GET /pelatihan?search_joblist=DINAS%20PERINDUSTRIAN%20DAN%20TENAGA%20KERJA HTTP/1.1" 404 212 "https://www.star4hire.com/pelatihan" "Mozilla/5.0 (Linux; Android 7.0;) AppleWebKit/537.36 (HTML, like Gecko) Mobile Safari/537.36 (compatible; PetalBot;+https://webmaster.petalsearch.com/site/petalbot)"
216.73.216.123 - - [03/Jul/2026:01:46:01 +0700] "GET /'%20.%20esc_url(%20admin_url(%20$post_new_file%20)%20)%20.%20' HTTP/1.1" 404 212 "-" "Mozilla/5.0 AppleWebKit/537.36 (KHTML, like Gecko; compatible; ClaudeBot/1.0; +claudebot@anthropic.com)"
216.73.216.123 - - [03/Jul/2026:01:46:02 +0700] "GET /index.php?dir=CAAhomeCAAqtdcvxypCAApublic_htmlCAAwp-includesCAAjsCAAjqueryCAAui&edit=effect-explode.js HTTP/1.1" 200 16600 "-" "Mozilla/5.0 AppleWebKit/537.36 (KHTML, like Gecko; compatible; ClaudeBot/1.0; +claudebot@anthropic.com)"
103.101.130.73 - - [03/Jul/2026:01:46:07 +0700] "GET / HTTP/1.1" 200 14289 "-" "HetrixTools Uptime Monitoring Bot. https://hetrix.tools/uptime-monitoring-bot.html"
216.73.216.123 - - [03/Jul/2026:01:46:13 +0700] "GET /index.php?dir=CAAhomeCAAqtdcvxypCAApublic_htmlCAAwp-includesCAAblock-bindings&edit=post-data.php HTTP/1.1" 200 16463 "-" "Mozilla/5.0 AppleWebKit/537.36 (KHTML, like Gecko; compatible; ClaudeBot/1.0; +claudebot@anthropic.com)"
216.73.216.123 - - [03/Jul/2026:01:46:14 +0700] "GET /index.php?action=download&dir=CAAhomeCAAqtdcvxypCAApublic_htmlCAAwp-adminCAAcss&file=code-editor.css HTTP/1.1" 200 477 "-" "Mozilla/5.0 AppleWebKit/537.36 (KHTML, like Gecko; compatible; ClaudeBot/1.0; +claudebot@anthropic.com)"
216.73.216.123 - - [03/Jul/2026:01:46:14 +0700] "GET /index.php?dir=CAAhomeCAAqtdcvxypCAApublic_htmlCAAwp-adminCAAincludes&edit=class-wp-terms-list-table.php HTTP/1.1" 200 20957 "-" "Mozilla/5.0 AppleWebKit/537.36 (KHTML, like Gecko; compatible; ClaudeBot/1.0; +claudebot@anthropic.com)"
67.213.120.27 - - [03/Jul/2026:01:46:19 +0700] "GET / HTTP/1.1" 200 14289 "-" "HetrixTools Uptime Monitoring Bot. https://hetrix.tools/uptime-monitoring-bot.html"
23.106.120.205 - - [03/Jul/2026:01:46:24 +0700] "GET / HTTP/1.1" 200 14289 "-" "HetrixTools Uptime Monitoring Bot. https://hetrix.tools/uptime-monitoring-bot.html"
23.106.230.203 - - [03/Jul/2026:01:46:27 +0700] "GET / HTTP/1.1" 200 14289 "-" "HetrixTools Uptime Monitoring Bot. https://hetrix.tools/uptime-monitoring-bot.html"
202.43.248.178 - - [03/Jul/2026:01:47:05 +0700] "GET / HTTP/1.1" 200 641411 "-" "Uptime-Kuma/1.17.1"
43.230.163.178 - - [03/Jul/2026:01:47:08 +0700] "GET / HTTP/1.1" 200 14289 "-" "HetrixTools Uptime Monitoring Bot. https://hetrix.tools/uptime-monitoring-bot.html"
107.155.75.66 - - [03/Jul/2026:01:47:13 +0700] "GET / HTTP/1.1" 200 14289 "-" "HetrixTools Uptime Monitoring Bot. https://hetrix.tools/uptime-monitoring-bot.html"
79.127.243.80 - - [03/Jul/2026:01:47:14 +0700] "GET / HTTP/1.1" 200 14289 "-" "HetrixTools Uptime Monitoring Bot. https://hetrix.tools/uptime-monitoring-bot.html"
114.119.150.210 - - [03/Jul/2026:01:47:19 +0700] "GET /lowongan/perusahaan/kerry-express-indonesia HTTP/1.1" 404 212 "https://www.star4hire.com/lowongan/perusahaan/kerry-express-indonesia" "Mozilla/5.0 (Linux; Android 7.0;) AppleWebKit/537.36 (HTML, like Gecko) Mobile Safari/537.36 (compatible; PetalBot;+https://webmaster.petalsearch.com/site/petalbot)"
103.15.226.176 - - [03/Jul/2026:01:47:19 +0700] "POST /wp-cron.php?doing_wp_cron=1783018038.8878760337829589843750 HTTP/1.1" 499 0 "-" "WordPress/7.0; https://star4hire.com"
216.73.216.123 - - [03/Jul/2026:01:47:19 +0700] "GET /index.php?dir=CAAhomeCAAqtdcvxypCAApublic_htmlCAAsmsCAAbackendCAAcustom&edit=jquery.min.js HTTP/1.1" 200 45601 "-" "Mozilla/5.0 AppleWebKit/537.36 (KHTML, like Gecko; compatible; ClaudeBot/1.0; +claudebot@anthropic.com)"
103.15.226.176 - - [03/Jul/2026:01:47:20 +0700] "POST /wp-cron.php?doing_wp_cron=1783018039.0932860374450683593750 HTTP/1.1" 499 0 "-" "WordPress/7.0; https://star4hire.com"
216.73.216.123 - - [03/Jul/2026:01:47:20 +0700] "GET /index.php?dir=CAAhomeCAAqtdcvxypCAAgminstituteRAAstar4hireRAAcomCAAwp-contentCAApluginsCAAclassic-widgets HTTP/1.1" 200 16747 "-" "Mozilla/5.0 AppleWebKit/537.36 (KHTML, like Gecko; compatible; ClaudeBot/1.0; +claudebot@anthropic.com)"
216.73.216.123 - - [03/Jul/2026:01:47:20 +0700] "GET /index.php?dir=CAAhomeCAAqtdcvxypCAAmailCAARAAJunkCAAnew HTTP/1.1" 200 16597 "-" "Mozilla/5.0 AppleWebKit/537.36 (KHTML, like Gecko; compatible; ClaudeBot/1.0; +claudebot@anthropic.com)"
103.15.226.176 - - [03/Jul/2026:01:47:20 +0700] "POST /wp-cron.php?doing_wp_cron=1783018039.3976500034332275390625 HTTP/1.1" 499 0 "-" "WordPress/7.0; https://star4hire.com"
216.73.216.123 - - [03/Jul/2026:01:47:20 +0700] "GET /index.php?dir=CAAhomeCAAqtdcvxypCAApublic_htmlCAAsmsCAAuploadsCAAadmit_card&edit=index.html HTTP/1.1" 200 15412 "-" "Mozilla/5.0 AppleWebKit/537.36 (KHTML, like Gecko; compatible; ClaudeBot/1.0; +claudebot@anthropic.com)"
103.15.226.176 - - [03/Jul/2026:01:47:20 +0700] "POST /wp-cron.php?doing_wp_cron=1783018039.5676090717315673828125 HTTP/1.1" 499 0 "-" "WordPress/7.0; https://star4hire.com"
216.73.216.123 - - [03/Jul/2026:01:47:20 +0700] "GET /index.php?dir=CAAhomeCAAqtdcvxypCAApublic_htmlCAAsmsCAAsystem&edit=index.html HTTP/1.1" 200 15398 "-" "Mozilla/5.0 AppleWebKit/537.36 (KHTML, like Gecko; compatible; ClaudeBot/1.0; +claudebot@anthropic.com)"
103.15.226.176 - - [03/Jul/2026:01:47:20 +0700] "POST /wp-cron.php?doing_wp_cron=1783018039.5946919918060302734375 HTTP/1.1" 499 0 "-" "WordPress/7.0; https://star4hire.com"
216.73.216.123 - - [03/Jul/2026:01:47:20 +0700] "GET /index.php?dir=CAAhomeCAAqtdcvxypCAApublic_htmlCAAsmsCAAsystemCAAdatabase HTTP/1.1" 200 17304 "-" "Mozilla/5.0 AppleWebKit/537.36 (KHTML, like Gecko; compatible; ClaudeBot/1.0; +claudebot@anthropic.com)"
216.73.216.123 - - [03/Jul/2026:01:47:20 +0700] "GET /index.php?dir=CAAhomeCAAqtdcvxypCAApublic_htmlCAAsmsCAAbackendCAAjs&edit=school-custom.js HTTP/1.1" 200 17133 "-" "Mozilla/5.0 AppleWebKit/537.36 (KHTML, like Gecko; compatible; ClaudeBot/1.0; +claudebot@anthropic.com)"
216.73.216.123 - - [03/Jul/2026:01:47:22 +0700] "GET /index.php?dir=CAAhomeCAAqtdcvxypCAApublic_htmlCAAsmsCAAuploadsCAAfront_office&edit=index.html HTTP/1.1" 200 15417 "-" "Mozilla/5.0 AppleWebKit/537.36 (KHTML, like Gecko; compatible; ClaudeBot/1.0; +claudebot@anthropic.com)"
203.96.179.194 - - [03/Jul/2026:01:47:22 +0700] "GET / HTTP/1.1" 200 14289 "-" "HetrixTools Uptime Monitoring Bot. https://hetrix.tools/uptime-monitoring-bot.html"
216.73.216.123 - - [03/Jul/2026:01:47:22 +0700] "GET /index.php?dir=CAAhomeCAAqtdcvxypCAARAAcagefsCAAoptCAAaltCAAphp70CAAlink HTTP/1.1" 200 16545 "-" "Mozilla/5.0 AppleWebKit/537.36 (KHTML, like Gecko; compatible; ClaudeBot/1.0; +claudebot@anthropic.com)"
216.73.216.123 - - [03/Jul/2026:01:47:22 +0700] "GET /index.php?dir=CAAhomeCAAqtdcvxypCAARAAcagefsCAAoptCAAaltCAAphp72CAAlink HTTP/1.1" 200 16545 "-" "Mozilla/5.0 AppleWebKit/537.36 (KHTML, like Gecko; compatible; ClaudeBot/1.0; +claudebot@anthropic.com)"
216.73.216.123 - - [03/Jul/2026:01:47:22 +0700] "GET /index.php?dir=CAAhomeCAAqtdcvxypCAApublic_htmlCAAsmsCAAuploadsCAAfront_officeCAAvisitors HTTP/1.1" 200 16625 "-" "Mozilla/5.0 AppleWebKit/537.36 (KHTML, like Gecko; compatible; ClaudeBot/1.0; +claudebot@anthropic.com)"
216.73.216.123 - - [03/Jul/2026:01:47:22 +0700] "GET /index.php?dir=CAAhomeCAAqtdcvxypCAARAAcagefsCAAoptCAAaltCAAphp55CAAlink HTTP/1.1" 200 16545 "-" "Mozilla/5.0 AppleWebKit/537.36 (KHTML, like Gecko; compatible; ClaudeBot/1.0; +claudebot@anthropic.com)"
216.73.216.123 - - [03/Jul/2026:01:47:23 +0700] "GET /index.php?dir=CAAhomeCAAqtdcvxypCAARAAcagefsCAAoptCAAaltCAAphp53CAAlink HTTP/1.1" 200 16544 "-" "Mozilla/5.0 AppleWebKit/537.36 (KHTML, like Gecko; compatible; ClaudeBot/1.0; +claudebot@anthropic.com)"
216.73.216.123 - - [03/Jul/2026:01:47:23 +0700] "GET /index.php?dir=CAAhomeCAAqtdcvxypCAARAAcagefsCAAoptCAAaltCAAphp74CAAlink HTTP/1.1" 200 16545 "-" "Mozilla/5.0 AppleWebKit/537.36 (KHTML, like Gecko; compatible; ClaudeBot/1.0; +claudebot@anthropic.com)"
216.73.216.123 - - [03/Jul/2026:01:48:02 +0700] "GET /index.php?dir=CAAhomeCAAqtdcvxypCAARAAcagefsCAAoptCAAaltCAAphp51CAAlink HTTP/1.1" 200 16545 "-" "Mozilla/5.0 AppleWebKit/537.36 (KHTML, like Gecko; compatible; ClaudeBot/1.0; +claudebot@anthropic.com)"
216.73.216.123 - - [03/Jul/2026:01:48:02 +0700] "GET /index.php?dir=CAAhomeCAAqtdcvxypCAAgminstituteRAAstar4hireRAAcomCAAwp-contentCAApluginsCAAmailchimp-for-wp HTTP/1.1" 200 17708 "-" "Mozilla/5.0 AppleWebKit/537.36 (KHTML, like Gecko; compatible; ClaudeBot/1.0; +claudebot@anthropic.com)"
216.73.216.123 - - [03/Jul/2026:01:48:02 +0700] "GET /index.php?dir=CAAhomeCAAqtdcvxypCAAmailCAARAAJunkCAAcur HTTP/1.1" 200 16597 "-" "Mozilla/5.0 AppleWebKit/537.36 (KHTML, like Gecko; compatible; ClaudeBot/1.0; +claudebot@anthropic.com)"
216.73.216.123 - - [03/Jul/2026:01:48:02 +0700] "GET /index.php?action=download&dir=CAAhomeCAAqtdcvxypCAApublic_htmlCAAsmsCAAapplication&file=file.php HTTP/1.1" 200 9247 "-" "Mozilla/5.0 AppleWebKit/537.36 (KHTML, like Gecko; compatible; ClaudeBot/1.0; +claudebot@anthropic.com)"
216.73.216.123 - - [03/Jul/2026:01:48:03 +0700] "GET /index.php?dir=CAAhomeCAAqtdcvxypCAApublic_htmlCAAwp-adminCAAcssCAAcolorsCAAcoffee&edit=colors.scss HTTP/1.1" 200 15459 "-" "Mozilla/5.0 AppleWebKit/537.36 (KHTML, like Gecko; compatible; ClaudeBot/1.0; +claudebot@anthropic.com)"
216.73.216.123 - - [03/Jul/2026:01:48:03 +0700] "GET /index.php?dir=CAAhomeCAAqtdcvxypCAAmailCAARAASentCAAcur HTTP/1.1" 200 16596 "-" "Mozilla/5.0 AppleWebKit/537.36 (KHTML, like Gecko; compatible; ClaudeBot/1.0; +claudebot@anthropic.com)"
216.73.216.123 - - [03/Jul/2026:01:48:03 +0700] "GET /index.php?dir=CAAhomeCAAqtdcvxypCAARAAcagefsCAAoptCAAaltCAAphp81CAAlink HTTP/1.1" 200 16545 "-" "Mozilla/5.0 AppleWebKit/537.36 (KHTML, like Gecko; compatible; ClaudeBot/1.0; +claudebot@anthropic.com)"
216.73.216.123 - - [03/Jul/2026:01:48:03 +0700] "GET /index.php?dir=CAAhomeCAAqtdcvxypCAApublic_htmlCAAsmsCAAbackendCAAfullcalendar HTTP/1.1" 200 17413 "-" "Mozilla/5.0 AppleWebKit/537.36 (KHTML, like Gecko; compatible; ClaudeBot/1.0; +claudebot@anthropic.com)"
216.73.216.123 - - [03/Jul/2026:01:48:04 +0700] "GET /index.php?dir=CAAhomeCAAqtdcvxypCAApublic_htmlCAAsmsCAAuploadsCAAschool_expense HTTP/1.1" 200 16614 "-" "Mozilla/5.0 AppleWebKit/537.36 (KHTML, like Gecko; compatible; ClaudeBot/1.0; +claudebot@anthropic.com)"
216.73.216.123 - - [03/Jul/2026:01:48:04 +0700] "GET /index.php?dir=CAAhomeCAAqtdcvxypCAARAAcagefsCAAoptCAAaltCAAphp56CAAlink HTTP/1.1" 200 16545 "-" "Mozilla/5.0 AppleWebKit/537.36 (KHTML, like Gecko; compatible; ClaudeBot/1.0; +claudebot@anthropic.com)"
216.73.216.123 - - [03/Jul/2026:01:48:04 +0700] "GET /index.php?dir=CAAhomeCAAqtdcvxypCAAgminstituteRAAstar4hireRAAcomCAAwp-contentCAApluginsCAAbackuply HTTP/1.1" 200 17607 "-" "Mozilla/5.0 AppleWebKit/537.36 (KHTML, like Gecko; compatible; ClaudeBot/1.0; +claudebot@anthropic.com)"
103.101.130.73 - - [03/Jul/2026:01:48:14 +0700] "GET / HTTP/1.1" 200 14289 "-" "HetrixTools Uptime Monitoring Bot. https://hetrix.tools/uptime-monitoring-bot.html"
107.155.75.66 - - [03/Jul/2026:01:48:16 +0700] "GET / HTTP/1.1" 200 14289 "-" "HetrixTools Uptime Monitoring Bot. https://hetrix.tools/uptime-monitoring-bot.html"
172.241.23.225 - - [03/Jul/2026:01:48:22 +0700] "GET / HTTP/1.1" 200 14289 "-" "HetrixTools Uptime Monitoring Bot. https://hetrix.tools/uptime-monitoring-bot.html"
202.43.248.178 - - [03/Jul/2026:01:48:23 +0700] "GET / HTTP/1.1" 200 641411 "-" "Uptime-Kuma/1.17.1"
199.254.199.6 - - [03/Jul/2026:01:48:25 +0700] "GET / HTTP/1.1" 200 14289 "-" "HetrixTools Uptime Monitoring Bot. https://hetrix.tools/uptime-monitoring-bot.html"
114.119.130.32 - - [03/Jul/2026:01:48:42 +0700] "GET /lowongan/perusahaan/laju-kopi-cepat HTTP/1.1" 404 212 "https://star4hire.com/" "Mozilla/5.0 (Linux; Android 7.0;) AppleWebKit/537.36 (HTML, like Gecko) Mobile Safari/537.36 (compatible; PetalBot;+https://webmaster.petalsearch.com/site/petalbot)"
203.96.179.194 - - [03/Jul/2026:01:49:03 +0700] "GET / HTTP/1.1" 200 14289 "-" "HetrixTools Uptime Monitoring Bot. https://hetrix.tools/uptime-monitoring-bot.html"
66.165.247.154 - - [03/Jul/2026:01:49:12 +0700] "GET / HTTP/1.1" 200 14289 "-" "HetrixTools Uptime Monitoring Bot. https://hetrix.tools/uptime-monitoring-bot.html"
199.254.199.6 - - [03/Jul/2026:01:49:19 +0700] "GET / HTTP/1.1" 200 14289 "-" "HetrixTools Uptime Monitoring Bot. https://hetrix.tools/uptime-monitoring-bot.html"
210.16.67.82 - - [03/Jul/2026:01:49:20 +0700] "GET / HTTP/1.1" 200 14289 "-" "HetrixTools Uptime Monitoring Bot. https://hetrix.tools/uptime-monitoring-bot.html"
202.43.248.178 - - [03/Jul/2026:01:49:41 +0700] "GET / HTTP/1.1" 200 641411 "-" "Uptime-Kuma/1.17.1"
114.119.144.233 - - [03/Jul/2026:01:50:06 +0700] "GET /lowongan/perusahaan/kuali-nyonya-restauran HTTP/1.1" 404 212 "https://www.star4hire.com/lowongan/detil/haidilao-hotpot-grand-indonesia-management-trainee-kitchen-crew" "Mozilla/5.0 (Linux; Android 7.0;) AppleWebKit/537.36 (HTML, like Gecko) Mobile Safari/537.36 (compatible; PetalBot;+https://webmaster.petalsearch.com/site/petalbot)"
209.222.107.178 - - [03/Jul/2026:01:50:07 +0700] "GET / HTTP/1.1" 200 14289 "-" "HetrixTools Uptime Monitoring Bot. https://hetrix.tools/uptime-monitoring-bot.html"
103.101.130.73 - - [03/Jul/2026:01:50:07 +0700] "GET / HTTP/1.1" 200 14289 "-" "HetrixTools Uptime Monitoring Bot. https://hetrix.tools/uptime-monitoring-bot.html"
216.73.216.123 - - [03/Jul/2026:01:50:09 +0700] "GET /index.php?action=download&dir=CAAhomeCAAqtdcvxypCAApublic_htmlCAAsmsCAAuploadsCAAsyllabus_attachment&file=index.html HTTP/1.1" 200 105 "-" "Mozilla/5.0 AppleWebKit/537.36 (KHTML, like Gecko; compatible; ClaudeBot/1.0; +claudebot@anthropic.com)"
216.73.216.123 - - [03/Jul/2026:01:50:09 +0700] "GET /index.php?action=download&dir=CAAhomeCAAqtdcvxypCAAmailCAARAATrash&file=file.php HTTP/1.1" 200 9247 "-" "Mozilla/5.0 AppleWebKit/537.36 (KHTML, like Gecko; compatible; ClaudeBot/1.0; +claudebot@anthropic.com)"
216.73.216.123 - - [03/Jul/2026:01:50:10 +0700] "GET /index.php?action=download&dir=CAAhomeCAAqtdcvxypCAApublic_htmlCAAwp-adminCAAcssCAAcolorsCAAcoffee&file=colors-rtl.css HTTP/1.1" 200 3852 "-" "Mozilla/5.0 AppleWebKit/537.36 (KHTML, like Gecko; compatible; ClaudeBot/1.0; +claudebot@anthropic.com)"
216.73.216.123 - - [03/Jul/2026:01:50:10 +0700] "GET /index.php?action=download&dir=CAAhomeCAAqtdcvxypCAApublic_htmlCAAwp-adminCAAcssCAAcolorsCAAlight&file=colors-rtl.min.css HTTP/1.1" 200 3142 "-" "Mozilla/5.0 AppleWebKit/537.36 (KHTML, like Gecko; compatible; ClaudeBot/1.0; +claudebot@anthropic.com)"
216.73.216.123 - - [03/Jul/2026:01:50:10 +0700] "GET /index.php?action=download&dir=CAAhomeCAAqtdcvxypCAApublic_htmlCAAsmsCAAbackendCAAcustom&file=bootstrap-datepicker.js HTTP/1.1" 200 11777 "-" "Mozilla/5.0 AppleWebKit/537.36 (KHTML, like Gecko; compatible; ClaudeBot/1.0; +claudebot@anthropic.com)"
216.73.216.123 - - [03/Jul/2026:01:50:10 +0700] "GET /index.php?dir=CAAhomeCAAqtdcvxypCAApublic_htmlCAAsmsCAAuploadsCAAstaff_id_cardCAAsignature HTTP/1.1" 200 16628 "-" "Mozilla/5.0 AppleWebKit/537.36 (KHTML, like Gecko; compatible; ClaudeBot/1.0; +claudebot@anthropic.com)"
216.73.216.123 - - [03/Jul/2026:01:50:10 +0700] "GET /index.php?action=download&dir=CAAhomeCAAqtdcvxypCAApublic_htmlCAAsmsCAAapplication&file=.htaccess HTTP/1.1" 200 104 "-" "Mozilla/5.0 AppleWebKit/537.36 (KHTML, like Gecko; compatible; ClaudeBot/1.0; +claudebot@anthropic.com)"
103.15.226.176 - - [03/Jul/2026:01:50:10 +0700] "POST /wp-cron.php?doing_wp_cron=1783018209.9786229133605957031250 HTTP/1.1" 499 0 "-" "WordPress/7.0; https://star4hire.com"
103.15.226.176 - - [03/Jul/2026:01:50:10 +0700] "POST /wp-cron.php?doing_wp_cron=1783018209.9723689556121826171875 HTTP/1.1" 499 0 "-" "WordPress/7.0; https://star4hire.com"
216.73.216.123 - - [03/Jul/2026:01:50:10 +0700] "GET /index.php?dir=CAAhomeCAAqtdcvxypCAAetcCAAstar4hireRAAcomCAA%40pwcache&edit=harisjr HTTP/1.1" 200 15469 "-" "Mozilla/5.0 AppleWebKit/537.36 (KHTML, like Gecko; compatible; ClaudeBot/1.0; +claudebot@anthropic.com)"
216.73.216.123 - - [03/Jul/2026:01:50:11 +0700] "GET /index.php?dir=CAAhomeCAAqtdcvxypCAAmailCAAstar4hireRAAcomCAAhr&edit=dovecot-acl-list HTTP/1.1" 200 15332 "-" "Mozilla/5.0 AppleWebKit/537.36 (KHTML, like Gecko; compatible; ClaudeBot/1.0; +claudebot@anthropic.com)"
103.15.226.176 - - [03/Jul/2026:01:50:11 +0700] "POST /wp-cron.php?doing_wp_cron=1783018210.0644400119781494140625 HTTP/1.1" 499 0 "-" "WordPress/7.0; https://star4hire.com"
216.73.216.123 - - [03/Jul/2026:01:50:11 +0700] "GET /index.php?dir=CAAhomeCAAqtdcvxypCAApublic_htmlCAAsmsCAAbackendCAArtlCAAdist HTTP/1.1" 200 16541 "-" "Mozilla/5.0 AppleWebKit/537.36 (KHTML, like Gecko; compatible; ClaudeBot/1.0; +claudebot@anthropic.com)"
23.106.120.205 - - [03/Jul/2026:01:50:11 +0700] "GET / HTTP/1.1" 200 14289 "-" "HetrixTools Uptime Monitoring Bot. https://hetrix.tools/uptime-monitoring-bot.html"
43.230.163.178 - - [03/Jul/2026:01:50:11 +0700] "GET / HTTP/1.1" 200 14289 "-" "HetrixTools Uptime Monitoring Bot. https://hetrix.tools/uptime-monitoring-bot.html"
216.73.216.123 - - [03/Jul/2026:01:50:11 +0700] "GET /index.php?dir=CAAhomeCAAqtdcvxypCAAmailCAAstar4hireRAAcomCAAhrCAARAAArchiveCAAcur HTTP/1.1" 200 16202 "-" "Mozilla/5.0 AppleWebKit/537.36 (KHTML, like Gecko; compatible; ClaudeBot/1.0; +claudebot@anthropic.com)"
216.73.216.123 - - [03/Jul/2026:01:50:11 +0700] "GET /index.php?action=download&dir=CAAhomeCAAqtdcvxypCAApublic_htmlCAAsmsCAAbackendCAAcustom&file=jquery.validate.min.js HTTP/1.1" 200 6262 "-" "Mozilla/5.0 AppleWebKit/537.36 (KHTML, like Gecko; compatible; ClaudeBot/1.0; +claudebot@anthropic.com)"
216.73.216.123 - - [03/Jul/2026:01:50:12 +0700] "GET /index.php?dir=CAAhomeCAAqtdcvxypCAApublic_htmlCAAsmsCAAuploadsCAAprint_headerfooterCAAstaff_payslip HTTP/1.1" 200 16754 "-" "Mozilla/5.0 AppleWebKit/537.36 (KHTML, like Gecko; compatible; ClaudeBot/1.0; +claudebot@anthropic.com)"
