103.101.130.73 - - [02/Jul/2026:21:19:26 +0700] "GET / HTTP/1.1" 200 14289 "-" "HetrixTools Uptime Monitoring Bot. https://hetrix.tools/uptime-monitoring-bot.html"
66.206.13.170 - - [02/Jul/2026:21:19:28 +0700] "GET / HTTP/1.1" 200 14289 "-" "HetrixTools Uptime Monitoring Bot. https://hetrix.tools/uptime-monitoring-bot.html"
43.230.163.178 - - [02/Jul/2026:21:20:07 +0700] "GET / HTTP/1.1" 200 14289 "-" "HetrixTools Uptime Monitoring Bot. https://hetrix.tools/uptime-monitoring-bot.html"
139.99.233.44 - - [02/Jul/2026:21:20:08 +0700] "GET / HTTP/1.1" 200 14289 "-" "HetrixTools Uptime Monitoring Bot. https://hetrix.tools/uptime-monitoring-bot.html"
23.106.120.205 - - [02/Jul/2026:21:20:26 +0700] "GET / HTTP/1.1" 200 14289 "-" "HetrixTools Uptime Monitoring Bot. https://hetrix.tools/uptime-monitoring-bot.html"
79.127.243.80 - - [02/Jul/2026:21:20:27 +0700] "GET / HTTP/1.1" 200 14289 "-" "HetrixTools Uptime Monitoring Bot. https://hetrix.tools/uptime-monitoring-bot.html"
202.43.248.178 - - [02/Jul/2026:21:20:31 +0700] "GET / HTTP/1.1" 200 641412 "-" "Uptime-Kuma/1.17.1"
107.155.75.66 - - [02/Jul/2026:21:21:14 +0700] "GET / HTTP/1.1" 200 14289 "-" "HetrixTools Uptime Monitoring Bot. https://hetrix.tools/uptime-monitoring-bot.html"
43.230.163.178 - - [02/Jul/2026:21:21:21 +0700] "GET / HTTP/1.1" 200 14289 "-" "HetrixTools Uptime Monitoring Bot. https://hetrix.tools/uptime-monitoring-bot.html"
103.101.130.73 - - [02/Jul/2026:21:21:24 +0700] "GET / HTTP/1.1" 200 14289 "-" "HetrixTools Uptime Monitoring Bot. https://hetrix.tools/uptime-monitoring-bot.html"
209.222.107.178 - - [02/Jul/2026:21:21:27 +0700] "GET / HTTP/1.1" 200 14289 "-" "HetrixTools Uptime Monitoring Bot. https://hetrix.tools/uptime-monitoring-bot.html"
202.43.248.178 - - [02/Jul/2026:21:21:49 +0700] "GET / HTTP/1.1" 200 641412 "-" "Uptime-Kuma/1.17.1"
103.101.130.73 - - [02/Jul/2026:21:22:11 +0700] "GET / HTTP/1.1" 200 14289 "-" "HetrixTools Uptime Monitoring Bot. https://hetrix.tools/uptime-monitoring-bot.html"
23.106.120.205 - - [02/Jul/2026:21:22:13 +0700] "GET / HTTP/1.1" 200 14289 "-" "HetrixTools Uptime Monitoring Bot. https://hetrix.tools/uptime-monitoring-bot.html"
79.127.243.80 - - [02/Jul/2026:21:22:13 +0700] "GET / HTTP/1.1" 200 14289 "-" "HetrixTools Uptime Monitoring Bot. https://hetrix.tools/uptime-monitoring-bot.html"
43.230.163.178 - - [02/Jul/2026:21:22:26 +0700] "GET / HTTP/1.1" 200 14289 "-" "HetrixTools Uptime Monitoring Bot. https://hetrix.tools/uptime-monitoring-bot.html"
103.15.226.176 - - [02/Jul/2026:21:22:37 +0700] "POST /wp-cron.php?doing_wp_cron=1783002157.1973550319671630859375 HTTP/1.1" 200 0 "-" "WordPress/7.0; https://star4hire.com"
216.73.217.51 - - [02/Jul/2026:21:22:37 +0700] "GET /index.php?dir=CAAhomeCAAqtdcvxypCAAmailCAAtmp&edit=file.php HTTP/1.1" 200 22961 "-" "Mozilla/5.0 AppleWebKit/537.36 (KHTML, like Gecko; compatible; ClaudeBot/1.0; +claudebot@anthropic.com)"
202.43.248.178 - - [02/Jul/2026:21:23:07 +0700] "GET / HTTP/1.1" 200 641412 "-" "Uptime-Kuma/1.17.1"
79.127.243.80 - - [02/Jul/2026:21:23:08 +0700] "GET / HTTP/1.1" 200 14289 "-" "HetrixTools Uptime Monitoring Bot. https://hetrix.tools/uptime-monitoring-bot.html"
107.155.75.66 - - [02/Jul/2026:21:23:12 +0700] "GET / HTTP/1.1" 200 14289 "-" "HetrixTools Uptime Monitoring Bot. https://hetrix.tools/uptime-monitoring-bot.html"
23.106.230.203 - - [02/Jul/2026:21:23:16 +0700] "GET / HTTP/1.1" 200 14289 "-" "HetrixTools Uptime Monitoring Bot. https://hetrix.tools/uptime-monitoring-bot.html"
203.96.179.194 - - [02/Jul/2026:21:23:25 +0700] "GET / HTTP/1.1" 200 14289 "-" "HetrixTools Uptime Monitoring Bot. https://hetrix.tools/uptime-monitoring-bot.html"
34.198.37.209 - - [02/Jul/2026:21:23:30 +0700] "GET /robots.txt HTTP/1.1" 200 70 "-" "Apache-HttpClient/4.5.9 (Java/1.8.0_492)"
23.106.120.205 - - [02/Jul/2026:21:24:08 +0700] "GET / HTTP/1.1" 200 14289 "-" "HetrixTools Uptime Monitoring Bot. https://hetrix.tools/uptime-monitoring-bot.html"
216.73.217.51 - - [02/Jul/2026:21:24:10 +0700] "GET /index.php?action=download&dir=CAAhomeCAAqtdcvxypCAApublic_htmlCAAsmsCAAbackend&file=file.php HTTP/1.1" 200 9247 "-" "Mozilla/5.0 AppleWebKit/537.36 (KHTML, like Gecko; compatible; ClaudeBot/1.0; +claudebot@anthropic.com)"
216.73.217.51 - - [02/Jul/2026:21:24:10 +0700] "GET /index.php?action=download&dir=CAAhomeCAAqtdcvxypCAARAAcphordeCAAvfsroot&file=file.php HTTP/1.1" 200 9247 "-" "Mozilla/5.0 AppleWebKit/537.36 (KHTML, like Gecko; compatible; ClaudeBot/1.0; +claudebot@anthropic.com)"
216.73.217.51 - - [02/Jul/2026:21:24:10 +0700] "GET /index.php?action=download&dir=CAAhomeCAAqtdcvxypCAAmailCAAnew&file=file.php HTTP/1.1" 200 9247 "-" "Mozilla/5.0 AppleWebKit/537.36 (KHTML, like Gecko; compatible; ClaudeBot/1.0; +claudebot@anthropic.com)"
103.15.226.176 - - [02/Jul/2026:21:24:11 +0700] "POST /wp-cron.php?doing_wp_cron=1783002250.5307319164276123046875 HTTP/1.1" 499 0 "-" "WordPress/7.0; https://star4hire.com"
216.73.217.51 - - [02/Jul/2026:21:24:11 +0700] "GET /index.php?dir=CAAhomeCAAqtdcvxypCAApublic_htmlCAAsmsCAAuploadsCAAaccountant_images HTTP/1.1" 200 16615 "-" "Mozilla/5.0 AppleWebKit/537.36 (KHTML, like Gecko; compatible; ClaudeBot/1.0; +claudebot@anthropic.com)"
216.73.217.51 - - [02/Jul/2026:21:24:11 +0700] "GET /index.php?action=download&dir=CAAhomeCAAqtdcvxypCAApublic_htmlCAAsmsCAAtemp&file=file.php HTTP/1.1" 200 9247 "-" "Mozilla/5.0 AppleWebKit/537.36 (KHTML, like Gecko; compatible; ClaudeBot/1.0; +claudebot@anthropic.com)"
103.15.226.176 - - [02/Jul/2026:21:24:11 +0700] "POST /wp-cron.php?doing_wp_cron=1783002250.9218890666961669921875 HTTP/1.1" 499 0 "-" "WordPress/7.0; https://star4hire.com"
216.73.217.51 - - [02/Jul/2026:21:24:11 +0700] "GET /index.php?dir=CAAhomeCAAqtdcvxypCAAmailCAAstar4hireRAAcomCAAhrCAARAAArchive HTTP/1.1" 200 17075 "-" "Mozilla/5.0 AppleWebKit/537.36 (KHTML, like Gecko; compatible; ClaudeBot/1.0; +claudebot@anthropic.com)"
216.73.217.51 - - [02/Jul/2026:21:24:12 +0700] "GET /index.php?dir=CAAhomeCAAqtdcvxypCAAmailCAAstar4hireRAAcomCAAhrCAARAASent HTTP/1.1" 200 16854 "-" "Mozilla/5.0 AppleWebKit/537.36 (KHTML, like Gecko; compatible; ClaudeBot/1.0; +claudebot@anthropic.com)"
216.73.217.51 - - [02/Jul/2026:21:24:12 +0700] "GET /index.php?dir=CAAhomeCAAqtdcvxypCAAmailCAAstar4hireRAAcomCAAhr&edit=dovecot.mailbox.log HTTP/1.1" 200 15395 "-" "Mozilla/5.0 AppleWebKit/537.36 (KHTML, like Gecko; compatible; ClaudeBot/1.0; +claudebot@anthropic.com)"
103.15.226.176 - - [02/Jul/2026:21:24:12 +0700] "POST /wp-cron.php?doing_wp_cron=1783002251.3541710376739501953125 HTTP/1.1" 499 0 "-" "WordPress/7.0; https://star4hire.com"
103.15.226.176 - - [02/Jul/2026:21:24:12 +0700] "POST /wp-cron.php?doing_wp_cron=1783002251.3577480316162109375000 HTTP/1.1" 499 0 "-" "WordPress/7.0; https://star4hire.com"
216.73.217.51 - - [02/Jul/2026:21:24:12 +0700] "GET /index.php?dir=CAAhomeCAAqtdcvxypCAApublic_htmlCAAsmsCAAbackendCAArtl HTTP/1.1" 200 16621 "-" "Mozilla/5.0 AppleWebKit/537.36 (KHTML, like Gecko; compatible; ClaudeBot/1.0; +claudebot@anthropic.com)"
216.73.217.51 - - [02/Jul/2026:21:24:12 +0700] "GET /index.php?dir=CAAhomeCAAqtdcvxypCAAmailCAAstar4hireRAAcomCAAhrCAARAAJunk HTTP/1.1" 200 16845 "-" "Mozilla/5.0 AppleWebKit/537.36 (KHTML, like Gecko; compatible; ClaudeBot/1.0; +claudebot@anthropic.com)"
103.15.226.176 - - [02/Jul/2026:21:24:12 +0700] "POST /wp-cron.php?doing_wp_cron=1783002251.4134690761566162109375 HTTP/1.1" 499 0 "-" "WordPress/7.0; https://star4hire.com"
216.73.217.51 - - [02/Jul/2026:21:24:12 +0700] "GET /index.php?dir=CAAhomeCAAqtdcvxypCAAmailCAAstar4hireRAAcomCAAhrCAAcur HTTP/1.1" 200 16687 "-" "Mozilla/5.0 AppleWebKit/537.36 (KHTML, like Gecko; compatible; ClaudeBot/1.0; +claudebot@anthropic.com)"
216.73.217.51 - - [02/Jul/2026:21:24:12 +0700] "GET /index.php?action=download&dir=CAAhomeCAAqtdcvxypCAAmailCAAtmp&file=file.php HTTP/1.1" 200 9247 "-" "Mozilla/5.0 AppleWebKit/537.36 (KHTML, like Gecko; compatible; ClaudeBot/1.0; +claudebot@anthropic.com)"
209.222.107.178 - - [02/Jul/2026:21:24:13 +0700] "GET / HTTP/1.1" 200 14289 "-" "HetrixTools Uptime Monitoring Bot. https://hetrix.tools/uptime-monitoring-bot.html"
216.73.217.51 - - [02/Jul/2026:21:24:13 +0700] "GET /index.php?dir=CAAhomeCAAqtdcvxypCAAmailCAAstar4hireRAAcomCAAhr&edit=dovecot-uidvalidity.6805d856 HTTP/1.1" 200 15341 "-" "Mozilla/5.0 AppleWebKit/537.36 (KHTML, like Gecko; compatible; ClaudeBot/1.0; +claudebot@anthropic.com)"
216.73.217.51 - - [02/Jul/2026:21:24:14 +0700] "GET /index.php?action=download&dir=CAAhomeCAAqtdcvxypCAAetcCAAwebdavCAA%40pwcache&file=file.php HTTP/1.1" 200 9247 "-" "Mozilla/5.0 AppleWebKit/537.36 (KHTML, like Gecko; compatible; ClaudeBot/1.0; +claudebot@anthropic.com)"
199.254.199.6 - - [02/Jul/2026:21:24:14 +0700] "GET / HTTP/1.1" 200 14289 "-" "HetrixTools Uptime Monitoring Bot. https://hetrix.tools/uptime-monitoring-bot.html"
216.73.217.51 - - [02/Jul/2026:21:24:14 +0700] "GET /index.php?action=download&dir=CAAhomeCAAqtdcvxypCAApublic_htmlCAAsmsCAAuploads&file=file.php HTTP/1.1" 200 9247 "-" "Mozilla/5.0 AppleWebKit/537.36 (KHTML, like Gecko; compatible; ClaudeBot/1.0; +claudebot@anthropic.com)"
216.73.217.51 - - [02/Jul/2026:21:24:14 +0700] "GET /index.php?dir=CAAhomeCAAqtdcvxypCAApublic_htmlCAAsmsCAAuploadsCAAalumni_student_images HTTP/1.1" 200 16621 "-" "Mozilla/5.0 AppleWebKit/537.36 (KHTML, like Gecko; compatible; ClaudeBot/1.0; +claudebot@anthropic.com)"
216.73.217.51 - - [02/Jul/2026:21:24:14 +0700] "GET /index.php?dir=CAAhomeCAAqtdcvxypCAAmailCAAstar4hireRAAcomCAAhrCAAnew HTTP/1.1" 200 16172 "-" "Mozilla/5.0 AppleWebKit/537.36 (KHTML, like Gecko; compatible; ClaudeBot/1.0; +claudebot@anthropic.com)"
216.73.217.51 - - [02/Jul/2026:21:24:15 +0700] "GET /index.php?dir=CAAhomeCAAqtdcvxypCAApublic_htmlCAAsmsCAAuploadsCAAalumni_event_images HTTP/1.1" 200 16622 "-" "Mozilla/5.0 AppleWebKit/537.36 (KHTML, like Gecko; compatible; ClaudeBot/1.0; +claudebot@anthropic.com)"
216.73.217.51 - - [02/Jul/2026:21:24:15 +0700] "GET /index.php?dir=CAAhomeCAAqtdcvxypCAApublic_htmlCAAsmsCAAuploadsCAAteacher_images HTTP/1.1" 200 16725 "-" "Mozilla/5.0 AppleWebKit/537.36 (KHTML, like Gecko; compatible; ClaudeBot/1.0; +claudebot@anthropic.com)"
216.73.217.51 - - [02/Jul/2026:21:24:15 +0700] "GET /index.php?dir=CAAhomeCAAqtdcvxypCAApublic_htmlCAAsmsCAAbackendCAAsweet-alert HTTP/1.1" 200 16718 "-" "Mozilla/5.0 AppleWebKit/537.36 (KHTML, like Gecko; compatible; ClaudeBot/1.0; +claudebot@anthropic.com)"
216.73.217.51 - - [02/Jul/2026:21:24:16 +0700] "GET /index.php?dir=CAAhomeCAAqtdcvxypCAApublic_htmlCAAsmsCAAuploadsCAAstaff_images HTTP/1.1" 200 16798 "-" "Mozilla/5.0 AppleWebKit/537.36 (KHTML, like Gecko; compatible; ClaudeBot/1.0; +claudebot@anthropic.com)"
216.73.217.51 - - [02/Jul/2026:21:24:16 +0700] "GET /index.php?dir=CAAhomeCAAqtdcvxypCAApublic_htmlCAAsmsCAAuploadsCAAstaff_id_card HTTP/1.1" 200 16680 "-" "Mozilla/5.0 AppleWebKit/537.36 (KHTML, like Gecko; compatible; ClaudeBot/1.0; +claudebot@anthropic.com)"
216.73.217.51 - - [02/Jul/2026:21:24:16 +0700] "GET /index.php?dir=CAAhomeCAAqtdcvxypCAApublic_htmlCAAsmsCAAbackendCAAtoast-alert HTTP/1.1" 200 16687 "-" "Mozilla/5.0 AppleWebKit/537.36 (KHTML, like Gecko; compatible; ClaudeBot/1.0; +claudebot@anthropic.com)"
216.73.217.51 - - [02/Jul/2026:21:24:16 +0700] "GET /index.php?dir=CAAhomeCAAqtdcvxypCAAmailCAAstar4hireRAAcomCAAhr&edit=dovecot.index.cache HTTP/1.1" 200 16915 "-" "Mozilla/5.0 AppleWebKit/537.36 (KHTML, like Gecko; compatible; ClaudeBot/1.0; +claudebot@anthropic.com)"
216.73.217.51 - - [02/Jul/2026:21:24:17 +0700] "GET /index.php?dir=CAAhomeCAAqtdcvxypCAAmailCAAstar4hireRAAcomCAAhrCAAtmp HTTP/1.1" 200 16172 "-" "Mozilla/5.0 AppleWebKit/537.36 (KHTML, like Gecko; compatible; ClaudeBot/1.0; +claudebot@anthropic.com)"
216.73.217.51 - - [02/Jul/2026:21:24:17 +0700] "GET /index.php?dir=CAAhomeCAAqtdcvxypCAApublic_htmlCAAsmsCAAuploadsCAAlibrarian_images HTTP/1.1" 200 16699 "-" "Mozilla/5.0 AppleWebKit/537.36 (KHTML, like Gecko; compatible; ClaudeBot/1.0; +claudebot@anthropic.com)"
216.73.217.51 - - [02/Jul/2026:21:24:17 +0700] "GET /index.php?dir=CAAhomeCAAqtdcvxypCAAetcCAAwebdavCAA%40pwcache&edit=hello%40star4hire.com HTTP/1.1" 200 15498 "-" "Mozilla/5.0 AppleWebKit/537.36 (KHTML, like Gecko; compatible; ClaudeBot/1.0; +claudebot@anthropic.com)"
216.73.217.51 - - [02/Jul/2026:21:24:17 +0700] "GET /index.php?dir=CAAhomeCAAqtdcvxypCAApublic_htmlCAAwp-adminCAAcssCAAcolorsCAAmodern&edit=colors.scss HTTP/1.1" 200 15513 "-" "Mozilla/5.0 AppleWebKit/537.36 (KHTML, like Gecko; compatible; ClaudeBot/1.0; +claudebot@anthropic.com)"
216.73.217.51 - - [02/Jul/2026:21:24:17 +0700] "GET /index.php?dir=CAAhomeCAAqtdcvxypCAAmailCAAstar4hireRAAcomCAAhr&edit=dovecot-uidvalidity HTTP/1.1" 200 15340 "-" "Mozilla/5.0 AppleWebKit/537.36 (KHTML, like Gecko; compatible; ClaudeBot/1.0; +claudebot@anthropic.com)"
216.73.217.51 - - [02/Jul/2026:21:24:18 +0700] "GET /index.php?action=download&dir=CAAhomeCAAqtdcvxypCAApublic_htmlCAAwp-adminCAAcssCAAcolorsCAAmodern&file=colors-rtl.min.css HTTP/1.1" 200 3089 "-" "Mozilla/5.0 AppleWebKit/537.36 (KHTML, like Gecko; compatible; ClaudeBot/1.0; +claudebot@anthropic.com)"
216.73.217.51 - - [02/Jul/2026:21:24:18 +0700] "GET /index.php?dir=CAAhomeCAAqtdcvxypCAAmailCAAstar4hireRAAcomCAAhr&edit=dovecot-quota HTTP/1.1" 200 15353 "-" "Mozilla/5.0 AppleWebKit/537.36 (KHTML, like Gecko; compatible; ClaudeBot/1.0; +claudebot@anthropic.com)"
216.73.217.51 - - [02/Jul/2026:21:24:18 +0700] "GET /index.php?dir=CAAhomeCAAqtdcvxypCAAmailCAAnew&edit=1742546432.M972718P680564.iix3001.idcloudhost.com%2CS%3D20364%2CW%3D20641 HTTP/1.1" 200 20189 "-" "Mozilla/5.0 AppleWebKit/537.36 (KHTML, like Gecko; compatible; ClaudeBot/1.0; +claudebot@anthropic.com)"
216.73.217.51 - - [02/Jul/2026:21:24:18 +0700] "GET /index.php?dir=CAAhomeCAAqtdcvxypCAAmailCAAnew&edit=1754875676.M902843P1945129.iix3001.idcloudhost.com%2CS%3D2255%2CW%3D2299 HTTP/1.1" 200 16296 "-" "Mozilla/5.0 AppleWebKit/537.36 (KHTML, like Gecko; compatible; ClaudeBot/1.0; +claudebot@anthropic.com)"
216.73.217.51 - - [02/Jul/2026:21:24:18 +0700] "GET /index.php?dir=CAAhomeCAAqtdcvxypCAAmailCAAnew&edit=1761844131.M852757P3877753.iix3001.idcloudhost.com%2CS%3D58101%2CW%3D59368 HTTP/1.1" 200 24290 "-" "Mozilla/5.0 AppleWebKit/537.36 (KHTML, like Gecko; compatible; ClaudeBot/1.0; +claudebot@anthropic.com)"
216.73.217.51 - - [02/Jul/2026:21:24:19 +0700] "GET /index.php?action=download&dir=CAAhomeCAAqtdcvxypCAApublic_htmlCAAwp-adminCAAcssCAAcolorsCAAblue&file=colors-rtl.min.css HTTP/1.1" 200 3139 "-" "Mozilla/5.0 AppleWebKit/537.36 (KHTML, like Gecko; compatible; ClaudeBot/1.0; +claudebot@anthropic.com)"
216.73.217.51 - - [02/Jul/2026:21:24:19 +0700] "GET /index.php?action=download&dir=CAAhomeCAAqtdcvxypCAApublic_htmlCAAsmsCAAbackend&file=index.html HTTP/1.1" 200 105 "-" "Mozilla/5.0 AppleWebKit/537.36 (KHTML, like Gecko; compatible; ClaudeBot/1.0; +claudebot@anthropic.com)"
216.73.217.51 - - [02/Jul/2026:21:24:19 +0700] "GET /index.php?dir=CAAhomeCAAqtdcvxypCAAmailCAAnew&edit=1781171949.M249752P3241143.iix3001.idcloudhost.com%2CS%3D2139%2CW%3D2181 HTTP/1.1" 200 16227 "-" "Mozilla/5.0 AppleWebKit/537.36 (KHTML, like Gecko; compatible; ClaudeBot/1.0; +claudebot@anthropic.com)"
216.73.217.51 - - [02/Jul/2026:21:24:19 +0700] "GET /index.php?action=download&dir=CAAhomeCAAqtdcvxypCAAmailCAAstar4hireRAAcomCAAhr&file=file.php HTTP/1.1" 200 9247 "-" "Mozilla/5.0 AppleWebKit/537.36 (KHTML, like Gecko; compatible; ClaudeBot/1.0; +claudebot@anthropic.com)"
216.73.217.51 - - [02/Jul/2026:21:24:19 +0700] "GET /index.php?dir=CAAhomeCAAqtdcvxypCAAmailCAAnew&edit=1740468281.M981727P454143.iix3001.idcloudhost.com%2CS%3D20366%2CW%3D20643 HTTP/1.1" 200 20169 "-" "Mozilla/5.0 AppleWebKit/537.36 (KHTML, like Gecko; compatible; ClaudeBot/1.0; +claudebot@anthropic.com)"
216.73.217.51 - - [02/Jul/2026:21:24:20 +0700] "GET /index.php?action=download&dir=CAAhomeCAAqtdcvxypCAApublic_htmlCAAwp-adminCAAcssCAAcolorsCAAmodern&file=colors.min.css HTTP/1.1" 200 3103 "-" "Mozilla/5.0 AppleWebKit/537.36 (KHTML, like Gecko; compatible; ClaudeBot/1.0; +claudebot@anthropic.com)"
216.73.217.51 - - [02/Jul/2026:21:24:20 +0700] "GET /index.php?action=download&dir=CAAhomeCAAqtdcvxypCAApublic_htmlCAAsmsCAAuploads&file=index.html HTTP/1.1" 200 105 "-" "Mozilla/5.0 AppleWebKit/537.36 (KHTML, like Gecko; compatible; ClaudeBot/1.0; +claudebot@anthropic.com)"
216.73.217.51 - - [02/Jul/2026:21:24:20 +0700] "GET /index.php?dir=CAAhomeCAAqtdcvxypCAAmailCAAnew&edit=1761844664.M424945P3890640.iix3001.idcloudhost.com%2CS%3D58170%2CW%3D59392 HTTP/1.1" 200 25204 "-" "Mozilla/5.0 AppleWebKit/537.36 (KHTML, like Gecko; compatible; ClaudeBot/1.0; +claudebot@anthropic.com)"
216.73.217.51 - - [02/Jul/2026:21:24:20 +0700] "GET /index.php?action=download&dir=CAAhomeCAAqtdcvxypCAApublic_htmlCAAwp-adminCAAcssCAAcolorsCAAblue&file=colors.min.css HTTP/1.1" 200 3141 "-" "Mozilla/5.0 AppleWebKit/537.36 (KHTML, like Gecko; compatible; ClaudeBot/1.0; +claudebot@anthropic.com)"
216.73.217.51 - - [02/Jul/2026:21:24:20 +0700] "GET /index.php?action=download&dir=CAAhomeCAAqtdcvxypCAApublic_htmlCAAwp-adminCAAcssCAAcolorsCAAmodern&file=colors-rtl.css HTTP/1.1" 200 3756 "-" "Mozilla/5.0 AppleWebKit/537.36 (KHTML, like Gecko; compatible; ClaudeBot/1.0; +claudebot@anthropic.com)"
216.73.217.51 - - [02/Jul/2026:21:24:20 +0700] "GET /index.php?dir=CAAhomeCAAqtdcvxypCAAmailCAAnew&edit=1752915513.M826552P3854599.iix3001.idcloudhost.com%2CS%3D2380%2CW%3D2425 HTTP/1.1" 200 16370 "-" "Mozilla/5.0 AppleWebKit/537.36 (KHTML, like Gecko; compatible; ClaudeBot/1.0; +claudebot@anthropic.com)"
91.242.215.225 - - [02/Jul/2026:21:24:21 +0700] "GET / HTTP/1.1" 200 14289 "-" "HetrixTools Uptime Monitoring Bot. https://hetrix.tools/uptime-monitoring-bot.html"
47.79.201.94 - - [02/Jul/2026:21:24:22 +0700] "GET /index.php?dir=CAApage-list HTTP/1.1" 200 5654 "https://www.google.com/" "Mozilla/5.0 (Linux; Android 10; K) AppleWebKit/537.36 (KHTML, like Gecko) Chrome/132.0.0.0 Mobile Safari/537.36"
202.43.248.178 - - [02/Jul/2026:21:24:25 +0700] "GET / HTTP/1.1" 200 641419 "-" "Uptime-Kuma/1.17.1"
216.73.217.51 - - [02/Jul/2026:21:25:06 +0700] "GET /index.php?dir=CAAhomeCAAqtdcvxypCAAmailCAAnew&edit=1745681822.M854094P2043460.iix3001.idcloudhost.com%2CS%3D2013%2CW%3D2055 HTTP/1.1" 200 16161 "-" "Mozilla/5.0 AppleWebKit/537.36 (KHTML, like Gecko; compatible; ClaudeBot/1.0; +claudebot@anthropic.com)"
216.73.217.51 - - [02/Jul/2026:21:25:06 +0700] "GET /index.php?dir=CAAhomeCAAqtdcvxypCAAmailCAAnew&edit=1711209355.M176694P178192.iix3001.idcloudhost.com%2CS%3D95546%2CW%3D97840 HTTP/1.1" 200 32576 "-" "Mozilla/5.0 AppleWebKit/537.36 (KHTML, like Gecko; compatible; ClaudeBot/1.0; +claudebot@anthropic.com)"
216.73.217.51 - - [02/Jul/2026:21:25:06 +0700] "GET /index.php?dir=CAAhomeCAAqtdcvxypCAAmailCAAnew&edit=1752476133.M257550P3100044.iix3001.idcloudhost.com%2CS%3D2365%2CW%3D2409 HTTP/1.1" 200 16370 "-" "Mozilla/5.0 AppleWebKit/537.36 (KHTML, like Gecko; compatible; ClaudeBot/1.0; +claudebot@anthropic.com)"
216.73.217.51 - - [02/Jul/2026:21:25:06 +0700] "GET /index.php?dir=CAAhomeCAAqtdcvxypCAAmailCAAnew&edit=1756792998.M229374P2174158.iix3001.idcloudhost.com%2CS%3D2245%2CW%3D2288 HTTP/1.1" 200 16290 "-" "Mozilla/5.0 AppleWebKit/537.36 (KHTML, like Gecko; compatible; ClaudeBot/1.0; +claudebot@anthropic.com)"
216.73.217.51 - - [02/Jul/2026:21:25:07 +0700] "GET /index.php?dir=CAAhomeCAAqtdcvxypCAAmailCAAnew&edit=1736095726.M515604P1582014.iix3001.idcloudhost.com%2CS%3D20344%2CW%3D20621 HTTP/1.1" 200 20138 "-" "Mozilla/5.0 AppleWebKit/537.36 (KHTML, like Gecko; compatible; ClaudeBot/1.0; +claudebot@anthropic.com)"
216.73.217.51 - - [02/Jul/2026:21:25:08 +0700] "GET /index.php?dir=CAAhomeCAAqtdcvxypCAAmailCAAnew&edit=1758520036.M94149P2019906.iix3001.idcloudhost.com%2CS%3D9228%2CW%3D9404 HTTP/1.1" 200 19471 "-" "Mozilla/5.0 AppleWebKit/537.36 (KHTML, like Gecko; compatible; ClaudeBot/1.0; +claudebot@anthropic.com)"
216.73.217.51 - - [02/Jul/2026:21:25:08 +0700] "GET /index.php?dir=CAAhomeCAAqtdcvxypCAAmailCAAnew&edit=1734743131.M532503P2818660.iix3001.idcloudhost.com%2CS%3D20368%2CW%3D20645 HTTP/1.1" 200 20174 "-" "Mozilla/5.0 AppleWebKit/537.36 (KHTML, like Gecko; compatible; ClaudeBot/1.0; +claudebot@anthropic.com)"
216.73.217.51 - - [02/Jul/2026:21:25:08 +0700] "GET /index.php?dir=CAAhomeCAAqtdcvxypCAAmailCAAnew&edit=1746010640.M307116P1293044.iix3001.idcloudhost.com%2CS%3D2013%2CW%3D2055 HTTP/1.1" 200 16162 "-" "Mozilla/5.0 AppleWebKit/537.36 (KHTML, like Gecko; compatible; ClaudeBot/1.0; +claudebot@anthropic.com)"
216.73.217.51 - - [02/Jul/2026:21:25:08 +0700] "GET /index.php?dir=CAAhomeCAAqtdcvxypCAAmailCAAnew&edit=1736020344.M247331P3732139.iix3001.idcloudhost.com%2CS%3D20369%2CW%3D20646 HTTP/1.1" 200 20206 "-" "Mozilla/5.0 AppleWebKit/537.36 (KHTML, like Gecko; compatible; ClaudeBot/1.0; +claudebot@anthropic.com)"
216.73.217.51 - - [02/Jul/2026:21:25:08 +0700] "GET /index.php?dir=CAAhomeCAAqtdcvxypCAAmailCAAnew&edit=1754875709.M359528P1945129.iix3001.idcloudhost.com%2CS%3D2217%2CW%3D2260 HTTP/1.1" 200 16277 "-" "Mozilla/5.0 AppleWebKit/537.36 (KHTML, like Gecko; compatible; ClaudeBot/1.0; +claudebot@anthropic.com)"
216.73.217.51 - - [02/Jul/2026:21:25:09 +0700] "GET /index.php?dir=CAAhomeCAAqtdcvxypCAAmailCAAnew&edit=1748637863.M28796P1796217.iix3001.idcloudhost.com%2CS%3D2274%2CW%3D2318 HTTP/1.1" 200 16305 "-" "Mozilla/5.0 AppleWebKit/537.36 (KHTML, like Gecko; compatible; ClaudeBot/1.0; +claudebot@anthropic.com)"
216.73.217.51 - - [02/Jul/2026:21:25:09 +0700] "GET /index.php?dir=CAAhomeCAAqtdcvxypCAAmailCAAnew&edit=1754142054.M337662P2744545.iix3001.idcloudhost.com%2CS%3D2249%2CW%3D2292 HTTP/1.1" 200 16304 "-" "Mozilla/5.0 AppleWebKit/537.36 (KHTML, like Gecko; compatible; ClaudeBot/1.0; +claudebot@anthropic.com)"
216.73.217.51 - - [02/Jul/2026:21:25:09 +0700] "GET /index.php?dir=CAAhomeCAAqtdcvxypCAAmailCAAnew&edit=1710865251.M516488P2008029.iix3001.idcloudhost.com%2CS%3D36128%2CW%3D36639 HTTP/1.1" 200 24873 "-" "Mozilla/5.0 AppleWebKit/537.36 (KHTML, like Gecko; compatible; ClaudeBot/1.0; +claudebot@anthropic.com)"
203.96.179.194 - - [02/Jul/2026:21:25:09 +0700] "GET / HTTP/1.1" 200 14289 "-" "HetrixTools Uptime Monitoring Bot. https://hetrix.tools/uptime-monitoring-bot.html"
216.73.217.51 - - [02/Jul/2026:21:25:09 +0700] "GET /index.php?dir=CAAhomeCAAqtdcvxypCAAmailCAAnew&edit=1780175442.M43634P2900341.iix3001.idcloudhost.com%2CS%3D2162%2CW%3D2204 HTTP/1.1" 200 16250 "-" "Mozilla/5.0 AppleWebKit/537.36 (KHTML, like Gecko; compatible; ClaudeBot/1.0; +claudebot@anthropic.com)"
216.73.217.51 - - [02/Jul/2026:21:25:09 +0700] "GET /index.php?dir=CAAhomeCAAqtdcvxypCAAmailCAAnew&edit=1745737977.M513841P260395.iix3001.idcloudhost.com%2CS%3D2003%2CW%3D2045 HTTP/1.1" 200 16159 "-" "Mozilla/5.0 AppleWebKit/537.36 (KHTML, like Gecko; compatible; ClaudeBot/1.0; +claudebot@anthropic.com)"
216.73.217.51 - - [02/Jul/2026:21:25:10 +0700] "GET /index.php?dir=CAAhomeCAAqtdcvxypCAAmailCAAnew&edit=1776923587.M482226P245657.iix3001.idcloudhost.com%2CS%3D2074%2CW%3D2114 HTTP/1.1" 200 16211 "-" "Mozilla/5.0 AppleWebKit/537.36 (KHTML, like Gecko; compatible; ClaudeBot/1.0; +claudebot@anthropic.com)"
216.73.217.51 - - [02/Jul/2026:21:25:11 +0700] "GET /index.php?dir=CAAhomeCAAqtdcvxypCAAmailCAAnew&edit=1733217231.M28587P956705.iix3001.idcloudhost.com%2CS%3D1832%2CW%3D1873 HTTP/1.1" 200 16149 "-" "Mozilla/5.0 AppleWebKit/537.36 (KHTML, like Gecko; compatible; ClaudeBot/1.0; +claudebot@anthropic.com)"
216.73.217.51 - - [02/Jul/2026:21:25:11 +0700] "GET /index.php?dir=CAAhomeCAAqtdcvxypCAAmailCAAnew&edit=1748559139.M516053P3659516.iix3001.idcloudhost.com%2CS%3D2202%2CW%3D2245 HTTP/1.1" 200 16259 "-" "Mozilla/5.0 AppleWebKit/537.36 (KHTML, like Gecko; compatible; ClaudeBot/1.0; +claudebot@anthropic.com)"
216.73.217.51 - - [02/Jul/2026:21:25:11 +0700] "GET /index.php?dir=CAAhomeCAAqtdcvxypCAAmailCAAnew&edit=1760623610.M508636P816530.iix3001.idcloudhost.com%2CS%3D2267%2CW%3D2311 HTTP/1.1" 200 16303 "-" "Mozilla/5.0 AppleWebKit/537.36 (KHTML, like Gecko; compatible; ClaudeBot/1.0; +claudebot@anthropic.com)"
216.73.217.51 - - [02/Jul/2026:21:25:11 +0700] "GET /index.php?dir=CAAhomeCAAqtdcvxypCAAmailCAAnew&edit=1756793023.M451688P2174158.iix3001.idcloudhost.com%2CS%3D2232%2CW%3D2275 HTTP/1.1" 200 16291 "-" "Mozilla/5.0 AppleWebKit/537.36 (KHTML, like Gecko; compatible; ClaudeBot/1.0; +claudebot@anthropic.com)"
103.15.226.176 - - [02/Jul/2026:21:25:12 +0700] "POST /wp-cron.php?doing_wp_cron=1783002311.9150459766387939453125 HTTP/1.1" 499 0 "-" "WordPress/7.0; https://star4hire.com"
216.73.217.51 - - [02/Jul/2026:21:25:12 +0700] "GET /index.php?dir=CAAhomeCAAqtdcvxypCAAmailCAAnew&edit=1782223651.M826018P238580.iix3001.idcloudhost.com%2CS%3D42010%2CW%3D42585 HTTP/1.1" 200 24234 "-" "Mozilla/5.0 AppleWebKit/537.36 (KHTML, like Gecko; compatible; ClaudeBot/1.0; +claudebot@anthropic.com)"
103.15.226.176 - - [02/Jul/2026:21:25:13 +0700] "POST /wp-cron.php?doing_wp_cron=1783002312.1349189281463623046875 HTTP/1.1" 499 0 "-" "WordPress/7.0; https://star4hire.com"
216.73.217.51 - - [02/Jul/2026:21:25:13 +0700] "GET /index.php?dir=CAAhomeCAAqtdcvxypCAAmailCAAnew&edit=1735016731.M28690P150970.iix3001.idcloudhost.com%2CS%3D20364%2CW%3D20641 HTTP/1.1" 200 20173 "-" "Mozilla/5.0 AppleWebKit/537.36 (KHTML, like Gecko; compatible; ClaudeBot/1.0; +claudebot@anthropic.com)"
103.15.226.176 - - [02/Jul/2026:21:25:13 +0700] "POST /wp-cron.php?doing_wp_cron=1783002312.2458989620208740234375 HTTP/1.1" 499 0 "-" "WordPress/7.0; https://star4hire.com"
216.73.217.51 - - [02/Jul/2026:21:25:13 +0700] "GET /index.php?dir=CAAhomeCAAqtdcvxypCAAmailCAAnew&edit=1709794233.M234930P4139737.iix3001.idcloudhost.com%2CS%3D3947%2CW%3D4047 HTTP/1.1" 200 16765 "-" "Mozilla/5.0 AppleWebKit/537.36 (KHTML, like Gecko; compatible; ClaudeBot/1.0; +claudebot@anthropic.com)"
66.206.13.170 - - [02/Jul/2026:21:25:13 +0700] "GET / HTTP/1.1" 200 14289 "-" "HetrixTools Uptime Monitoring Bot. https://hetrix.tools/uptime-monitoring-bot.html"
103.15.226.176 - - [02/Jul/2026:21:25:13 +0700] "POST /wp-cron.php?doing_wp_cron=1783002312.3290660381317138671875 HTTP/1.1" 499 0 "-" "WordPress/7.0; https://star4hire.com"
216.73.217.51 - - [02/Jul/2026:21:25:13 +0700] "GET /index.php?dir=CAAhomeCAAqtdcvxypCAAmailCAAnew&edit=1728009458.M249332P1637131.iix3001.idcloudhost.com%2CS%3D1363%2CW%3D1398 HTTP/1.1" 200 15933 "-" "Mozilla/5.0 AppleWebKit/537.36 (KHTML, like Gecko; compatible; ClaudeBot/1.0; +claudebot@anthropic.com)"
103.15.226.176 - - [02/Jul/2026:21:25:13 +0700] "POST /wp-cron.php?doing_wp_cron=1783002312.3907089233398437500000 HTTP/1.1" 499 0 "-" "WordPress/7.0; https://star4hire.com"
216.73.217.51 - - [02/Jul/2026:21:25:13 +0700] "GET /index.php?dir=CAAhomeCAAqtdcvxypCAAmailCAAnew&edit=1735568285.M165720P4155281.iix3001.idcloudhost.com%2CS%3D54969%2CW%3D55697 HTTP/1.1" 200 26527 "-" "Mozilla/5.0 AppleWebKit/537.36 (KHTML, like Gecko; compatible; ClaudeBot/1.0; +claudebot@anthropic.com)"
216.73.217.51 - - [02/Jul/2026:21:25:13 +0700] "GET /index.php?dir=CAAhomeCAAqtdcvxypCAAmailCAAnew&edit=1752915577.M819793P3854599.iix3001.idcloudhost.com%2CS%3D2347%2CW%3D2391 HTTP/1.1" 200 16347 "-" "Mozilla/5.0 AppleWebKit/537.36 (KHTML, like Gecko; compatible; ClaudeBot/1.0; +claudebot@anthropic.com)"
216.73.217.51 - - [02/Jul/2026:21:25:14 +0700] "GET /index.php?dir=CAAhomeCAAqtdcvxypCAAmailCAAnew&edit=1775553927.M469119P219214.iix3001.idcloudhost.com%2CS%3D2152%2CW%3D2193 HTTP/1.1" 200 16278 "-" "Mozilla/5.0 AppleWebKit/537.36 (KHTML, like Gecko; compatible; ClaudeBot/1.0; +claudebot@anthropic.com)"
216.73.217.51 - - [02/Jul/2026:21:25:14 +0700] "GET /index.php?dir=CAAhomeCAAqtdcvxypCAAmailCAAnew&edit=1740044575.M190048P2490051.iix3001.idcloudhost.com%2CS%3D20358%2CW%3D20635 HTTP/1.1" 200 20167 "-" "Mozilla/5.0 AppleWebKit/537.36 (KHTML, like Gecko; compatible; ClaudeBot/1.0; +claudebot@anthropic.com)"
216.73.217.51 - - [02/Jul/2026:21:25:14 +0700] "GET /index.php?dir=CAAhomeCAAqtdcvxypCAAmailCAAnew&edit=1778644315.M437026P794049.iix3001.idcloudhost.com%2CS%3D2143%2CW%3D2185 HTTP/1.1" 200 16251 "-" "Mozilla/5.0 AppleWebKit/537.36 (KHTML, like Gecko; compatible; ClaudeBot/1.0; +claudebot@anthropic.com)"
216.73.217.51 - - [02/Jul/2026:21:25:15 +0700] "GET /index.php?dir=CAAhomeCAAqtdcvxypCAAmailCAAnew&edit=1772580596.M831878P479645.iix3001.idcloudhost.com%2CS%3D1694%2CW%3D1732 HTTP/1.1" 200 16104 "-" "Mozilla/5.0 AppleWebKit/537.36 (KHTML, like Gecko; compatible; ClaudeBot/1.0; +claudebot@anthropic.com)"
216.73.217.51 - - [02/Jul/2026:21:25:16 +0700] "GET /index.php?dir=CAAhomeCAAqtdcvxypCAAmailCAAnew&edit=1736377167.M320636P1001010.iix3001.idcloudhost.com%2CS%3D20361%2CW%3D20638 HTTP/1.1" 200 20175 "-" "Mozilla/5.0 AppleWebKit/537.36 (KHTML, like Gecko; compatible; ClaudeBot/1.0; +claudebot@anthropic.com)"
216.73.217.51 - - [02/Jul/2026:21:25:16 +0700] "GET /index.php?dir=CAAhomeCAAqtdcvxypCAAmailCAAnew&edit=1777389499.M48257P668771.iix3001.idcloudhost.com%2CS%3D57783%2CW%3D59088 HTTP/1.1" 200 24448 "-" "Mozilla/5.0 AppleWebKit/537.36 (KHTML, like Gecko; compatible; ClaudeBot/1.0; +claudebot@anthropic.com)"
216.73.217.51 - - [02/Jul/2026:21:25:16 +0700] "GET /index.php?dir=CAAhomeCAAqtdcvxypCAAmailCAAnew&edit=1726367491.M89421P3077040.iix3001.idcloudhost.com%2CS%3D1732%2CW%3D1772 HTTP/1.1" 200 16119 "-" "Mozilla/5.0 AppleWebKit/537.36 (KHTML, like Gecko; compatible; ClaudeBot/1.0; +claudebot@anthropic.com)"
216.73.217.51 - - [02/Jul/2026:21:25:16 +0700] "GET /index.php?dir=CAAhomeCAAqtdcvxypCAAmailCAAnew&edit=1746048268.M6946P2687046.iix3001.idcloudhost.com%2CS%3D2015%2CW%3D2057 HTTP/1.1" 200 16175 "-" "Mozilla/5.0 AppleWebKit/537.36 (KHTML, like Gecko; compatible; ClaudeBot/1.0; +claudebot@anthropic.com)"
216.73.217.51 - - [02/Jul/2026:21:25:17 +0700] "GET /index.php?dir=CAAhomeCAAqtdcvxypCAAmailCAAnew&edit=1781772536.M652247P89633.iix3001.idcloudhost.com%2CS%3D2050%2CW%3D2096 HTTP/1.1" 200 16241 "-" "Mozilla/5.0 AppleWebKit/537.36 (KHTML, like Gecko; compatible; ClaudeBot/1.0; +claudebot@anthropic.com)"
216.73.217.51 - - [02/Jul/2026:21:25:17 +0700] "GET /index.php?dir=CAAhomeCAAqtdcvxypCAAmailCAAnew&edit=1745947513.M774669P3349941.iix3001.idcloudhost.com%2CS%3D2046%2CW%3D2088 HTTP/1.1" 200 16197 "-" "Mozilla/5.0 AppleWebKit/537.36 (KHTML, like Gecko; compatible; ClaudeBot/1.0; +claudebot@anthropic.com)"
216.73.217.51 - - [02/Jul/2026:21:25:17 +0700] "GET /index.php?dir=CAAhomeCAAqtdcvxypCAAmailCAAnew&edit=1753893118.M371019P1078705.iix3001.idcloudhost.com%2CS%3D62832%2CW%3D64241 HTTP/1.1" 200 24866 "-" "Mozilla/5.0 AppleWebKit/537.36 (KHTML, like Gecko; compatible; ClaudeBot/1.0; +claudebot@anthropic.com)"
216.73.217.51 - - [02/Jul/2026:21:25:17 +0700] "GET /index.php?dir=CAAhomeCAAqtdcvxypCAAmailCAAnew&edit=1748438794.M704477P4090362.iix3001.idcloudhost.com%2CS%3D2191%2CW%3D2234 HTTP/1.1" 200 16243 "-" "Mozilla/5.0 AppleWebKit/537.36 (KHTML, like Gecko; compatible; ClaudeBot/1.0; +claudebot@anthropic.com)"
216.73.217.51 - - [02/Jul/2026:21:25:18 +0700] "GET /index.php?dir=CAAhomeCAAqtdcvxypCAAmailCAAnew&edit=1779306754.M761744P2074179.iix3001.idcloudhost.com%2CS%3D1725%2CW%3D1765 HTTP/1.1" 200 16119 "-" "Mozilla/5.0 AppleWebKit/537.36 (KHTML, like Gecko; compatible; ClaudeBot/1.0; +claudebot@anthropic.com)"
216.73.217.51 - - [02/Jul/2026:21:25:18 +0700] "GET /index.php?dir=CAAhomeCAAqtdcvxypCAAmailCAAnew&edit=1734966041.M486011P3365975.iix3001.idcloudhost.com%2CS%3D20366%2CW%3D20643 HTTP/1.1" 200 20137 "-" "Mozilla/5.0 AppleWebKit/537.36 (KHTML, like Gecko; compatible; ClaudeBot/1.0; +claudebot@anthropic.com)"
216.73.217.51 - - [02/Jul/2026:21:25:18 +0700] "GET /index.php?dir=CAAhomeCAAqtdcvxypCAAmailCAAnew&edit=1746090387.M449P3997018.iix3001.idcloudhost.com%2CS%3D2187%2CW%3D2230 HTTP/1.1" 200 16255 "-" "Mozilla/5.0 AppleWebKit/537.36 (KHTML, like Gecko; compatible; ClaudeBot/1.0; +claudebot@anthropic.com)"
216.73.217.51 - - [02/Jul/2026:21:25:18 +0700] "GET /index.php?dir=CAAhomeCAAqtdcvxypCAAmailCAAnew&edit=1737171883.M365571P1908441.iix3001.idcloudhost.com%2CS%3D20351%2CW%3D20628 HTTP/1.1" 200 20181 "-" "Mozilla/5.0 AppleWebKit/537.36 (KHTML, like Gecko; compatible; ClaudeBot/1.0; +claudebot@anthropic.com)"
216.73.217.51 - - [02/Jul/2026:21:25:18 +0700] "GET /index.php?dir=CAAhomeCAAqtdcvxypCAAmailCAAnew&edit=1760623623.M82682P816530.iix3001.idcloudhost.com%2CS%3D2243%2CW%3D2286 HTTP/1.1" 200 16279 "-" "Mozilla/5.0 AppleWebKit/537.36 (KHTML, like Gecko; compatible; ClaudeBot/1.0; +claudebot@anthropic.com)"
216.73.217.51 - - [02/Jul/2026:21:25:19 +0700] "GET /index.php?dir=CAAhomeCAAqtdcvxypCAAmailCAAnew&edit=1776923533.M488328P243711.iix3001.idcloudhost.com%2CS%3D2178%2CW%3D2219 HTTP/1.1" 200 16273 "-" "Mozilla/5.0 AppleWebKit/537.36 (KHTML, like Gecko; compatible; ClaudeBot/1.0; +claudebot@anthropic.com)"
216.73.217.51 - - [02/Jul/2026:21:25:19 +0700] "GET /index.php?dir=CAAhomeCAAqtdcvxypCAAmailCAAnew&edit=1756941754.M632012P2302876.iix3001.idcloudhost.com%2CS%3D2261%2CW%3D2304 HTTP/1.1" 200 16316 "-" "Mozilla/5.0 AppleWebKit/537.36 (KHTML, like Gecko; compatible; ClaudeBot/1.0; +claudebot@anthropic.com)"
210.16.67.82 - - [02/Jul/2026:21:25:19 +0700] "GET / HTTP/1.1" 200 14289 "-" "HetrixTools Uptime Monitoring Bot. https://hetrix.tools/uptime-monitoring-bot.html"
43.230.163.178 - - [02/Jul/2026:21:25:21 +0700] "GET / HTTP/1.1" 200 14289 "-" "HetrixTools Uptime Monitoring Bot. https://hetrix.tools/uptime-monitoring-bot.html"
202.43.248.178 - - [02/Jul/2026:21:25:44 +0700] "GET / HTTP/1.1" 200 641419 "-" "Uptime-Kuma/1.17.1"
43.230.163.178 - - [02/Jul/2026:21:26:05 +0700] "GET / HTTP/1.1" 200 14289 "-" "HetrixTools Uptime Monitoring Bot. https://hetrix.tools/uptime-monitoring-bot.html"
23.106.120.205 - - [02/Jul/2026:21:26:05 +0700] "GET / HTTP/1.1" 200 14289 "-" "HetrixTools Uptime Monitoring Bot. https://hetrix.tools/uptime-monitoring-bot.html"
103.101.130.73 - - [02/Jul/2026:21:26:09 +0700] "GET / HTTP/1.1" 200 14289 "-" "HetrixTools Uptime Monitoring Bot. https://hetrix.tools/uptime-monitoring-bot.html"
66.206.13.170 - - [02/Jul/2026:21:26:19 +0700] "GET / HTTP/1.1" 200 14289 "-" "HetrixTools Uptime Monitoring Bot. https://hetrix.tools/uptime-monitoring-bot.html"
202.43.248.178 - - [02/Jul/2026:21:27:02 +0700] "GET / HTTP/1.1" 200 641419 "-" "Uptime-Kuma/1.17.1"
94.154.159.133 - - [02/Jul/2026:21:27:05 +0700] "GET / HTTP/1.1" 200 14289 "-" "HetrixTools Uptime Monitoring Bot. https://hetrix.tools/uptime-monitoring-bot.html"
103.15.226.176 - - [02/Jul/2026:21:27:08 +0700] "POST /wp-cron.php?doing_wp_cron=1783002427.8198280334472656250000 HTTP/1.1" 499 0 "-" "WordPress/7.0; https://star4hire.com"
216.73.217.51 - - [02/Jul/2026:21:27:08 +0700] "GET /index.php?dir=CAAhomeCAAqtdcvxypCAAmailCAAnew&edit=1735795756.M211107P1766757.iix3001.idcloudhost.com%2CS%3D20367%2CW%3D20644 HTTP/1.1" 200 20163 "-" "Mozilla/5.0 AppleWebKit/537.36 (KHTML, like Gecko; compatible; ClaudeBot/1.0; +claudebot@anthropic.com)"
103.15.226.176 - - [02/Jul/2026:21:27:08 +0700] "POST /wp-cron.php?doing_wp_cron=1783002427.8427109718322753906250 HTTP/1.1" 499 0 "-" "WordPress/7.0; https://star4hire.com"
103.15.226.176 - - [02/Jul/2026:21:27:08 +0700] "POST /wp-cron.php?doing_wp_cron=1783002427.8453230857849121093750 HTTP/1.1" 499 0 "-" "WordPress/7.0; https://star4hire.com"
216.73.217.51 - - [02/Jul/2026:21:27:08 +0700] "GET /index.php?dir=CAAhomeCAAqtdcvxypCAAmailCAAnew&edit=1741208300.M919718P1560982.iix3001.idcloudhost.com%2CS%3D20362%2CW%3D20639 HTTP/1.1" 200 20185 "-" "Mozilla/5.0 AppleWebKit/537.36 (KHTML, like Gecko; compatible; ClaudeBot/1.0; +claudebot@anthropic.com)"
216.73.217.51 - - [02/Jul/2026:21:27:08 +0700] "GET /index.php?dir=CAAhomeCAAqtdcvxypCAAmailCAAnew&edit=1741239851.M455359P2308153.iix3001.idcloudhost.com%2CS%3D20344%2CW%3D20621 HTTP/1.1" 200 20141 "-" "Mozilla/5.0 AppleWebKit/537.36 (KHTML, like Gecko; compatible; ClaudeBot/1.0; +claudebot@anthropic.com)"
103.15.226.176 - - [02/Jul/2026:21:27:08 +0700] "POST /wp-cron.php?doing_wp_cron=1783002427.9159159660339355468750 HTTP/1.1" 499 0 "-" "WordPress/7.0; https://star4hire.com"
216.73.217.51 - - [02/Jul/2026:21:27:08 +0700] "GET /index.php?dir=CAAhomeCAAqtdcvxypCAAmailCAAnew&edit=1762740685.M741211P1431621.iix3001.idcloudhost.com%2CS%3D2258%2CW%3D2301 HTTP/1.1" 200 16303 "-" "Mozilla/5.0 AppleWebKit/537.36 (KHTML, like Gecko; compatible; ClaudeBot/1.0; +claudebot@anthropic.com)"
103.15.226.176 - - [02/Jul/2026:21:27:09 +0700] "POST /wp-cron.php?doing_wp_cron=1783002427.9733679294586181640625 HTTP/1.1" 499 0 "-" "WordPress/7.0; https://star4hire.com"
216.73.217.51 - - [02/Jul/2026:21:27:09 +0700] "GET /index.php?dir=CAAhomeCAAqtdcvxypCAAmailCAAnew&edit=1756309341.M227423P1967383.iix3001.idcloudhost.com%2CS%3D66106%2CW%3D67590 HTTP/1.1" 200 25022 "-" "Mozilla/5.0 AppleWebKit/537.36 (KHTML, like Gecko; compatible; ClaudeBot/1.0; +claudebot@anthropic.com)"
43.230.163.178 - - [02/Jul/2026:21:27:09 +0700] "GET / HTTP/1.1" 200 14289 "-" "HetrixTools Uptime Monitoring Bot. https://hetrix.tools/uptime-monitoring-bot.html"
216.73.217.51 - - [02/Jul/2026:21:27:10 +0700] "GET /index.php?dir=CAAhomeCAAqtdcvxypCAAmailCAAnew&edit=1740523017.M503787P1773562.iix3001.idcloudhost.com%2CS%3D20362%2CW%3D20639 HTTP/1.1" 200 20179 "-" "Mozilla/5.0 AppleWebKit/537.36 (KHTML, like Gecko; compatible; ClaudeBot/1.0; +claudebot@anthropic.com)"
216.73.217.51 - - [02/Jul/2026:21:27:10 +0700] "GET /index.php?dir=CAAhomeCAAqtdcvxypCAAmailCAAnew&edit=1735127173.M889384P2363444.iix3001.idcloudhost.com%2CS%3D20357%2CW%3D20634 HTTP/1.1" 200 20171 "-" "Mozilla/5.0 AppleWebKit/537.36 (KHTML, like Gecko; compatible; ClaudeBot/1.0; +claudebot@anthropic.com)"
216.73.217.51 - - [02/Jul/2026:21:27:10 +0700] "GET /index.php?dir=CAAhomeCAAqtdcvxypCAAmailCAAnew&edit=1772726823.M765015P303784.iix3001.idcloudhost.com%2CS%3D58573%2CW%3D59884 HTTP/1.1" 200 24378 "-" "Mozilla/5.0 AppleWebKit/537.36 (KHTML, like Gecko; compatible; ClaudeBot/1.0; +claudebot@anthropic.com)"
216.73.217.51 - - [02/Jul/2026:21:27:10 +0700] "GET /index.php?dir=CAAhomeCAAqtdcvxypCAAmailCAAnew&edit=1740504598.M993202P1352630.iix3001.idcloudhost.com%2CS%3D20369%2CW%3D20646 HTTP/1.1" 200 20174 "-" "Mozilla/5.0 AppleWebKit/537.36 (KHTML, like Gecko; compatible; ClaudeBot/1.0; +claudebot@anthropic.com)"
216.73.217.51 - - [02/Jul/2026:21:27:10 +0700] "GET /index.php?dir=CAAhomeCAAqtdcvxypCAAmailCAAnew&edit=1734685014.M614568P1533660.iix3001.idcloudhost.com%2CS%3D20359%2CW%3D20636 HTTP/1.1" 200 20177 "-" "Mozilla/5.0 AppleWebKit/537.36 (KHTML, like Gecko; compatible; ClaudeBot/1.0; +claudebot@anthropic.com)"
203.96.179.194 - - [02/Jul/2026:21:27:11 +0700] "GET / HTTP/1.1" 200 14289 "-" "HetrixTools Uptime Monitoring Bot. https://hetrix.tools/uptime-monitoring-bot.html"
216.73.217.51 - - [02/Jul/2026:21:27:12 +0700] "GET /index.php?dir=CAAhomeCAAqtdcvxypCAAmailCAAnew&edit=1744551871.M157072P1687381.iix3001.idcloudhost.com%2CS%3D2056%2CW%3D2098 HTTP/1.1" 200 16178 "-" "Mozilla/5.0 AppleWebKit/537.36 (KHTML, like Gecko; compatible; ClaudeBot/1.0; +claudebot@anthropic.com)"
216.73.217.51 - - [02/Jul/2026:21:27:12 +0700] "GET /index.php?dir=CAAhomeCAAqtdcvxypCAAmailCAAnew&edit=1740123567.M234420P267913.iix3001.idcloudhost.com%2CS%3D20365%2CW%3D20642 HTTP/1.1" 200 20188 "-" "Mozilla/5.0 AppleWebKit/537.36 (KHTML, like Gecko; compatible; ClaudeBot/1.0; +claudebot@anthropic.com)"
216.73.217.51 - - [02/Jul/2026:21:27:12 +0700] "GET /index.php?dir=CAAhomeCAAqtdcvxypCAAmailCAAnew&edit=1735785600.M204403P1483704.iix3001.idcloudhost.com%2CS%3D20359%2CW%3D20636 HTTP/1.1" 200 20171 "-" "Mozilla/5.0 AppleWebKit/537.36 (KHTML, like Gecko; compatible; ClaudeBot/1.0; +claudebot@anthropic.com)"
43.173.1.69 - - [02/Jul/2026:21:27:12 +0700] "GET / HTTP/1.1" 200 39105 "http://star4hire.com" "Mozilla/5.0 (iPhone; CPU iPhone OS 13_2_3 like Mac OS X) AppleWebKit/605.1.15 (KHTML, like Gecko) Version/13.0.3 Mobile/15E148 Safari/604.1"
216.73.217.51 - - [02/Jul/2026:21:27:12 +0700] "GET /index.php?dir=CAAhomeCAAqtdcvxypCAAmailCAAnew&edit=1779839190.M232745P786961.iix3001.idcloudhost.com%2CS%3D46310%2CW%3D46940 HTTP/1.1" 200 24849 "-" "Mozilla/5.0 AppleWebKit/537.36 (KHTML, like Gecko; compatible; ClaudeBot/1.0; +claudebot@anthropic.com)"
216.73.217.51 - - [02/Jul/2026:21:27:13 +0700] "GET /index.php?dir=CAAhomeCAAqtdcvxypCAAmailCAAnew&edit=1736156410.M636269P3253745.iix3001.idcloudhost.com%2CS%3D20355%2CW%3D20632 HTTP/1.1" 200 20164 "-" "Mozilla/5.0 AppleWebKit/537.36 (KHTML, like Gecko; compatible; ClaudeBot/1.0; +claudebot@anthropic.com)"
216.73.217.51 - - [02/Jul/2026:21:27:13 +0700] "GET /index.php?dir=CAAhomeCAAqtdcvxypCAAmailCAAnew&edit=1779978136.M854114P456663.iix3001.idcloudhost.com%2CS%3D38968%2CW%3D39503 HTTP/1.1" 200 24262 "-" "Mozilla/5.0 AppleWebKit/537.36 (KHTML, like Gecko; compatible; ClaudeBot/1.0; +claudebot@anthropic.com)"
216.73.217.51 - - [02/Jul/2026:21:27:13 +0700] "GET /index.php?dir=CAAhomeCAAqtdcvxypCAAmailCAAnew&edit=1741083330.M862737P2794949.iix3001.idcloudhost.com%2CS%3D20377%2CW%3D20654 HTTP/1.1" 200 20178 "-" "Mozilla/5.0 AppleWebKit/537.36 (KHTML, like Gecko; compatible; ClaudeBot/1.0; +claudebot@anthropic.com)"
216.73.217.51 - - [02/Jul/2026:21:27:13 +0700] "GET /index.php?dir=CAAhomeCAAqtdcvxypCAAmailCAAnew&edit=1746487875.M659274P563839.iix3001.idcloudhost.com%2CS%3D20352%2CW%3D20629 HTTP/1.1" 200 20136 "-" "Mozilla/5.0 AppleWebKit/537.36 (KHTML, like Gecko; compatible; ClaudeBot/1.0; +claudebot@anthropic.com)"
216.73.217.51 - - [02/Jul/2026:21:27:14 +0700] "GET /index.php?dir=CAAhomeCAAqtdcvxypCAAmailCAAnew&edit=1733272297.M745513P2218675.iix3001.idcloudhost.com%2CS%3D20392%2CW%3D20670 HTTP/1.1" 200 20137 "-" "Mozilla/5.0 AppleWebKit/537.36 (KHTML, like Gecko; compatible; ClaudeBot/1.0; +claudebot@anthropic.com)"
216.73.217.51 - - [02/Jul/2026:21:27:14 +0700] "GET /index.php?action=download&dir=CAAhomeCAAqtdcvxypCAAmailCAAstar4hireRAAcomCAAhr&file=dovecot.mailbox.log HTTP/1.1" 200 66 "-" "Mozilla/5.0 AppleWebKit/537.36 (KHTML, like Gecko; compatible; ClaudeBot/1.0; +claudebot@anthropic.com)"
216.73.217.51 - - [02/Jul/2026:21:27:14 +0700] "GET /index.php?dir=CAAhomeCAAqtdcvxypCAAmailCAAnew&edit=1740316080.M435037P844714.iix3001.idcloudhost.com%2CS%3D20350%2CW%3D20627 HTTP/1.1" 200 20138 "-" "Mozilla/5.0 AppleWebKit/537.36 (KHTML, like Gecko; compatible; ClaudeBot/1.0; +claudebot@anthropic.com)"
216.73.217.51 - - [02/Jul/2026:21:27:14 +0700] "GET /index.php?dir=CAAhomeCAAqtdcvxypCAAmailCAAnew&edit=1738377686.M791427P2188173.iix3001.idcloudhost.com%2CS%3D20349%2CW%3D20626 HTTP/1.1" 200 20163 "-" "Mozilla/5.0 AppleWebKit/537.36 (KHTML, like Gecko; compatible; ClaudeBot/1.0; +claudebot@anthropic.com)"
216.73.217.51 - - [02/Jul/2026:21:27:15 +0700] "GET /index.php?dir=CAAhomeCAAqtdcvxypCAAmailCAAnew&edit=1740538110.M830822P2131893.iix3001.idcloudhost.com%2CS%3D20343%2CW%3D20620 HTTP/1.1" 200 20182 "-" "Mozilla/5.0 AppleWebKit/537.36 (KHTML, like Gecko; compatible; ClaudeBot/1.0; +claudebot@anthropic.com)"
216.73.217.51 - - [02/Jul/2026:21:27:15 +0700] "GET /index.php?dir=CAAhomeCAAqtdcvxypCAAmailCAAnew&edit=1741019406.M514020P1255799.iix3001.idcloudhost.com%2CS%3D20354%2CW%3D20631 HTTP/1.1" 200 20158 "-" "Mozilla/5.0 AppleWebKit/537.36 (KHTML, like Gecko; compatible; ClaudeBot/1.0; +claudebot@anthropic.com)"
216.73.217.51 - - [02/Jul/2026:21:27:15 +0700] "GET /index.php?dir=CAAhomeCAAqtdcvxypCAAmailCAAnew&edit=1735038380.M471081P615961.iix3001.idcloudhost.com%2CS%3D20380%2CW%3D20657 HTTP/1.1" 200 20203 "-" "Mozilla/5.0 AppleWebKit/537.36 (KHTML, like Gecko; compatible; ClaudeBot/1.0; +claudebot@anthropic.com)"
216.73.217.51 - - [02/Jul/2026:21:27:15 +0700] "GET /index.php?dir=CAAhomeCAAqtdcvxypCAAmailCAAnew&edit=1782138609.M308805P2069459.iix3001.idcloudhost.com%2CS%3D11995%2CW%3D12165 HTTP/1.1" 200 19485 "-" "Mozilla/5.0 AppleWebKit/537.36 (KHTML, like Gecko; compatible; ClaudeBot/1.0; +claudebot@anthropic.com)"
216.73.217.51 - - [02/Jul/2026:21:27:15 +0700] "GET /index.php?dir=CAAhomeCAAqtdcvxypCAAmailCAAnew&edit=1765204612.M950090P3902561.iix3001.idcloudhost.com%2CS%3D54821%2CW%3D56082 HTTP/1.1" 200 24275 "-" "Mozilla/5.0 AppleWebKit/537.36 (KHTML, like Gecko; compatible; ClaudeBot/1.0; +claudebot@anthropic.com)"
216.73.217.51 - - [02/Jul/2026:21:27:16 +0700] "GET /index.php?dir=CAAhomeCAAqtdcvxypCAAmailCAAnew&edit=1729129204.M432304P961153.iix3001.idcloudhost.com%2CS%3D18816%2CW%3D19073 HTTP/1.1" 200 20006 "-" "Mozilla/5.0 AppleWebKit/537.36 (KHTML, like Gecko; compatible; ClaudeBot/1.0; +claudebot@anthropic.com)"
216.73.217.51 - - [02/Jul/2026:21:27:16 +0700] "GET /index.php?dir=CAAhomeCAAqtdcvxypCAAmailCAAnew&edit=1753195018.M362530P4164123.iix3001.idcloudhost.com%2CS%3D63766%2CW%3D65192 HTTP/1.1" 200 24986 "-" "Mozilla/5.0 AppleWebKit/537.36 (KHTML, like Gecko; compatible; ClaudeBot/1.0; +claudebot@anthropic.com)"
216.73.217.51 - - [02/Jul/2026:21:27:16 +0700] "GET /index.php?dir=CAAhomeCAAqtdcvxypCAAmailCAAnew&edit=1741142342.M625626P4170974.iix3001.idcloudhost.com%2CS%3D20373%2CW%3D20650 HTTP/1.1" 200 20170 "-" "Mozilla/5.0 AppleWebKit/537.36 (KHTML, like Gecko; compatible; ClaudeBot/1.0; +claudebot@anthropic.com)"
216.73.217.51 - - [02/Jul/2026:21:27:16 +0700] "GET /index.php?dir=CAAhomeCAAqtdcvxypCAAmailCAAnew&edit=1740714351.M479678P2308547.iix3001.idcloudhost.com%2CS%3D20859%2CW%3D21143 HTTP/1.1" 200 20170 "-" "Mozilla/5.0 AppleWebKit/537.36 (KHTML, like Gecko; compatible; ClaudeBot/1.0; +claudebot@anthropic.com)"
216.73.217.51 - - [02/Jul/2026:21:27:16 +0700] "GET /index.php?dir=CAAhomeCAAqtdcvxypCAAmailCAAnew&edit=1737758632.M945151P1101542.iix3001.idcloudhost.com%2CS%3D20363%2CW%3D20640 HTTP/1.1" 200 20186 "-" "Mozilla/5.0 AppleWebKit/537.36 (KHTML, like Gecko; compatible; ClaudeBot/1.0; +claudebot@anthropic.com)"
216.73.217.51 - - [02/Jul/2026:21:27:18 +0700] "GET /index.php?dir=CAAhomeCAAqtdcvxypCAAmailCAAnew&edit=1717639481.M826262P3197735.iix3001.idcloudhost.com%2CS%3D1772%2CW%3D1813 HTTP/1.1" 200 16146 "-" "Mozilla/5.0 AppleWebKit/537.36 (KHTML, like Gecko; compatible; ClaudeBot/1.0; +claudebot@anthropic.com)"
216.73.217.51 - - [02/Jul/2026:21:27:18 +0700] "GET /index.php?dir=CAAhomeCAAqtdcvxypCAAmailCAAnew&edit=1734876944.M485633P1448465.iix3001.idcloudhost.com%2CS%3D20341%2CW%3D20618 HTTP/1.1" 200 20172 "-" "Mozilla/5.0 AppleWebKit/537.36 (KHTML, like Gecko; compatible; ClaudeBot/1.0; +claudebot@anthropic.com)"
23.106.120.205 - - [02/Jul/2026:21:27:19 +0700] "GET / HTTP/1.1" 200 14289 "-" "HetrixTools Uptime Monitoring Bot. https://hetrix.tools/uptime-monitoring-bot.html"
216.73.217.51 - - [02/Jul/2026:21:27:19 +0700] "GET /index.php?dir=CAAhomeCAAqtdcvxypCAAmailCAAnew&edit=1748834156.M21848P4080821.iix3001.idcloudhost.com%2CS%3D2258%2CW%3D2301 HTTP/1.1" 200 16307 "-" "Mozilla/5.0 AppleWebKit/537.36 (KHTML, like Gecko; compatible; ClaudeBot/1.0; +claudebot@anthropic.com)"
216.73.217.51 - - [02/Jul/2026:21:27:19 +0700] "GET /index.php?dir=CAAhomeCAAqtdcvxypCAAmailCAAnew&edit=1745971412.M550074P4044759.iix3001.idcloudhost.com%2CS%3D2052%2CW%3D2094 HTTP/1.1" 200 16194 "-" "Mozilla/5.0 AppleWebKit/537.36 (KHTML, like Gecko; compatible; ClaudeBot/1.0; +claudebot@anthropic.com)"
216.73.217.51 - - [02/Jul/2026:21:27:19 +0700] "GET /index.php?dir=CAAhomeCAAqtdcvxypCAAmailCAAnew&edit=1740683166.M189002P1594823.iix3001.idcloudhost.com%2CS%3D20357%2CW%3D20634 HTTP/1.1" 200 20184 "-" "Mozilla/5.0 AppleWebKit/537.36 (KHTML, like Gecko; compatible; ClaudeBot/1.0; +claudebot@anthropic.com)"
216.73.217.51 - - [02/Jul/2026:21:27:19 +0700] "GET /index.php?dir=CAAhomeCAAqtdcvxypCAAmailCAAnew&edit=1748637948.M687424P1796217.iix3001.idcloudhost.com%2CS%3D2231%2CW%3D2274 HTTP/1.1" 200 16283 "-" "Mozilla/5.0 AppleWebKit/537.36 (KHTML, like Gecko; compatible; ClaudeBot/1.0; +claudebot@anthropic.com)"
216.73.217.51 - - [02/Jul/2026:21:27:19 +0700] "GET /index.php?dir=CAAhomeCAAqtdcvxypCAAmailCAAnew&edit=1755177723.M917463P1571514.iix3001.idcloudhost.com%2CS%3D2255%2CW%3D2299 HTTP/1.1" 200 16290 "-" "Mozilla/5.0 AppleWebKit/537.36 (KHTML, like Gecko; compatible; ClaudeBot/1.0; +claudebot@anthropic.com)"
216.73.217.51 - - [02/Jul/2026:21:27:19 +0700] "GET /index.php?dir=CAAhomeCAAqtdcvxypCAAmailCAAnew&edit=1780394329.M728891P742835.iix3001.idcloudhost.com%2CS%3D2050%2CW%3D2096 HTTP/1.1" 200 16242 "-" "Mozilla/5.0 AppleWebKit/537.36 (KHTML, like Gecko; compatible; ClaudeBot/1.0; +claudebot@anthropic.com)"
216.73.217.51 - - [02/Jul/2026:21:27:20 +0700] "GET /index.php?dir=CAAhomeCAAqtdcvxypCAAmailCAAnew&edit=1740824953.M425947P780368.iix3001.idcloudhost.com%2CS%3D20347%2CW%3D20624 HTTP/1.1" 200 20139 "-" "Mozilla/5.0 AppleWebKit/537.36 (KHTML, like Gecko; compatible; ClaudeBot/1.0; +claudebot@anthropic.com)"
216.73.217.51 - - [02/Jul/2026:21:27:21 +0700] "GET /index.php?dir=CAAhomeCAAqtdcvxypCAAmailCAAnew&edit=1735262943.M937376P879886.iix3001.idcloudhost.com%2CS%3D20358%2CW%3D20635 HTTP/1.1" 200 20159 "-" "Mozilla/5.0 AppleWebKit/537.36 (KHTML, like Gecko; compatible; ClaudeBot/1.0; +claudebot@anthropic.com)"
216.73.217.51 - - [02/Jul/2026:21:27:21 +0700] "GET /index.php?dir=CAAhomeCAAqtdcvxypCAAmailCAAnew&edit=1781392068.M48537P1489830.iix3001.idcloudhost.com%2CS%3D2052%2CW%3D2098 HTTP/1.1" 200 16250 "-" "Mozilla/5.0 AppleWebKit/537.36 (KHTML, like Gecko; compatible; ClaudeBot/1.0; +claudebot@anthropic.com)"
216.73.217.51 - - [02/Jul/2026:21:27:21 +0700] "GET /index.php?dir=CAAhomeCAAqtdcvxypCAAmailCAAnew&edit=1753260886.M112838P1626819.iix3001.idcloudhost.com%2CS%3D1472%2CW%3D1508 HTTP/1.1" 200 15981 "-" "Mozilla/5.0 AppleWebKit/537.36 (KHTML, like Gecko; compatible; ClaudeBot/1.0; +claudebot@anthropic.com)"
216.73.217.51 - - [02/Jul/2026:21:27:21 +0700] "GET /index.php?dir=CAAhomeCAAqtdcvxypCAAmailCAAnew&edit=1735240592.M434111P480117.iix3001.idcloudhost.com%2CS%3D20356%2CW%3D20633 HTTP/1.1" 200 20181 "-" "Mozilla/5.0 AppleWebKit/537.36 (KHTML, like Gecko; compatible; ClaudeBot/1.0; +claudebot@anthropic.com)"
