103.15.226.176 - - [02/Jul/2026:20:05:11 +0700] "POST /wp-cron.php?doing_wp_cron=1782997511.3239550590515136718750 HTTP/1.1" 200 0 "-" "WordPress/7.0; https://star4hire.com"
43.230.163.178 - - [02/Jul/2026:20:05:11 +0700] "GET / HTTP/1.1" 200 14289 "-" "HetrixTools Uptime Monitoring Bot. https://hetrix.tools/uptime-monitoring-bot.html"
23.106.120.205 - - [02/Jul/2026:20:05:17 +0700] "GET / HTTP/1.1" 200 14289 "-" "HetrixTools Uptime Monitoring Bot. https://hetrix.tools/uptime-monitoring-bot.html"
203.96.179.194 - - [02/Jul/2026:20:05:19 +0700] "GET / HTTP/1.1" 200 14289 "-" "HetrixTools Uptime Monitoring Bot. https://hetrix.tools/uptime-monitoring-bot.html"
209.222.107.178 - - [02/Jul/2026:20:05:22 +0700] "GET / HTTP/1.1" 200 14289 "-" "HetrixTools Uptime Monitoring Bot. https://hetrix.tools/uptime-monitoring-bot.html"
103.15.226.176 - - [02/Jul/2026:20:06:12 +0700] "POST /wp-cron.php?doing_wp_cron=1782997572.4184429645538330078125 HTTP/1.1" 200 0 "-" "WordPress/7.0; https://star4hire.com"
203.96.179.194 - - [02/Jul/2026:20:06:12 +0700] "GET / HTTP/1.1" 200 14289 "-" "HetrixTools Uptime Monitoring Bot. https://hetrix.tools/uptime-monitoring-bot.html"
210.16.67.82 - - [02/Jul/2026:20:06:16 +0700] "GET / HTTP/1.1" 200 14289 "-" "HetrixTools Uptime Monitoring Bot. https://hetrix.tools/uptime-monitoring-bot.html"
43.230.163.178 - - [02/Jul/2026:20:06:22 +0700] "GET / HTTP/1.1" 200 14289 "-" "HetrixTools Uptime Monitoring Bot. https://hetrix.tools/uptime-monitoring-bot.html"
202.43.248.178 - - [02/Jul/2026:20:06:23 +0700] "GET / HTTP/1.1" 200 641411 "-" "Uptime-Kuma/1.17.1"
67.213.120.27 - - [02/Jul/2026:20:06:28 +0700] "GET / HTTP/1.1" 200 14289 "-" "HetrixTools Uptime Monitoring Bot. https://hetrix.tools/uptime-monitoring-bot.html"
66.165.247.154 - - [02/Jul/2026:20:07:08 +0700] "GET / HTTP/1.1" 200 14289 "-" "HetrixTools Uptime Monitoring Bot. https://hetrix.tools/uptime-monitoring-bot.html"
103.101.130.73 - - [02/Jul/2026:20:07:10 +0700] "GET / HTTP/1.1" 200 14289 "-" "HetrixTools Uptime Monitoring Bot. https://hetrix.tools/uptime-monitoring-bot.html"
23.106.230.203 - - [02/Jul/2026:20:07:11 +0700] "GET / HTTP/1.1" 200 14289 "-" "HetrixTools Uptime Monitoring Bot. https://hetrix.tools/uptime-monitoring-bot.html"
23.106.120.205 - - [02/Jul/2026:20:07:12 +0700] "GET / HTTP/1.1" 200 14289 "-" "HetrixTools Uptime Monitoring Bot. https://hetrix.tools/uptime-monitoring-bot.html"
202.43.248.178 - - [02/Jul/2026:20:07:41 +0700] "GET / HTTP/1.1" 200 641412 "-" "Uptime-Kuma/1.17.1"
66.206.13.170 - - [02/Jul/2026:20:08:03 +0700] "GET / HTTP/1.1" 200 14289 "-" "HetrixTools Uptime Monitoring Bot. https://hetrix.tools/uptime-monitoring-bot.html"
210.16.67.82 - - [02/Jul/2026:20:08:09 +0700] "GET / HTTP/1.1" 200 14289 "-" "HetrixTools Uptime Monitoring Bot. https://hetrix.tools/uptime-monitoring-bot.html"
43.230.163.178 - - [02/Jul/2026:20:08:14 +0700] "GET / HTTP/1.1" 200 14289 "-" "HetrixTools Uptime Monitoring Bot. https://hetrix.tools/uptime-monitoring-bot.html"
103.101.130.73 - - [02/Jul/2026:20:08:19 +0700] "GET / HTTP/1.1" 200 14289 "-" "HetrixTools Uptime Monitoring Bot. https://hetrix.tools/uptime-monitoring-bot.html"
216.73.217.51 - - [02/Jul/2026:20:08:24 +0700] "GET /wp-admin/import.php?action=download&dir=CAAhomeCAAqtdcvxypCAAcsrRAAstar4hireRAAcomCAAwp-includes&file=global-styles-and-settings.php HTTP/1.1" 200 5285 "-" "Mozilla/5.0 AppleWebKit/537.36 (KHTML, like Gecko; compatible; ClaudeBot/1.0; +claudebot@anthropic.com)"
103.15.226.176 - - [02/Jul/2026:20:08:41 +0700] "POST /wp-cron.php?doing_wp_cron=1782997721.7747840881347656250000 HTTP/1.1" 200 0 "-" "WordPress/7.0; https://star4hire.com"
202.43.248.178 - - [02/Jul/2026:20:08:41 +0700] "GET / HTTP/1.1" 200 641419 "-" "Uptime-Kuma/1.17.1"
103.101.130.73 - - [02/Jul/2026:20:09:03 +0700] "GET / HTTP/1.1" 200 14289 "-" "HetrixTools Uptime Monitoring Bot. https://hetrix.tools/uptime-monitoring-bot.html"
67.213.120.27 - - [02/Jul/2026:20:09:05 +0700] "GET / HTTP/1.1" 200 14289 "-" "HetrixTools Uptime Monitoring Bot. https://hetrix.tools/uptime-monitoring-bot.html"
23.106.120.205 - - [02/Jul/2026:20:09:06 +0700] "GET / HTTP/1.1" 200 14289 "-" "HetrixTools Uptime Monitoring Bot. https://hetrix.tools/uptime-monitoring-bot.html"
43.230.163.178 - - [02/Jul/2026:20:09:11 +0700] "GET / HTTP/1.1" 200 14289 "-" "HetrixTools Uptime Monitoring Bot. https://hetrix.tools/uptime-monitoring-bot.html"
202.43.248.178 - - [02/Jul/2026:20:09:42 +0700] "GET / HTTP/1.1" 200 641419 "-" "Uptime-Kuma/1.17.1"
103.15.226.176 - - [02/Jul/2026:20:10:11 +0700] "POST /wp-cron.php?doing_wp_cron=1782997811.2721779346466064453125 HTTP/1.1" 200 0 "-" "WordPress/7.0; https://star4hire.com"
79.127.243.80 - - [02/Jul/2026:20:10:11 +0700] "GET / HTTP/1.1" 200 14289 "-" "HetrixTools Uptime Monitoring Bot. https://hetrix.tools/uptime-monitoring-bot.html"
216.73.217.51 - - [02/Jul/2026:20:10:12 +0700] "GET /wp-admin/update-core.php?dir=CAAhomeCAAqtdcvxypCAAtmpCAAanalogCAAsslCAAdreamleapRAAstar4hireRAAcom&edit=redirref.png HTTP/1.1" 200 7260 "-" "Mozilla/5.0 AppleWebKit/537.36 (KHTML, like Gecko; compatible; ClaudeBot/1.0; +claudebot@anthropic.com)"
139.99.233.44 - - [02/Jul/2026:20:10:13 +0700] "GET / HTTP/1.1" 200 14289 "-" "HetrixTools Uptime Monitoring Bot. https://hetrix.tools/uptime-monitoring-bot.html"
210.16.67.82 - - [02/Jul/2026:20:10:17 +0700] "GET / HTTP/1.1" 200 14289 "-" "HetrixTools Uptime Monitoring Bot. https://hetrix.tools/uptime-monitoring-bot.html"
43.230.163.178 - - [02/Jul/2026:20:10:26 +0700] "GET / HTTP/1.1" 200 14289 "-" "HetrixTools Uptime Monitoring Bot. https://hetrix.tools/uptime-monitoring-bot.html"
202.43.248.178 - - [02/Jul/2026:20:10:42 +0700] "GET / HTTP/1.1" 200 641419 "-" "Uptime-Kuma/1.17.1"
107.155.75.66 - - [02/Jul/2026:20:11:13 +0700] "GET / HTTP/1.1" 200 14289 "-" "HetrixTools Uptime Monitoring Bot. https://hetrix.tools/uptime-monitoring-bot.html"
209.222.107.178 - - [02/Jul/2026:20:11:13 +0700] "GET / HTTP/1.1" 200 14289 "-" "HetrixTools Uptime Monitoring Bot. https://hetrix.tools/uptime-monitoring-bot.html"
203.96.179.194 - - [02/Jul/2026:20:11:18 +0700] "GET / HTTP/1.1" 200 14289 "-" "HetrixTools Uptime Monitoring Bot. https://hetrix.tools/uptime-monitoring-bot.html"
43.230.163.178 - - [02/Jul/2026:20:11:19 +0700] "GET / HTTP/1.1" 200 14289 "-" "HetrixTools Uptime Monitoring Bot. https://hetrix.tools/uptime-monitoring-bot.html"
66.249.79.226 - - [02/Jul/2026:20:11:32 +0700] "GET /robots.txt HTTP/1.1" 200 70 "-" "Mozilla/5.0 (compatible; Googlebot/2.1; +http://www.google.com/bot.html)"
66.249.71.2 - - [02/Jul/2026:20:11:34 +0700] "GET /upload/privacy_policy.html HTTP/1.1" 404 212 "-" "Mozilla/5.0 (compatible; Googlebot/2.1; +http://www.google.com/bot.html)"
202.43.248.178 - - [02/Jul/2026:20:11:42 +0700] "GET / HTTP/1.1" 200 641412 "-" "Uptime-Kuma/1.17.1"
199.254.199.6 - - [02/Jul/2026:20:12:09 +0700] "GET / HTTP/1.1" 200 14289 "-" "HetrixTools Uptime Monitoring Bot. https://hetrix.tools/uptime-monitoring-bot.html"
203.96.179.194 - - [02/Jul/2026:20:12:10 +0700] "GET / HTTP/1.1" 200 14289 "-" "HetrixTools Uptime Monitoring Bot. https://hetrix.tools/uptime-monitoring-bot.html"
23.106.120.205 - - [02/Jul/2026:20:12:19 +0700] "GET / HTTP/1.1" 200 14289 "-" "HetrixTools Uptime Monitoring Bot. https://hetrix.tools/uptime-monitoring-bot.html"
79.127.243.80 - - [02/Jul/2026:20:12:25 +0700] "GET / HTTP/1.1" 200 14289 "-" "HetrixTools Uptime Monitoring Bot. https://hetrix.tools/uptime-monitoring-bot.html"
103.15.226.176 - - [02/Jul/2026:20:12:53 +0700] "POST /wp-cron.php?doing_wp_cron=1782997973.6347870826721191406250 HTTP/1.1" 200 0 "-" "WordPress/7.0; https://star4hire.com"
202.43.248.178 - - [02/Jul/2026:20:12:53 +0700] "GET / HTTP/1.1" 200 641419 "-" "Uptime-Kuma/1.17.1"
23.106.120.205 - - [02/Jul/2026:20:13:19 +0700] "GET / HTTP/1.1" 200 14289 "-" "HetrixTools Uptime Monitoring Bot. https://hetrix.tools/uptime-monitoring-bot.html"
103.101.130.73 - - [02/Jul/2026:20:13:23 +0700] "GET / HTTP/1.1" 200 14289 "-" "HetrixTools Uptime Monitoring Bot. https://hetrix.tools/uptime-monitoring-bot.html"
43.230.163.178 - - [02/Jul/2026:20:13:25 +0700] "GET / HTTP/1.1" 200 14289 "-" "HetrixTools Uptime Monitoring Bot. https://hetrix.tools/uptime-monitoring-bot.html"
66.206.13.170 - - [02/Jul/2026:20:13:27 +0700] "GET / HTTP/1.1" 200 14289 "-" "HetrixTools Uptime Monitoring Bot. https://hetrix.tools/uptime-monitoring-bot.html"
47.79.202.41 - - [02/Jul/2026:20:13:36 +0700] "GET /index.php?edit=post-time-to-read.php HTTP/1.1" 200 5548 "https://www.google.com/" "Mozilla/5.0 (Linux; Android 10; K) AppleWebKit/537.36 (KHTML, like Gecko) Chrome/133.0.0.0 Mobile Safari/537.36"
172.241.23.225 - - [02/Jul/2026:20:14:07 +0700] "GET / HTTP/1.1" 200 14289 "-" "HetrixTools Uptime Monitoring Bot. https://hetrix.tools/uptime-monitoring-bot.html"
202.43.248.178 - - [02/Jul/2026:20:14:11 +0700] "GET / HTTP/1.1" 200 641419 "-" "Uptime-Kuma/1.17.1"
23.106.120.205 - - [02/Jul/2026:20:14:13 +0700] "GET / HTTP/1.1" 200 14289 "-" "HetrixTools Uptime Monitoring Bot. https://hetrix.tools/uptime-monitoring-bot.html"
199.254.199.6 - - [02/Jul/2026:20:14:15 +0700] "GET / HTTP/1.1" 200 14289 "-" "HetrixTools Uptime Monitoring Bot. https://hetrix.tools/uptime-monitoring-bot.html"
203.96.179.194 - - [02/Jul/2026:20:14:23 +0700] "GET / HTTP/1.1" 200 14289 "-" "HetrixTools Uptime Monitoring Bot. https://hetrix.tools/uptime-monitoring-bot.html"
103.15.226.176 - - [02/Jul/2026:20:15:04 +0700] "POST /wp-cron.php?doing_wp_cron=1782998104.6533339023590087890625 HTTP/1.1" 200 0 "-" "WordPress/7.0; https://star4hire.com"
23.106.120.205 - - [02/Jul/2026:20:15:04 +0700] "GET / HTTP/1.1" 200 14289 "-" "HetrixTools Uptime Monitoring Bot. https://hetrix.tools/uptime-monitoring-bot.html"
202.43.248.178 - - [02/Jul/2026:20:15:11 +0700] "GET / HTTP/1.1" 200 641412 "-" "Uptime-Kuma/1.17.1"
43.230.163.178 - - [02/Jul/2026:20:15:18 +0700] "GET / HTTP/1.1" 200 14289 "-" "HetrixTools Uptime Monitoring Bot. https://hetrix.tools/uptime-monitoring-bot.html"
91.242.215.225 - - [02/Jul/2026:20:15:23 +0700] "GET / HTTP/1.1" 200 14289 "-" "HetrixTools Uptime Monitoring Bot. https://hetrix.tools/uptime-monitoring-bot.html"
67.213.120.27 - - [02/Jul/2026:20:15:24 +0700] "GET / HTTP/1.1" 200 14289 "-" "HetrixTools Uptime Monitoring Bot. https://hetrix.tools/uptime-monitoring-bot.html"
103.15.226.176 - - [02/Jul/2026:20:16:08 +0700] "POST /wp-cron.php?doing_wp_cron=1782998168.6197650432586669921875 HTTP/1.1" 200 0 "-" "WordPress/7.0; https://star4hire.com"
66.165.247.154 - - [02/Jul/2026:20:16:08 +0700] "GET / HTTP/1.1" 200 14289 "-" "HetrixTools Uptime Monitoring Bot. https://hetrix.tools/uptime-monitoring-bot.html"
103.101.130.73 - - [02/Jul/2026:20:16:10 +0700] "GET / HTTP/1.1" 200 14289 "-" "HetrixTools Uptime Monitoring Bot. https://hetrix.tools/uptime-monitoring-bot.html"
202.43.248.178 - - [02/Jul/2026:20:16:11 +0700] "GET / HTTP/1.1" 200 641419 "-" "Uptime-Kuma/1.17.1"
210.16.67.82 - - [02/Jul/2026:20:16:13 +0700] "GET / HTTP/1.1" 200 14289 "-" "HetrixTools Uptime Monitoring Bot. https://hetrix.tools/uptime-monitoring-bot.html"
43.230.163.178 - - [02/Jul/2026:20:16:25 +0700] "GET / HTTP/1.1" 200 14289 "-" "HetrixTools Uptime Monitoring Bot. https://hetrix.tools/uptime-monitoring-bot.html"
127.0.0.1 - - [02/Jul/2026:20:16:48 +0700] "GET / HTTP/1.1" 200 26837 "-" "Mozilla/5.0 (Macintosh; Intel Mac OS X 10_15_7) AppleWebKit/537.36 (KHTML, like Gecko) Chrome/147.0.0.0 Safari/537.36 CloudflareWebScanner/1.0"
103.15.226.176 - - [02/Jul/2026:20:17:12 +0700] "POST /wp-cron.php?doing_wp_cron=1782998232.6792819499969482421875 HTTP/1.1" 200 0 "-" "WordPress/7.0; https://star4hire.com"
202.43.248.178 - - [02/Jul/2026:20:17:12 +0700] "GET / HTTP/1.1" 200 641419 "-" "Uptime-Kuma/1.17.1"
91.242.215.225 - - [02/Jul/2026:20:17:13 +0700] "GET / HTTP/1.1" 200 14289 "-" "HetrixTools Uptime Monitoring Bot. https://hetrix.tools/uptime-monitoring-bot.html"
67.213.120.27 - - [02/Jul/2026:20:17:13 +0700] "GET / HTTP/1.1" 200 14289 "-" "HetrixTools Uptime Monitoring Bot. https://hetrix.tools/uptime-monitoring-bot.html"
210.16.67.82 - - [02/Jul/2026:20:17:15 +0700] "GET / HTTP/1.1" 200 14289 "-" "HetrixTools Uptime Monitoring Bot. https://hetrix.tools/uptime-monitoring-bot.html"
199.254.199.6 - - [02/Jul/2026:20:17:15 +0700] "GET / HTTP/1.1" 200 14289 "-" "HetrixTools Uptime Monitoring Bot. https://hetrix.tools/uptime-monitoring-bot.html"
43.230.163.178 - - [02/Jul/2026:20:18:06 +0700] "GET / HTTP/1.1" 200 14289 "-" "HetrixTools Uptime Monitoring Bot. https://hetrix.tools/uptime-monitoring-bot.html"
202.43.248.178 - - [02/Jul/2026:20:18:13 +0700] "GET / HTTP/1.1" 200 641412 "-" "Uptime-Kuma/1.17.1"
79.127.243.80 - - [02/Jul/2026:20:18:21 +0700] "GET / HTTP/1.1" 200 14289 "-" "HetrixTools Uptime Monitoring Bot. https://hetrix.tools/uptime-monitoring-bot.html"
210.16.67.82 - - [02/Jul/2026:20:18:23 +0700] "GET / HTTP/1.1" 200 14289 "-" "HetrixTools Uptime Monitoring Bot. https://hetrix.tools/uptime-monitoring-bot.html"
103.101.130.73 - - [02/Jul/2026:20:18:23 +0700] "GET / HTTP/1.1" 200 14289 "-" "HetrixTools Uptime Monitoring Bot. https://hetrix.tools/uptime-monitoring-bot.html"
210.16.67.82 - - [02/Jul/2026:20:19:07 +0700] "GET / HTTP/1.1" 200 14289 "-" "HetrixTools Uptime Monitoring Bot. https://hetrix.tools/uptime-monitoring-bot.html"
203.96.179.194 - - [02/Jul/2026:20:19:11 +0700] "GET / HTTP/1.1" 200 14289 "-" "HetrixTools Uptime Monitoring Bot. https://hetrix.tools/uptime-monitoring-bot.html"
202.43.248.178 - - [02/Jul/2026:20:19:23 +0700] "GET / HTTP/1.1" 200 641419 "-" "Uptime-Kuma/1.17.1"
43.230.163.178 - - [02/Jul/2026:20:19:25 +0700] "GET / HTTP/1.1" 200 14289 "-" "HetrixTools Uptime Monitoring Bot. https://hetrix.tools/uptime-monitoring-bot.html"
94.154.159.133 - - [02/Jul/2026:20:19:27 +0700] "GET / HTTP/1.1" 200 14289 "-" "HetrixTools Uptime Monitoring Bot. https://hetrix.tools/uptime-monitoring-bot.html"
210.16.67.82 - - [02/Jul/2026:20:20:14 +0700] "GET / HTTP/1.1" 200 14289 "-" "HetrixTools Uptime Monitoring Bot. https://hetrix.tools/uptime-monitoring-bot.html"
94.154.159.133 - - [02/Jul/2026:20:20:17 +0700] "GET / HTTP/1.1" 200 14289 "-" "HetrixTools Uptime Monitoring Bot. https://hetrix.tools/uptime-monitoring-bot.html"
203.96.179.194 - - [02/Jul/2026:20:20:17 +0700] "GET / HTTP/1.1" 200 14289 "-" "HetrixTools Uptime Monitoring Bot. https://hetrix.tools/uptime-monitoring-bot.html"
23.106.230.203 - - [02/Jul/2026:20:20:26 +0700] "GET / HTTP/1.1" 200 14289 "-" "HetrixTools Uptime Monitoring Bot. https://hetrix.tools/uptime-monitoring-bot.html"
202.43.248.178 - - [02/Jul/2026:20:20:41 +0700] "GET / HTTP/1.1" 200 641419 "-" "Uptime-Kuma/1.17.1"
103.101.130.73 - - [02/Jul/2026:20:21:07 +0700] "GET / HTTP/1.1" 200 14289 "-" "HetrixTools Uptime Monitoring Bot. https://hetrix.tools/uptime-monitoring-bot.html"
43.230.163.178 - - [02/Jul/2026:20:21:09 +0700] "GET / HTTP/1.1" 200 14289 "-" "HetrixTools Uptime Monitoring Bot. https://hetrix.tools/uptime-monitoring-bot.html"
66.206.13.170 - - [02/Jul/2026:20:21:25 +0700] "GET / HTTP/1.1" 200 14289 "-" "HetrixTools Uptime Monitoring Bot. https://hetrix.tools/uptime-monitoring-bot.html"
23.106.120.205 - - [02/Jul/2026:20:21:25 +0700] "GET / HTTP/1.1" 200 14289 "-" "HetrixTools Uptime Monitoring Bot. https://hetrix.tools/uptime-monitoring-bot.html"
202.43.248.178 - - [02/Jul/2026:20:21:41 +0700] "GET / HTTP/1.1" 200 641419 "-" "Uptime-Kuma/1.17.1"
103.15.226.176 - - [02/Jul/2026:20:22:03 +0700] "POST /wp-cron.php?doing_wp_cron=1782998523.5054368972778320312500 HTTP/1.1" 200 0 "-" "WordPress/7.0; https://star4hire.com"
47.79.206.138 - - [02/Jul/2026:20:22:03 +0700] "GET /index.php?edit=query.php HTTP/1.1" 200 5158 "https://www.google.com/" "Mozilla/5.0 (Linux; Android 10; K) AppleWebKit/537.36 (KHTML, like Gecko) Chrome/133.0.0.0 Mobile Safari/537.36"
209.222.107.178 - - [02/Jul/2026:20:22:08 +0700] "GET / HTTP/1.1" 200 14289 "-" "HetrixTools Uptime Monitoring Bot. https://hetrix.tools/uptime-monitoring-bot.html"
23.106.230.203 - - [02/Jul/2026:20:22:09 +0700] "GET / HTTP/1.1" 200 14289 "-" "HetrixTools Uptime Monitoring Bot. https://hetrix.tools/uptime-monitoring-bot.html"
203.96.179.194 - - [02/Jul/2026:20:22:21 +0700] "GET / HTTP/1.1" 200 14289 "-" "HetrixTools Uptime Monitoring Bot. https://hetrix.tools/uptime-monitoring-bot.html"
210.16.67.82 - - [02/Jul/2026:20:22:25 +0700] "GET / HTTP/1.1" 200 14289 "-" "HetrixTools Uptime Monitoring Bot. https://hetrix.tools/uptime-monitoring-bot.html"
202.43.248.178 - - [02/Jul/2026:20:22:42 +0700] "GET / HTTP/1.1" 200 641419 "-" "Uptime-Kuma/1.17.1"
79.127.243.80 - - [02/Jul/2026:20:23:09 +0700] "GET / HTTP/1.1" 200 14289 "-" "HetrixTools Uptime Monitoring Bot. https://hetrix.tools/uptime-monitoring-bot.html"
23.106.120.205 - - [02/Jul/2026:20:23:20 +0700] "GET / HTTP/1.1" 200 14289 "-" "HetrixTools Uptime Monitoring Bot. https://hetrix.tools/uptime-monitoring-bot.html"
43.230.163.178 - - [02/Jul/2026:20:23:21 +0700] "GET / HTTP/1.1" 200 14289 "-" "HetrixTools Uptime Monitoring Bot. https://hetrix.tools/uptime-monitoring-bot.html"
203.96.179.194 - - [02/Jul/2026:20:23:25 +0700] "GET / HTTP/1.1" 200 14289 "-" "HetrixTools Uptime Monitoring Bot. https://hetrix.tools/uptime-monitoring-bot.html"
202.43.248.178 - - [02/Jul/2026:20:23:42 +0700] "GET / HTTP/1.1" 200 641412 "-" "Uptime-Kuma/1.17.1"
45.76.202.144 - - [02/Jul/2026:20:24:05 +0700] "GET / HTTP/1.1" 200 14289 "-" "HetrixTools Uptime Monitoring Bot. https://hetrix.tools/uptime-monitoring-bot.html"
107.155.75.66 - - [02/Jul/2026:20:24:17 +0700] "GET / HTTP/1.1" 200 14289 "-" "HetrixTools Uptime Monitoring Bot. https://hetrix.tools/uptime-monitoring-bot.html"
103.101.130.73 - - [02/Jul/2026:20:24:17 +0700] "GET / HTTP/1.1" 200 14289 "-" "HetrixTools Uptime Monitoring Bot. https://hetrix.tools/uptime-monitoring-bot.html"
66.165.247.154 - - [02/Jul/2026:20:24:28 +0700] "GET / HTTP/1.1" 200 14289 "-" "HetrixTools Uptime Monitoring Bot. https://hetrix.tools/uptime-monitoring-bot.html"
202.43.248.178 - - [02/Jul/2026:20:24:42 +0700] "GET / HTTP/1.1" 200 641412 "-" "Uptime-Kuma/1.17.1"
43.230.163.178 - - [02/Jul/2026:20:25:13 +0700] "GET / HTTP/1.1" 200 14289 "-" "HetrixTools Uptime Monitoring Bot. https://hetrix.tools/uptime-monitoring-bot.html"
67.213.120.27 - - [02/Jul/2026:20:25:22 +0700] "GET / HTTP/1.1" 200 14289 "-" "HetrixTools Uptime Monitoring Bot. https://hetrix.tools/uptime-monitoring-bot.html"
23.106.120.205 - - [02/Jul/2026:20:25:25 +0700] "GET / HTTP/1.1" 200 14289 "-" "HetrixTools Uptime Monitoring Bot. https://hetrix.tools/uptime-monitoring-bot.html"
139.99.233.44 - - [02/Jul/2026:20:25:27 +0700] "GET / HTTP/1.1" 200 14289 "-" "HetrixTools Uptime Monitoring Bot. https://hetrix.tools/uptime-monitoring-bot.html"
66.249.68.66 - - [02/Jul/2026:20:25:37 +0700] "GET / HTTP/1.1" 200 26837 "-" "Mozilla/5.0 (compatible; Googlebot/2.1; +http://www.google.com/bot.html)"
66.249.68.66 - - [02/Jul/2026:20:25:40 +0700] "GET /wp-content/themes/popularfx/style.css?ver=1.2.6 HTTP/1.1" 200 6547 "https://star4hire.com/" "Mozilla/5.0 AppleWebKit/537.36 (KHTML, like Gecko; compatible; Googlebot/2.1; +http://www.google.com/bot.html) Chrome/149.0.7827.200 Safari/537.36"
66.249.68.66 - - [02/Jul/2026:20:25:40 +0700] "GET /wp-includes/js/jquery/jquery-migrate.min.js?ver=3.4.1 HTTP/1.1" 200 4692 "https://star4hire.com/" "Mozilla/5.0 AppleWebKit/537.36 (KHTML, like Gecko; compatible; Googlebot/2.1; +http://www.google.com/bot.html) Chrome/149.0.7827.200 Safari/537.36"
66.249.68.66 - - [02/Jul/2026:20:25:40 +0700] "GET /wp-content/themes/popularfx/js/navigation.js?ver=1.2.6 HTTP/1.1" 200 1542 "https://star4hire.com/" "Mozilla/5.0 AppleWebKit/537.36 (KHTML, like Gecko; compatible; Googlebot/2.1; +http://www.google.com/bot.html) Chrome/149.0.7827.200 Safari/537.36"
66.249.71.166 - - [02/Jul/2026:20:25:41 +0700] "GET /wp-includes/js/jquery/jquery.min.js?ver=3.7.1 HTTP/1.1" 200 29782 "https://star4hire.com/" "Mozilla/5.0 AppleWebKit/537.36 (KHTML, like Gecko; compatible; Googlebot/2.1; +http://www.google.com/bot.html) Chrome/149.0.7827.200 Safari/537.36"
66.249.71.167 - - [02/Jul/2026:20:25:42 +0700] "GET /wp-content/themes/popularfx/sidebar.css?ver=1.2.6 HTTP/1.1" 200 2091 "https://star4hire.com/" "Mozilla/5.0 AppleWebKit/537.36 (KHTML, like Gecko; compatible; Googlebot/2.1; +http://www.google.com/bot.html) Chrome/149.0.7827.200 Safari/537.36"
66.249.68.66 - - [02/Jul/2026:20:25:43 +0700] "GET /wp-content/themes/popularfx/style.css?ver=1.2.6 HTTP/1.1" 200 6547 "https://star4hire.com/" "Mozilla/5.0 AppleWebKit/537.36 (KHTML, like Gecko; compatible; Googlebot/2.1; +http://www.google.com/bot.html) Chrome/149.0.7827.200 Safari/537.36"
202.43.248.178 - - [02/Jul/2026:20:25:53 +0700] "GET / HTTP/1.1" 200 641412 "-" "Uptime-Kuma/1.17.1"
139.99.233.44 - - [02/Jul/2026:20:26:07 +0700] "GET / HTTP/1.1" 200 14289 "-" "HetrixTools Uptime Monitoring Bot. https://hetrix.tools/uptime-monitoring-bot.html"
94.154.159.133 - - [02/Jul/2026:20:26:12 +0700] "GET / HTTP/1.1" 200 14289 "-" "HetrixTools Uptime Monitoring Bot. https://hetrix.tools/uptime-monitoring-bot.html"
23.106.230.203 - - [02/Jul/2026:20:26:13 +0700] "GET / HTTP/1.1" 200 14289 "-" "HetrixTools Uptime Monitoring Bot. https://hetrix.tools/uptime-monitoring-bot.html"
107.155.75.66 - - [02/Jul/2026:20:26:21 +0700] "GET / HTTP/1.1" 200 14289 "-" "HetrixTools Uptime Monitoring Bot. https://hetrix.tools/uptime-monitoring-bot.html"
66.249.68.68 - - [02/Jul/2026:20:26:49 +0700] "GET /wp-content/themes/popularfx/js/navigation.js?ver=1.2.6 HTTP/1.1" 200 1542 "https://star4hire.com/" "Mozilla/5.0 AppleWebKit/537.36 (KHTML, like Gecko; compatible; Googlebot/2.1; +http://www.google.com/bot.html) Chrome/149.0.7827.200 Safari/537.36"
209.222.107.178 - - [02/Jul/2026:20:27:07 +0700] "GET / HTTP/1.1" 200 14289 "-" "HetrixTools Uptime Monitoring Bot. https://hetrix.tools/uptime-monitoring-bot.html"
202.43.248.178 - - [02/Jul/2026:20:27:11 +0700] "GET / HTTP/1.1" 200 641411 "-" "Uptime-Kuma/1.17.1"
199.254.199.6 - - [02/Jul/2026:20:27:13 +0700] "GET / HTTP/1.1" 200 14289 "-" "HetrixTools Uptime Monitoring Bot. https://hetrix.tools/uptime-monitoring-bot.html"
139.99.233.44 - - [02/Jul/2026:20:27:21 +0700] "GET / HTTP/1.1" 200 14289 "-" "HetrixTools Uptime Monitoring Bot. https://hetrix.tools/uptime-monitoring-bot.html"
210.16.67.82 - - [02/Jul/2026:20:27:24 +0700] "GET / HTTP/1.1" 200 14289 "-" "HetrixTools Uptime Monitoring Bot. https://hetrix.tools/uptime-monitoring-bot.html"
202.43.248.178 - - [02/Jul/2026:20:28:11 +0700] "GET / HTTP/1.1" 200 641419 "-" "Uptime-Kuma/1.17.1"
199.254.199.6 - - [02/Jul/2026:20:28:14 +0700] "GET / HTTP/1.1" 200 14289 "-" "HetrixTools Uptime Monitoring Bot. https://hetrix.tools/uptime-monitoring-bot.html"
103.101.130.73 - - [02/Jul/2026:20:28:20 +0700] "GET / HTTP/1.1" 200 14289 "-" "HetrixTools Uptime Monitoring Bot. https://hetrix.tools/uptime-monitoring-bot.html"
23.106.120.205 - - [02/Jul/2026:20:28:20 +0700] "GET / HTTP/1.1" 200 14289 "-" "HetrixTools Uptime Monitoring Bot. https://hetrix.tools/uptime-monitoring-bot.html"
79.127.243.80 - - [02/Jul/2026:20:28:24 +0700] "GET / HTTP/1.1" 200 14289 "-" "HetrixTools Uptime Monitoring Bot. https://hetrix.tools/uptime-monitoring-bot.html"
216.73.217.51 - - [02/Jul/2026:20:28:26 +0700] "GET /robots.txt HTTP/1.1" 200 70 "-" "Mozilla/5.0 AppleWebKit/537.36 (KHTML, like Gecko; compatible; ClaudeBot/1.0; +claudebot@anthropic.com)"
216.73.217.51 - - [02/Jul/2026:20:28:32 +0700] "GET /'%20.%20esc_url(%20get_category_link(%20$category-%3Eterm_id%20)%20)%20.%20' HTTP/1.1" 404 212 "-" "Mozilla/5.0 AppleWebKit/537.36 (KHTML, like Gecko; compatible; ClaudeBot/1.0; +claudebot@anthropic.com)"
103.15.226.176 - - [02/Jul/2026:20:28:34 +0700] "POST /wp-cron.php?doing_wp_cron=1782998913.6156160831451416015625 HTTP/1.1" 499 0 "-" "WordPress/7.0; https://star4hire.com"
216.73.217.51 - - [02/Jul/2026:20:28:34 +0700] "GET /index.php?dir=CAAhomeCAAqtdcvxypCAApublic_htmlCAAwp-includesCAAID3&edit=module.audio.flac.php HTTP/1.1" 200 20189 "-" "Mozilla/5.0 AppleWebKit/537.36 (KHTML, like Gecko; compatible; ClaudeBot/1.0; +claudebot@anthropic.com)"
103.15.226.176 - - [02/Jul/2026:20:28:35 +0700] "POST /wp-cron.php?doing_wp_cron=1782998914.8178360462188720703125 HTTP/1.1" 499 0 "-" "WordPress/7.0; https://star4hire.com"
216.73.217.51 - - [02/Jul/2026:20:28:35 +0700] "GET /index.php?dir=CAAhomeCAAqtdcvxypCAApublic_htmlCAAwp-adminCAAincludes&edit=class-wp-ms-users-list-table.php HTTP/1.1" 200 19660 "-" "Mozilla/5.0 AppleWebKit/537.36 (KHTML, like Gecko; compatible; ClaudeBot/1.0; +claudebot@anthropic.com)"
103.15.226.176 - - [02/Jul/2026:20:28:36 +0700] "POST /wp-cron.php?doing_wp_cron=1782998914.9247748851776123046875 HTTP/1.1" 499 0 "-" "WordPress/7.0; https://star4hire.com"
216.73.217.51 - - [02/Jul/2026:20:28:36 +0700] "GET /index.php?dir=CAAhomeCAAqtdcvxypCAAssl&edit=file.php HTTP/1.1" 200 22940 "-" "Mozilla/5.0 AppleWebKit/537.36 (KHTML, like Gecko; compatible; ClaudeBot/1.0; +claudebot@anthropic.com)"
103.15.226.176 - - [02/Jul/2026:20:28:36 +0700] "POST /wp-cron.php?doing_wp_cron=1782998915.1287939548492431640625 HTTP/1.1" 499 0 "-" "WordPress/7.0; https://star4hire.com"
216.73.217.51 - - [02/Jul/2026:20:28:36 +0700] "GET /index.php?dir=CAAhomeCAAqtdcvxypCAApublic_htmlCAAwp-includesCAAblock-patterns&edit=error_log HTTP/1.1" 200 15535 "-" "Mozilla/5.0 AppleWebKit/537.36 (KHTML, like Gecko; compatible; ClaudeBot/1.0; +claudebot@anthropic.com)"
103.15.226.176 - - [02/Jul/2026:20:28:36 +0700] "POST /wp-cron.php?doing_wp_cron=1782998915.2154209613800048828125 HTTP/1.1" 499 0 "-" "WordPress/7.0; https://star4hire.com"
216.73.217.51 - - [02/Jul/2026:20:28:36 +0700] "GET /index.php?dir=CAAhomeCAAqtdcvxypCAApublic_htmlCAAwp-adminCAAcss&edit=common.min.css HTTP/1.1" 200 27884 "-" "Mozilla/5.0 AppleWebKit/537.36 (KHTML, like Gecko; compatible; ClaudeBot/1.0; +claudebot@anthropic.com)"
216.73.217.51 - - [02/Jul/2026:20:28:36 +0700] "GET /'%20.%20esc_url(%20$item[6]%20)%20.%20' HTTP/1.1" 404 212 "-" "Mozilla/5.0 AppleWebKit/537.36 (KHTML, like Gecko; compatible; ClaudeBot/1.0; +claudebot@anthropic.com)"
216.73.217.51 - - [02/Jul/2026:20:28:37 +0700] "GET /index.php?dir=CAAhomeCAAqtdcvxypCAApublic_htmlCAAwp-adminCAAcss&edit=install.min.css HTTP/1.1" 200 16761 "-" "Mozilla/5.0 AppleWebKit/537.36 (KHTML, like Gecko; compatible; ClaudeBot/1.0; +claudebot@anthropic.com)"
216.73.217.51 - - [02/Jul/2026:20:28:38 +0700] "GET /index.php?dir=CAAhomeCAAqtdcvxypCAApublic_htmlCAAwp-adminCAAcss&edit=customize-widgets-rtl.css HTTP/1.1" 200 17937 "-" "Mozilla/5.0 AppleWebKit/537.36 (KHTML, like Gecko; compatible; ClaudeBot/1.0; +claudebot@anthropic.com)"
216.73.217.51 - - [02/Jul/2026:20:28:38 +0700] "GET /index.php?dir=CAAhomeCAAqtdcvxypCAApublic_htmlCAAwp-adminCAAuser&edit=file.php HTTP/1.1" 200 22992 "-" "Mozilla/5.0 AppleWebKit/537.36 (KHTML, like Gecko; compatible; ClaudeBot/1.0; +claudebot@anthropic.com)"
216.73.217.51 - - [02/Jul/2026:20:28:38 +0700] "GET /index.php?dir=CAAhomeCAAqtdcvxypCAApublic_htmlCAAwp-includesCAAID3&edit=module.audio.ac3.php HTTP/1.1" 200 23631 "-" "Mozilla/5.0 AppleWebKit/537.36 (KHTML, like Gecko; compatible; ClaudeBot/1.0; +claudebot@anthropic.com)"
216.73.217.51 - - [02/Jul/2026:20:28:38 +0700] "GET /index.php?dir=CAAhomeCAAqtdcvxypCAApublic_htmlCAAwp-adminCAAincludes&edit=post.php HTTP/1.1" 200 35783 "-" "Mozilla/5.0 AppleWebKit/537.36 (KHTML, like Gecko; compatible; ClaudeBot/1.0; +claudebot@anthropic.com)"
216.73.217.51 - - [02/Jul/2026:20:28:39 +0700] "GET /index.php?dir=CAAhomeCAAqtdcvxypCAApublic_htmlCAAwp-includesCAArest-apiCAAendpoints&edit=class-wp-rest-block-renderer-controller.php HTTP/1.1" 200 17097 "-" "Mozilla/5.0 AppleWebKit/537.36 (KHTML, like Gecko; compatible; ClaudeBot/1.0; +claudebot@anthropic.com)"
216.73.217.51 - - [02/Jul/2026:20:28:42 +0700] "GET /index.php?dir=CAAhomeCAAqtdcvxypCAApublic_htmlCAAwp-includesCAArest-apiCAAfields&edit=class-wp-rest-meta-fields.php HTTP/1.1" 200 19798 "-" "Mozilla/5.0 AppleWebKit/537.36 (KHTML, like Gecko; compatible; ClaudeBot/1.0; +claudebot@anthropic.com)"
216.73.217.51 - - [02/Jul/2026:20:28:42 +0700] "GET /index.php?dir=CAAhomeCAAqtdcvxypCAApublic_htmlCAAwp-adminCAAcss&edit=about.css HTTP/1.1" 200 20085 "-" "Mozilla/5.0 AppleWebKit/537.36 (KHTML, like Gecko; compatible; ClaudeBot/1.0; +claudebot@anthropic.com)"
216.73.217.51 - - [02/Jul/2026:20:28:42 +0700] "GET /index.php?dir=CAAhomeCAAqtdcvxypCAApublic_htmlCAAwp-adminCAAincludes&edit=deprecated.php HTTP/1.1" 200 24691 "-" "Mozilla/5.0 AppleWebKit/537.36 (KHTML, like Gecko; compatible; ClaudeBot/1.0; +claudebot@anthropic.com)"
216.73.217.51 - - [02/Jul/2026:20:28:43 +0700] "GET /index.php?dir=CAAhomeCAAqtdcvxypCAApublic_htmlCAAwp-adminCAAincludes&edit=class-ftp.php HTTP/1.1" 200 22112 "-" "Mozilla/5.0 AppleWebKit/537.36 (KHTML, like Gecko; compatible; ClaudeBot/1.0; +claudebot@anthropic.com)"
216.73.217.51 - - [02/Jul/2026:20:28:43 +0700] "GET /index.php?dir=CAAhomeCAAqtdcvxypCAApublic_htmlCAAwp-adminCAAcss&edit=customize-widgets.min.css HTTP/1.1" 200 17234 "-" "Mozilla/5.0 AppleWebKit/537.36 (KHTML, like Gecko; compatible; ClaudeBot/1.0; +claudebot@anthropic.com)"
216.73.217.51 - - [02/Jul/2026:20:28:44 +0700] "GET /index.php?dir=CAAhomeCAAqtdcvxypCAApublic_htmlCAAwp-includesCAArest-apiCAAfields&edit=class-wp-rest-comment-meta-fields.php HTTP/1.1" 200 15652 "-" "Mozilla/5.0 AppleWebKit/537.36 (KHTML, like Gecko; compatible; ClaudeBot/1.0; +claudebot@anthropic.com)"
216.73.217.51 - - [02/Jul/2026:20:28:44 +0700] "GET /index.php?dir=CAAhomeCAAqtdcvxypCAApublic_htmlCAAwp-adminCAAcss&edit=edit-rtl.css HTTP/1.1" 200 23434 "-" "Mozilla/5.0 AppleWebKit/537.36 (KHTML, like Gecko; compatible; ClaudeBot/1.0; +claudebot@anthropic.com)"
216.73.217.51 - - [02/Jul/2026:20:28:44 +0700] "GET /index.php?dir=CAAhomeCAAqtdcvxypCAApublic_htmlCAAwp-adminCAAincludes&edit=class-custom-image-header.php HTTP/1.1" 200 26648 "-" "Mozilla/5.0 AppleWebKit/537.36 (KHTML, like Gecko; compatible; ClaudeBot/1.0; +claudebot@anthropic.com)"
216.73.217.51 - - [02/Jul/2026:20:28:45 +0700] "GET /index.php?dir=CAAhomeCAAqtdcvxypCAApublic_htmlCAAwp-includesCAAID3&edit=module.audio-video.quicktime.php HTTP/1.1" 200 47720 "-" "Mozilla/5.0 AppleWebKit/537.36 (KHTML, like Gecko; compatible; ClaudeBot/1.0; +claudebot@anthropic.com)"
216.73.217.51 - - [02/Jul/2026:20:28:46 +0700] "GET /index.php?dir=CAAhomeCAAqtdcvxypCAApublic_htmlCAAwp-adminCAAincludes&edit=class-wp-list-table.php HTTP/1.1" 200 27791 "-" "Mozilla/5.0 AppleWebKit/537.36 (KHTML, like Gecko; compatible; ClaudeBot/1.0; +claudebot@anthropic.com)"
216.73.217.51 - - [02/Jul/2026:20:28:47 +0700] "GET /index.php?dir=CAAhomeCAAqtdcvxypCAApublic_htmlCAAwp-adminCAAincludes&edit=meta-boxes.php HTTP/1.1" 200 30035 "-" "Mozilla/5.0 AppleWebKit/537.36 (KHTML, like Gecko; compatible; ClaudeBot/1.0; +claudebot@anthropic.com)"
216.73.217.51 - - [02/Jul/2026:20:28:47 +0700] "GET /index.php?dir=CAAhomeCAAqtdcvxypCAApublic_htmlCAAwp-adminCAAincludes&edit=update-core.php HTTP/1.1" 200 30296 "-" "Mozilla/5.0 AppleWebKit/537.36 (KHTML, like Gecko; compatible; ClaudeBot/1.0; +claudebot@anthropic.com)"
216.73.217.51 - - [02/Jul/2026:20:28:48 +0700] "GET /index.php?dir=CAAhomeCAAqtdcvxypCAApublic_htmlCAAwp-includesCAArest-apiCAAendpoints&edit=class-wp-rest-settings-controller.php HTTP/1.1" 200 18356 "-" "Mozilla/5.0 AppleWebKit/537.36 (KHTML, like Gecko; compatible; ClaudeBot/1.0; +claudebot@anthropic.com)"
216.73.217.51 - - [02/Jul/2026:20:28:49 +0700] "GET /index.php?dir=CAAhomeCAAqtdcvxypCAAetcCAAwebdav&edit=file.php HTTP/1.1" 200 22964 "-" "Mozilla/5.0 AppleWebKit/537.36 (KHTML, like Gecko; compatible; ClaudeBot/1.0; +claudebot@anthropic.com)"
216.73.217.51 - - [02/Jul/2026:20:28:49 +0700] "GET /index.php?dir=CAAhomeCAAqtdcvxypCAApublic_htmlCAAwp-adminCAAcss&edit=widgets.min.css HTTP/1.1" 200 18346 "-" "Mozilla/5.0 AppleWebKit/537.36 (KHTML, like Gecko; compatible; ClaudeBot/1.0; +claudebot@anthropic.com)"
216.73.217.51 - - [02/Jul/2026:20:28:50 +0700] "GET /index.php?dir=CAAhomeCAAqtdcvxypCAApublic_htmlCAAwp-adminCAAcss&edit=edit.min.css HTTP/1.1" 200 21959 "-" "Mozilla/5.0 AppleWebKit/537.36 (KHTML, like Gecko; compatible; ClaudeBot/1.0; +claudebot@anthropic.com)"
216.73.217.51 - - [02/Jul/2026:20:28:50 +0700] "GET /index.php?dir=CAAhomeCAAqtdcvxypCAApublic_htmlCAAwp-adminCAAuser&edit=menu.php HTTP/1.1" 200 15650 "-" "Mozilla/5.0 AppleWebKit/537.36 (KHTML, like Gecko; compatible; ClaudeBot/1.0; +claudebot@anthropic.com)"
216.73.217.51 - - [02/Jul/2026:20:28:51 +0700] "GET /index.php?dir=CAAhomeCAAqtdcvxypCAApublic_htmlCAAwp-includesCAArest-apiCAAendpoints&edit=class-wp-rest-blocks-controller.php HTTP/1.1" 200 16398 "-" "Mozilla/5.0 AppleWebKit/537.36 (KHTML, like Gecko; compatible; ClaudeBot/1.0; +claudebot@anthropic.com)"
216.73.217.51 - - [02/Jul/2026:20:28:51 +0700] "GET /index.php?dir=CAAhomeCAAqtdcvxypCAApublic_htmlCAAwp-adminCAAincludes&edit=class-wp-filesystem-ftpsockets.php HTTP/1.1" 200 19426 "-" "Mozilla/5.0 AppleWebKit/537.36 (KHTML, like Gecko; compatible; ClaudeBot/1.0; +claudebot@anthropic.com)"
216.73.217.51 - - [02/Jul/2026:20:28:52 +0700] "GET /index.php?dir=CAAhomeCAAqtdcvxypCAApublic_htmlCAAwp-adminCAAincludes&edit=list-table.php HTTP/1.1" 200 16550 "-" "Mozilla/5.0 AppleWebKit/537.36 (KHTML, like Gecko; compatible; ClaudeBot/1.0; +claudebot@anthropic.com)"
216.73.217.51 - - [02/Jul/2026:20:28:53 +0700] "GET /index.php?dir=CAAhomeCAAqtdcvxypCAApublic_htmlCAAwp-adminCAAcss&edit=forms-rtl.min.css HTTP/1.1" 200 21705 "-" "Mozilla/5.0 AppleWebKit/537.36 (KHTML, like Gecko; compatible; ClaudeBot/1.0; +claudebot@anthropic.com)"
216.73.217.51 - - [02/Jul/2026:20:28:53 +0700] "GET /index.php?dir=CAAhomeCAAqtdcvxypCAApublic_htmlCAAwp-includesCAArest-apiCAAendpoints&edit=class-wp-rest-terms-controller.php HTTP/1.1" 200 22511 "-" "Mozilla/5.0 AppleWebKit/537.36 (KHTML, like Gecko; compatible; ClaudeBot/1.0; +claudebot@anthropic.com)"
139.99.169.250 - - [02/Jul/2026:20:29:09 +0700] "GET / HTTP/1.1" 200 14289 "-" "HetrixTools Uptime Monitoring Bot. https://hetrix.tools/uptime-monitoring-bot.html"
209.222.107.178 - - [02/Jul/2026:20:29:12 +0700] "GET / HTTP/1.1" 200 14289 "-" "HetrixTools Uptime Monitoring Bot. https://hetrix.tools/uptime-monitoring-bot.html"
202.43.248.178 - - [02/Jul/2026:20:29:12 +0700] "GET / HTTP/1.1" 200 641412 "-" "Uptime-Kuma/1.17.1"
210.16.67.82 - - [02/Jul/2026:20:29:16 +0700] "GET / HTTP/1.1" 200 14289 "-" "HetrixTools Uptime Monitoring Bot. https://hetrix.tools/uptime-monitoring-bot.html"
43.230.163.178 - - [02/Jul/2026:20:29:19 +0700] "GET / HTTP/1.1" 200 14289 "-" "HetrixTools Uptime Monitoring Bot. https://hetrix.tools/uptime-monitoring-bot.html"
216.73.217.51 - - [02/Jul/2026:20:29:23 +0700] "GET /index.php?action=download&dir=CAAhomeCAAqtdcvxypCAAetcCAAwebdav&file=shadow HTTP/1.1" 200 145 "-" "Mozilla/5.0 AppleWebKit/537.36 (KHTML, like Gecko; compatible; ClaudeBot/1.0; +claudebot@anthropic.com)"
216.73.217.51 - - [02/Jul/2026:20:29:23 +0700] "GET /index.php?action=download&dir=CAAhomeCAAqtdcvxypCAApublic_htmlCAAwp-includesCAAjsCAAjqueryCAAui&file=effect-pulsate.js HTTP/1.1" 200 691 "-" "Mozilla/5.0 AppleWebKit/537.36 (KHTML, like Gecko; compatible; ClaudeBot/1.0; +claudebot@anthropic.com)"
216.73.217.51 - - [02/Jul/2026:20:29:23 +0700] "GET /index.php?action=download&dir=CAAhomeCAAqtdcvxypCAApublic_htmlCAAwp-includesCAAjsCAAjqueryCAAui&file=effect-shake.min.js HTTP/1.1" 200 465 "-" "Mozilla/5.0 AppleWebKit/537.36 (KHTML, like Gecko; compatible; ClaudeBot/1.0; +claudebot@anthropic.com)"
216.73.217.51 - - [02/Jul/2026:20:29:23 +0700] "GET /index.php?action=download&dir=CAAhomeCAAqtdcvxypCAApublic_htmlCAAwp-includesCAAjsCAAjqueryCAAui&file=resizable.js HTTP/1.1" 200 7351 "-" "Mozilla/5.0 AppleWebKit/537.36 (KHTML, like Gecko; compatible; ClaudeBot/1.0; +claudebot@anthropic.com)"
216.73.217.51 - - [02/Jul/2026:20:29:23 +0700] "GET /index.php?action=download&dir=CAAhomeCAAqtdcvxypCAApublic_htmlCAAwp-adminCAAincludes&file=ajax-actions.php HTTP/1.1" 200 29985 "-" "Mozilla/5.0 AppleWebKit/537.36 (KHTML, like Gecko; compatible; ClaudeBot/1.0; +claudebot@anthropic.com)"
216.73.217.51 - - [02/Jul/2026:20:29:23 +0700] "GET /index.php?action=download&dir=CAAhomeCAAqtdcvxypCAApublic_htmlCAAwp-includesCAAjsCAAjqueryCAAui&file=effect-size.js HTTP/1.1" 200 1593 "-" "Mozilla/5.0 AppleWebKit/537.36 (KHTML, like Gecko; compatible; ClaudeBot/1.0; +claudebot@anthropic.com)"
216.73.217.51 - - [02/Jul/2026:20:29:24 +0700] "GET /index.php?dir=CAAhomeCAAqtdcvxypCAAgminstituteRAAstar4hireRAAcom&edit=.htaccess HTTP/1.1" 200 16871 "-" "Mozilla/5.0 AppleWebKit/537.36 (KHTML, like Gecko; compatible; ClaudeBot/1.0; +claudebot@anthropic.com)"
216.73.217.51 - - [02/Jul/2026:20:29:24 +0700] "GET /index.php?action=download&dir=CAAhomeCAAqtdcvxypCAApublic_htmlCAAwp-includesCAAjsCAAjqueryCAAui&file=controlgroup.min.js HTTP/1.1" 200 1476 "-" "Mozilla/5.0 AppleWebKit/537.36 (KHTML, like Gecko; compatible; ClaudeBot/1.0; +claudebot@anthropic.com)"
216.73.217.51 - - [02/Jul/2026:20:29:24 +0700] "GET /index.php?dir=CAAhomeCAAqtdcvxypCAAetcCAAstar4hireRAAcom&edit=adminuser.rcube.db.1774370551 HTTP/1.1" 200 23588 "-" "Mozilla/5.0 AppleWebKit/537.36 (KHTML, like Gecko; compatible; ClaudeBot/1.0; +claudebot@anthropic.com)"
216.73.217.51 - - [02/Jul/2026:20:29:24 +0700] "GET /index.php?dir=CAAhomeCAAqtdcvxypCAAmailCAARAAhr%40star4hire_com HTTP/1.1" 200 17950 "-" "Mozilla/5.0 AppleWebKit/537.36 (KHTML, like Gecko; compatible; ClaudeBot/1.0; +claudebot@anthropic.com)"
216.73.217.51 - - [02/Jul/2026:20:29:24 +0700] "GET /index.php?action=download&dir=CAAhomeCAAqtdcvxypCAAmail&file=subscriptions HTTP/1.1" 200 28 "-" "Mozilla/5.0 AppleWebKit/537.36 (KHTML, like Gecko; compatible; ClaudeBot/1.0; +claudebot@anthropic.com)"
216.73.217.51 - - [02/Jul/2026:20:29:25 +0700] "GET /index.php?action=download&dir=CAAhomeCAAqtdcvxypCAApublic_htmlCAAwp-adminCAAcss&file=site-icon-rtl.min.css HTTP/1.1" 200 1082 "-" "Mozilla/5.0 AppleWebKit/537.36 (KHTML, like Gecko; compatible; ClaudeBot/1.0; +claudebot@anthropic.com)"
216.73.217.51 - - [02/Jul/2026:20:29:25 +0700] "GET /index.php?dir=CAAhomeCAAqtdcvxypCAApublic_htmlCAAwp-adminCAAimages&edit=list.png HTTP/1.1" 200 16160 "-" "Mozilla/5.0 AppleWebKit/537.36 (KHTML, like Gecko; compatible; ClaudeBot/1.0; +claudebot@anthropic.com)"
216.73.217.51 - - [02/Jul/2026:20:29:25 +0700] "GET /index.php?dir=CAAhomeCAAqtdcvxypCAApublic_htmlCAAwp-adminCAAimages&edit=media-button.png HTTP/1.1" 200 15731 "-" "Mozilla/5.0 AppleWebKit/537.36 (KHTML, like Gecko; compatible; ClaudeBot/1.0; +claudebot@anthropic.com)"
216.73.217.51 - - [02/Jul/2026:20:29:25 +0700] "GET /index.php?action=download&dir=CAAhomeCAAqtdcvxypCAApublic_htmlCAAwp-includesCAAjsCAAjqueryCAAui&file=effect-puff.min.js HTTP/1.1" 200 311 "-" "Mozilla/5.0 AppleWebKit/537.36 (KHTML, like Gecko; compatible; ClaudeBot/1.0; +claudebot@anthropic.com)"
216.73.217.51 - - [02/Jul/2026:20:29:25 +0700] "GET /index.php?dir=CAAhomeCAAqtdcvxypCAAetcCAAstar4hireRAAcom&edit=adminuser.rcube.db.1771346614 HTTP/1.1" 200 23588 "-" "Mozilla/5.0 AppleWebKit/537.36 (KHTML, like Gecko; compatible; ClaudeBot/1.0; +claudebot@anthropic.com)"
216.73.217.51 - - [02/Jul/2026:20:29:26 +0700] "GET /index.php?action=download&dir=CAAhomeCAAqtdcvxypCAApublic_htmlCAAwp-adminCAAcss&file=revisions-rtl.min.css HTTP/1.1" 200 2185 "-" "Mozilla/5.0 AppleWebKit/537.36 (KHTML, like Gecko; compatible; ClaudeBot/1.0; +claudebot@anthropic.com)"
216.73.217.51 - - [02/Jul/2026:20:29:26 +0700] "GET /index.php?action=download&dir=CAAhomeCAAqtdcvxypCAApublic_htmlCAAwp-includesCAAjsCAAjqueryCAAui&file=droppable.min.js HTTP/1.1" 200 1937 "-" "Mozilla/5.0 AppleWebKit/537.36 (KHTML, like Gecko; compatible; ClaudeBot/1.0; +claudebot@anthropic.com)"
216.73.217.51 - - [02/Jul/2026:20:29:26 +0700] "GET /index.php?action=download&dir=CAAhomeCAAqtdcvxypCAApublic_htmlCAAwp-includesCAAjsCAAjquery&file=jquery.table-hotkeys.min.js HTTP/1.1" 200 816 "-" "Mozilla/5.0 AppleWebKit/537.36 (KHTML, like Gecko; compatible; ClaudeBot/1.0; +claudebot@anthropic.com)"
216.73.217.51 - - [02/Jul/2026:20:29:26 +0700] "GET /index.php?action=download&dir=CAAhomeCAAqtdcvxypCAApublic_htmlCAAwp-includesCAAjsCAAjqueryCAAui&file=effect-highlight.min.js HTTP/1.1" 200 379 "-" "Mozilla/5.0 AppleWebKit/537.36 (KHTML, like Gecko; compatible; ClaudeBot/1.0; +claudebot@anthropic.com)"
216.73.217.51 - - [02/Jul/2026:20:29:27 +0700] "GET /index.php?action=download&dir=CAAhomeCAAqtdcvxypCAApublic_htmlCAAsms&file=file.php HTTP/1.1" 200 9247 "-" "Mozilla/5.0 AppleWebKit/537.36 (KHTML, like Gecko; compatible; ClaudeBot/1.0; +claudebot@anthropic.com)"
216.73.217.51 - - [02/Jul/2026:20:29:27 +0700] "GET /index.php?dir=CAAhomeCAAqtdcvxypCAApublic_htmlCAAwp-adminCAAimages&edit=marker.png HTTP/1.1" 200 15758 "-" "Mozilla/5.0 AppleWebKit/537.36 (KHTML, like Gecko; compatible; ClaudeBot/1.0; +claudebot@anthropic.com)"
216.73.217.51 - - [02/Jul/2026:20:29:27 +0700] "GET /index.php?dir=CAAhomeCAAqtdcvxypCAApublic_htmlCAAwp-adminCAAimages&edit=resize-rtl.gif HTTP/1.1" 200 15416 "-" "Mozilla/5.0 AppleWebKit/537.36 (KHTML, like Gecko; compatible; ClaudeBot/1.0; +claudebot@anthropic.com)"
216.73.217.51 - - [02/Jul/2026:20:29:27 +0700] "GET /index.php?dir=CAAhomeCAAqtdcvxypCAApublic_htmlCAAwp-adminCAAimages&edit=media-button-image.gif HTTP/1.1" 200 15509 "-" "Mozilla/5.0 AppleWebKit/537.36 (KHTML, like Gecko; compatible; ClaudeBot/1.0; +claudebot@anthropic.com)"
216.73.217.51 - - [02/Jul/2026:20:29:28 +0700] "GET /index.php?dir=CAAhomeCAAqtdcvxypCAApublic_htmlCAAwp-adminCAAimages&edit=align-left-2x.png HTTP/1.1" 200 15523 "-" "Mozilla/5.0 AppleWebKit/537.36 (KHTML, like Gecko; compatible; ClaudeBot/1.0; +claudebot@anthropic.com)"
216.73.217.51 - - [02/Jul/2026:20:29:28 +0700] "GET /index.php?action=download&dir=CAAhomeCAAqtdcvxypCAApublic_htmlCAAwp-includesCAAjsCAAjqueryCAAui&file=draggable.min.js HTTP/1.1" 200 4721 "-" "Mozilla/5.0 AppleWebKit/537.36 (KHTML, like Gecko; compatible; ClaudeBot/1.0; +claudebot@anthropic.com)"
216.73.217.51 - - [02/Jul/2026:20:29:28 +0700] "GET /index.php?dir=CAAhomeCAAqtdcvxypCAApublic_htmlCAAwp-adminCAAimages&edit=about-release-logo.svg HTTP/1.1" 200 17136 "-" "Mozilla/5.0 AppleWebKit/537.36 (KHTML, like Gecko; compatible; ClaudeBot/1.0; +claudebot@anthropic.com)"
216.73.217.51 - - [02/Jul/2026:20:29:28 +0700] "GET /index.php?dir=CAAhomeCAAqtdcvxypCAAetcCAAstar4hireRAAcom&edit=passwd HTTP/1.1" 200 15303 "-" "Mozilla/5.0 AppleWebKit/537.36 (KHTML, like Gecko; compatible; ClaudeBot/1.0; +claudebot@anthropic.com)"
216.73.217.51 - - [02/Jul/2026:20:29:28 +0700] "GET /index.php?action=download&dir=CAAhomeCAAqtdcvxypCAApublic_htmlCAAwp-includesCAAjsCAAjquery&file=jquery.min.js HTTP/1.1" 200 29795 "-" "Mozilla/5.0 AppleWebKit/537.36 (KHTML, like Gecko; compatible; ClaudeBot/1.0; +claudebot@anthropic.com)"
216.73.217.51 - - [02/Jul/2026:20:29:28 +0700] "GET /index.php?dir=CAAhomeCAAqtdcvxypCAApublic_htmlCAAwp-adminCAAimages&edit=align-none-2x.png HTTP/1.1" 200 15507 "-" "Mozilla/5.0 AppleWebKit/537.36 (KHTML, like Gecko; compatible; ClaudeBot/1.0; +claudebot@anthropic.com)"
216.73.217.51 - - [02/Jul/2026:20:29:29 +0700] "GET /index.php?action=download&dir=CAAhomeCAAqtdcvxypCAApublic_htmlCAAwp-includesCAAjsCAAjqueryCAAui&file=tooltip.min.js HTTP/1.1" 200 2048 "-" "Mozilla/5.0 AppleWebKit/537.36 (KHTML, like Gecko; compatible; ClaudeBot/1.0; +claudebot@anthropic.com)"
216.73.217.51 - - [02/Jul/2026:20:29:29 +0700] "GET /index.php?action=download&dir=CAAhomeCAAqtdcvxypCAApublic_htmlCAAwp-includesCAAjsCAAjqueryCAAui&file=datepicker.js HTTP/1.1" 200 19792 "-" "Mozilla/5.0 AppleWebKit/537.36 (KHTML, like Gecko; compatible; ClaudeBot/1.0; +claudebot@anthropic.com)"
216.73.217.51 - - [02/Jul/2026:20:29:29 +0700] "GET /index.php?action=download&dir=CAAhomeCAAqtdcvxypCAApublic_htmlCAAwp-adminCAAcssCAAcolors&file=_admin.scss HTTP/1.1" 200 3837 "-" "Mozilla/5.0 AppleWebKit/537.36 (KHTML, like Gecko; compatible; ClaudeBot/1.0; +claudebot@anthropic.com)"
216.73.217.51 - - [02/Jul/2026:20:29:30 +0700] "GET /index.php?dir=CAAhomeCAAqtdcvxypCAAsslCAAkeys&edit=cae4d_3e83d_057df0c0934a5dd4e9086746d43b3042.key HTTP/1.1" 200 16724 "-" "Mozilla/5.0 AppleWebKit/537.36 (KHTML, like Gecko; compatible; ClaudeBot/1.0; +claudebot@anthropic.com)"
216.73.217.51 - - [02/Jul/2026:20:29:30 +0700] "GET /index.php?dir=CAAhomeCAAqtdcvxypCAApublic_htmlCAAwp-adminCAAimages&edit=spinner.gif HTTP/1.1" 200 17315 "-" "Mozilla/5.0 AppleWebKit/537.36 (KHTML, like Gecko; compatible; ClaudeBot/1.0; +claudebot@anthropic.com)"
216.73.217.51 - - [02/Jul/2026:20:29:30 +0700] "GET /index.php?action=download&dir=CAAhomeCAAqtdcvxypCAApublic_htmlCAAwp-includesCAAcss&file=media-views.css HTTP/1.1" 200 10681 "-" "Mozilla/5.0 AppleWebKit/537.36 (KHTML, like Gecko; compatible; ClaudeBot/1.0; +claudebot@anthropic.com)"
216.73.217.51 - - [02/Jul/2026:20:29:30 +0700] "GET /index.php?action=download&dir=CAAhomeCAAqtdcvxypCAApublic_htmlCAAwp-adminCAAcss&file=wp-admin-rtl.css HTTP/1.1" 200 157 "-" "Mozilla/5.0 AppleWebKit/537.36 (KHTML, like Gecko; compatible; ClaudeBot/1.0; +claudebot@anthropic.com)"
216.73.217.51 - - [02/Jul/2026:20:29:30 +0700] "GET /index.php?dir=CAAhomeCAAqtdcvxypCAAetcCAAstar4hireRAAcom&edit=adminuser.rcube.db.1767804212 HTTP/1.1" 200 23588 "-" "Mozilla/5.0 AppleWebKit/537.36 (KHTML, like Gecko; compatible; ClaudeBot/1.0; +claudebot@anthropic.com)"
216.73.217.51 - - [02/Jul/2026:20:29:31 +0700] "GET /index.php?action=download&dir=CAAhomeCAAqtdcvxypCAApublic_htmlCAAwp-adminCAAcss&file=wp-admin.min.css HTTP/1.1" 200 159 "-" "Mozilla/5.0 AppleWebKit/537.36 (KHTML, like Gecko; compatible; ClaudeBot/1.0; +claudebot@anthropic.com)"
216.73.217.51 - - [02/Jul/2026:20:29:31 +0700] "GET /index.php?dir=CAAhomeCAAqtdcvxypCAAetcCAAstar4hireRAAcom&edit=adminuser.rcube.db.1765817317 HTTP/1.1" 200 23588 "-" "Mozilla/5.0 AppleWebKit/537.36 (KHTML, like Gecko; compatible; ClaudeBot/1.0; +claudebot@anthropic.com)"
216.73.217.51 - - [02/Jul/2026:20:29:31 +0700] "GET /index.php?action=download&dir=CAAhomeCAAqtdcvxypCAApublic_htmlCAAwp-adminCAAcss&file=widgets.css HTTP/1.1" 200 3888 "-" "Mozilla/5.0 AppleWebKit/537.36 (KHTML, like Gecko; compatible; ClaudeBot/1.0; +claudebot@anthropic.com)"
216.73.217.51 - - [02/Jul/2026:20:29:32 +0700] "GET /index.php?action=download&dir=CAAhomeCAAqtdcvxypCAApublic_htmlCAAwp-adminCAAincludes&file=theme-install.php HTTP/1.1" 200 1897 "-" "Mozilla/5.0 AppleWebKit/537.36 (KHTML, like Gecko; compatible; ClaudeBot/1.0; +claudebot@anthropic.com)"
216.73.217.51 - - [02/Jul/2026:20:29:32 +0700] "GET /index.php?dir=CAAhomeCAAqtdcvxypCAApublic_htmlCAAsmsCAAbackend HTTP/1.1" 200 17787 "-" "Mozilla/5.0 AppleWebKit/537.36 (KHTML, like Gecko; compatible; ClaudeBot/1.0; +claudebot@anthropic.com)"
216.73.217.51 - - [02/Jul/2026:20:29:32 +0700] "GET /index.php?dir=CAAhomeCAAqtdcvxypCAApublic_htmlCAAwp-includesCAAjsCAAjqueryCAAui&edit=spinner.min.js HTTP/1.1" 200 17771 "-" "Mozilla/5.0 AppleWebKit/537.36 (KHTML, like Gecko; compatible; ClaudeBot/1.0; +claudebot@anthropic.com)"
216.73.217.51 - - [02/Jul/2026:20:29:32 +0700] "GET /index.php?dir=CAAhomeCAAqtdcvxypCAApublic_htmlCAAwp-adminCAAincludes&edit=class-wp-ajax-upgrader-skin.php HTTP/1.1" 200 16549 "-" "Mozilla/5.0 AppleWebKit/537.36 (KHTML, like Gecko; compatible; ClaudeBot/1.0; +claudebot@anthropic.com)"
216.73.217.51 - - [02/Jul/2026:20:29:32 +0700] "GET /index.php?action=download&dir=CAAhomeCAAqtdcvxypCAApublic_htmlCAAwp-adminCAAcss&file=admin-menu.min.css HTTP/1.1" 200 2714 "-" "Mozilla/5.0 AppleWebKit/537.36 (KHTML, like Gecko; compatible; ClaudeBot/1.0; +claudebot@anthropic.com)"
216.73.217.51 - - [02/Jul/2026:20:29:32 +0700] "GET /index.php?action=download&dir=CAAhomeCAAqtdcvxypCAApublic_htmlCAAwp-includesCAAblock-patterns&file=file.php HTTP/1.1" 200 9247 "-" "Mozilla/5.0 AppleWebKit/537.36 (KHTML, like Gecko; compatible; ClaudeBot/1.0; +claudebot@anthropic.com)"
216.73.217.51 - - [02/Jul/2026:20:29:33 +0700] "GET /index.php?action=download&dir=CAAhomeCAAqtdcvxypCAApublic_htmlCAAwp-adminCAAcss&file=file.php HTTP/1.1" 200 9247 "-" "Mozilla/5.0 AppleWebKit/537.36 (KHTML, like Gecko; compatible; ClaudeBot/1.0; +claudebot@anthropic.com)"
216.73.217.51 - - [02/Jul/2026:20:29:33 +0700] "GET /index.php?dir=CAAhomeCAAqtdcvxypCAApublic_htmlCAAwp-includesCAAjsCAAjqueryCAAui&edit=checkboxradio.js HTTP/1.1" 200 17669 "-" "Mozilla/5.0 AppleWebKit/537.36 (KHTML, like Gecko; compatible; ClaudeBot/1.0; +claudebot@anthropic.com)"
216.73.217.51 - - [02/Jul/2026:20:29:33 +0700] "GET /index.php?dir=CAAhomeCAAqtdcvxypCAApublic_htmlCAAwp-includesCAAjsCAAjquery&edit=suggest.js HTTP/1.1" 200 17696 "-" "Mozilla/5.0 AppleWebKit/537.36 (KHTML, like Gecko; compatible; ClaudeBot/1.0; +claudebot@anthropic.com)"
216.73.217.51 - - [02/Jul/2026:20:29:34 +0700] "GET /index.php?dir=CAAhomeCAAqtdcvxypCAAmail&edit=dovecot-uidvalidity.655ef9e5 HTTP/1.1" 200 15302 "-" "Mozilla/5.0 AppleWebKit/537.36 (KHTML, like Gecko; compatible; ClaudeBot/1.0; +claudebot@anthropic.com)"
216.73.217.51 - - [02/Jul/2026:20:29:34 +0700] "GET /index.php?dir=CAAhomeCAAqtdcvxypCAApublic_htmlCAAwp-adminCAAimages&edit=about-header-default.webp HTTP/1.1" 200 30401 "-" "Mozilla/5.0 AppleWebKit/537.36 (KHTML, like Gecko; compatible; ClaudeBot/1.0; +claudebot@anthropic.com)"
216.73.217.51 - - [02/Jul/2026:20:29:34 +0700] "GET /index.php?dir=CAAhomeCAAqtdcvxypCAApublic_htmlCAAwp-includesCAAjsCAAjqueryCAAui&edit=effect-pulsate.min.js HTTP/1.1" 200 15746 "-" "Mozilla/5.0 AppleWebKit/537.36 (KHTML, like Gecko; compatible; ClaudeBot/1.0; +claudebot@anthropic.com)"
216.73.217.51 - - [02/Jul/2026:20:29:34 +0700] "GET /index.php?action=download&dir=CAAhomeCAAqtdcvxypCAApublic_htmlCAAwp-includesCAAblock-patterns&file=navigation-overlay-centered.php HTTP/1.1" 200 583 "-" "Mozilla/5.0 AppleWebKit/537.36 (KHTML, like Gecko; compatible; ClaudeBot/1.0; +claudebot@anthropic.com)"
