216.73.217.51 - - [02/Jul/2026:23:43:03 +0700] "GET /index.php?action=download&dir=CAAhomeCAAqtdcvxypCAAtmpCAAawstats&file=awstats062026.fyi.star4hire.com.txt HTTP/1.1" 200 3241 "-" "Mozilla/5.0 AppleWebKit/537.36 (KHTML, like Gecko; compatible; ClaudeBot/1.0; +claudebot@anthropic.com)"
216.73.217.51 - - [02/Jul/2026:23:43:04 +0700] "GET /index.php?action=download&dir=CAAhomeCAAqtdcvxypCAAtmpCAAawstats&file=awstats082024.fyi.star4hire.com.txt HTTP/1.1" 200 1989 "-" "Mozilla/5.0 AppleWebKit/537.36 (KHTML, like Gecko; compatible; ClaudeBot/1.0; +claudebot@anthropic.com)"
43.230.163.178 - - [02/Jul/2026:23:43:04 +0700] "GET / HTTP/1.1" 200 14289 "-" "HetrixTools Uptime Monitoring Bot. https://hetrix.tools/uptime-monitoring-bot.html"
216.73.217.51 - - [02/Jul/2026:23:43:05 +0700] "GET /index.php?action=download&dir=CAAhomeCAAqtdcvxypCAAtmpCAAawstats&file=awstats012026.fyi.star4hire.com.txt HTTP/1.1" 200 2970 "-" "Mozilla/5.0 AppleWebKit/537.36 (KHTML, like Gecko; compatible; ClaudeBot/1.0; +claudebot@anthropic.com)"
216.73.217.51 - - [02/Jul/2026:23:43:05 +0700] "GET /index.php?action=download&dir=CAAhomeCAAqtdcvxypCAAtmpCAAawstats&file=awstats082025.fyi.star4hire.com.txt HTTP/1.1" 200 0 "-" "Mozilla/5.0 AppleWebKit/537.36 (KHTML, like Gecko; compatible; ClaudeBot/1.0; +claudebot@anthropic.com)"
23.106.120.205 - - [02/Jul/2026:23:43:11 +0700] "GET / HTTP/1.1" 200 14289 "-" "HetrixTools Uptime Monitoring Bot. https://hetrix.tools/uptime-monitoring-bot.html"
209.222.107.178 - - [02/Jul/2026:23:43:19 +0700] "GET / HTTP/1.1" 200 14289 "-" "HetrixTools Uptime Monitoring Bot. https://hetrix.tools/uptime-monitoring-bot.html"
216.73.217.51 - - [02/Jul/2026:23:43:20 +0700] "GET /index.php?action=download&dir=CAAhomeCAAqtdcvxypCAAtmpCAAawstats&file=awstats032024.fyi.star4hire.com.txt HTTP/1.1" 200 0 "-" "Mozilla/5.0 AppleWebKit/537.36 (KHTML, like Gecko; compatible; ClaudeBot/1.0; +claudebot@anthropic.com)"
103.101.130.73 - - [02/Jul/2026:23:43:23 +0700] "GET / HTTP/1.1" 200 14289 "-" "HetrixTools Uptime Monitoring Bot. https://hetrix.tools/uptime-monitoring-bot.html"
216.73.217.51 - - [02/Jul/2026:23:43:28 +0700] "GET /index.php?action=download&dir=CAAhomeCAAqtdcvxypCAAtmpCAAawstats&file=awstats062024.fyi.star4hire.com.txt HTTP/1.1" 200 2031 "-" "Mozilla/5.0 AppleWebKit/537.36 (KHTML, like Gecko; compatible; ClaudeBot/1.0; +claudebot@anthropic.com)"
216.73.217.51 - - [02/Jul/2026:23:43:30 +0700] "GET /index.php?action=download&dir=CAAhomeCAAqtdcvxypCAAtmpCAAawstats&file=awstats092025.fyi.star4hire.com.txt HTTP/1.1" 200 3208 "-" "Mozilla/5.0 AppleWebKit/537.36 (KHTML, like Gecko; compatible; ClaudeBot/1.0; +claudebot@anthropic.com)"
202.43.248.178 - - [02/Jul/2026:23:43:33 +0700] "GET / HTTP/1.1" 200 641410 "-" "Uptime-Kuma/1.17.1"
216.73.217.51 - - [02/Jul/2026:23:43:33 +0700] "GET /=3D%22https:/mcusercontent.com/a427328bc9fc2657270f66f87/images/c924560d-e2= HTTP/1.1" 404 212 "-" "Mozilla/5.0 AppleWebKit/537.36 (KHTML, like Gecko; compatible; ClaudeBot/1.0; +claudebot@anthropic.com)"
216.73.217.51 - - [02/Jul/2026:23:43:34 +0700] "GET /index.php?action=download&dir=CAAhomeCAAqtdcvxypCAAtmpCAAawstats&file=awstats042025.fyi.star4hire.com.txt HTTP/1.1" 200 2586 "-" "Mozilla/5.0 AppleWebKit/537.36 (KHTML, like Gecko; compatible; ClaudeBot/1.0; +claudebot@anthropic.com)"
216.73.217.51 - - [02/Jul/2026:23:43:37 +0700] "GET /index.php?action=download&dir=CAAhomeCAAqtdcvxypCAAtmpCAAawstats&file=awstats042026.dreamleap.star4hire.com.txt HTTP/1.1" 200 0 "-" "Mozilla/5.0 AppleWebKit/537.36 (KHTML, like Gecko; compatible; ClaudeBot/1.0; +claudebot@anthropic.com)"
216.73.217.51 - - [02/Jul/2026:23:43:59 +0700] "GET /index.php?action=download&dir=CAAhomeCAAqtdcvxypCAAtmpCAAawstats&file=awstats012024.fyi.star4hire.com.txt HTTP/1.1" 200 0 "-" "Mozilla/5.0 AppleWebKit/537.36 (KHTML, like Gecko; compatible; ClaudeBot/1.0; +claudebot@anthropic.com)"
43.230.163.178 - - [02/Jul/2026:23:44:10 +0700] "GET / HTTP/1.1" 200 14289 "-" "HetrixTools Uptime Monitoring Bot. https://hetrix.tools/uptime-monitoring-bot.html"
103.101.130.73 - - [02/Jul/2026:23:44:11 +0700] "GET / HTTP/1.1" 200 14289 "-" "HetrixTools Uptime Monitoring Bot. https://hetrix.tools/uptime-monitoring-bot.html"
66.165.247.154 - - [02/Jul/2026:23:44:13 +0700] "GET / HTTP/1.1" 200 14289 "-" "HetrixTools Uptime Monitoring Bot. https://hetrix.tools/uptime-monitoring-bot.html"
107.155.75.66 - - [02/Jul/2026:23:44:24 +0700] "GET / HTTP/1.1" 200 14289 "-" "HetrixTools Uptime Monitoring Bot. https://hetrix.tools/uptime-monitoring-bot.html"
202.43.248.178 - - [02/Jul/2026:23:44:51 +0700] "GET / HTTP/1.1" 200 641410 "-" "Uptime-Kuma/1.17.1"
23.106.120.205 - - [02/Jul/2026:23:45:02 +0700] "GET / HTTP/1.1" 200 14289 "-" "HetrixTools Uptime Monitoring Bot. https://hetrix.tools/uptime-monitoring-bot.html"
103.101.130.73 - - [02/Jul/2026:23:45:04 +0700] "GET / HTTP/1.1" 200 14289 "-" "HetrixTools Uptime Monitoring Bot. https://hetrix.tools/uptime-monitoring-bot.html"
47.128.122.52 - - [02/Jul/2026:23:45:07 +0700] "GET /index.php?dir=CAApost-author-name HTTP/1.1" 403 218 "-" "Mozilla/5.0 (Linux; Android 5.0) AppleWebKit/537.36 (KHTML, like Gecko) Mobile Safari/537.36 (compatible; Bytespider; spider-feedback@bytedance.com)"
216.73.217.51 - - [02/Jul/2026:23:45:08 +0700] "GET /3D%22https:/wpdeveloper= HTTP/1.1" 404 212 "-" "Mozilla/5.0 AppleWebKit/537.36 (KHTML, like Gecko; compatible; ClaudeBot/1.0; +claudebot@anthropic.com)"
103.131.71.217 - - [02/Jul/2026:23:45:08 +0700] "GET /robots.txt HTTP/1.1" 200 70 "-" "Mozilla/5.0 (compatible; coccocbot-image/1.0; +http://help.coccoc.com/searchengine)"
66.206.13.170 - - [02/Jul/2026:23:45:24 +0700] "GET / HTTP/1.1" 200 14289 "-" "HetrixTools Uptime Monitoring Bot. https://hetrix.tools/uptime-monitoring-bot.html"
43.230.163.178 - - [02/Jul/2026:23:45:25 +0700] "GET / HTTP/1.1" 200 14289 "-" "HetrixTools Uptime Monitoring Bot. https://hetrix.tools/uptime-monitoring-bot.html"
209.222.107.178 - - [02/Jul/2026:23:46:03 +0700] "GET / HTTP/1.1" 200 14289 "-" "HetrixTools Uptime Monitoring Bot. https://hetrix.tools/uptime-monitoring-bot.html"
202.43.248.178 - - [02/Jul/2026:23:46:09 +0700] "GET / HTTP/1.1" 200 641410 "-" "Uptime-Kuma/1.17.1"
210.16.67.82 - - [02/Jul/2026:23:46:11 +0700] "GET / HTTP/1.1" 200 14289 "-" "HetrixTools Uptime Monitoring Bot. https://hetrix.tools/uptime-monitoring-bot.html"
45.76.202.144 - - [02/Jul/2026:23:46:22 +0700] "GET / HTTP/1.1" 200 14289 "-" "HetrixTools Uptime Monitoring Bot. https://hetrix.tools/uptime-monitoring-bot.html"
139.99.233.44 - - [02/Jul/2026:23:46:26 +0700] "GET / HTTP/1.1" 200 14289 "-" "HetrixTools Uptime Monitoring Bot. https://hetrix.tools/uptime-monitoring-bot.html"
23.106.230.203 - - [02/Jul/2026:23:47:09 +0700] "GET / HTTP/1.1" 200 14289 "-" "HetrixTools Uptime Monitoring Bot. https://hetrix.tools/uptime-monitoring-bot.html"
216.73.217.51 - - [02/Jul/2026:23:47:09 +0700] "GET /=3D%22https:/mcusercontent.com/a427328bc9fc2657270f66f87/images/278317d2-98= HTTP/1.1" 404 212 "-" "Mozilla/5.0 AppleWebKit/537.36 (KHTML, like Gecko; compatible; ClaudeBot/1.0; +claudebot@anthropic.com)"
23.106.120.205 - - [02/Jul/2026:23:47:15 +0700] "GET / HTTP/1.1" 200 14289 "-" "HetrixTools Uptime Monitoring Bot. https://hetrix.tools/uptime-monitoring-bot.html"
139.99.233.44 - - [02/Jul/2026:23:47:20 +0700] "GET / HTTP/1.1" 200 14289 "-" "HetrixTools Uptime Monitoring Bot. https://hetrix.tools/uptime-monitoring-bot.html"
94.154.159.133 - - [02/Jul/2026:23:47:22 +0700] "GET / HTTP/1.1" 200 14289 "-" "HetrixTools Uptime Monitoring Bot. https://hetrix.tools/uptime-monitoring-bot.html"
202.43.248.178 - - [02/Jul/2026:23:47:27 +0700] "GET / HTTP/1.1" 200 641410 "-" "Uptime-Kuma/1.17.1"
54.39.203.149 - - [02/Jul/2026:23:47:33 +0700] "GET /sitemap.xml HTTP/1.1" 200 306 "-" "Mozilla/5.0 (compatible; AhrefsBot/7.0; +http://ahrefs.com/robot/)"
203.96.179.194 - - [02/Jul/2026:23:48:04 +0700] "GET / HTTP/1.1" 200 14289 "-" "HetrixTools Uptime Monitoring Bot. https://hetrix.tools/uptime-monitoring-bot.html"
23.106.230.203 - - [02/Jul/2026:23:48:08 +0700] "GET / HTTP/1.1" 200 14289 "-" "HetrixTools Uptime Monitoring Bot. https://hetrix.tools/uptime-monitoring-bot.html"
67.213.120.27 - - [02/Jul/2026:23:48:20 +0700] "GET / HTTP/1.1" 200 14289 "-" "HetrixTools Uptime Monitoring Bot. https://hetrix.tools/uptime-monitoring-bot.html"
210.16.67.82 - - [02/Jul/2026:23:48:21 +0700] "GET / HTTP/1.1" 200 14289 "-" "HetrixTools Uptime Monitoring Bot. https://hetrix.tools/uptime-monitoring-bot.html"
202.43.248.178 - - [02/Jul/2026:23:48:45 +0700] "GET / HTTP/1.1" 200 641411 "-" "Uptime-Kuma/1.17.1"
47.128.122.73 - - [02/Jul/2026:23:49:07 +0700] "GET /index.php?dir=CAAshortcode HTTP/1.1" 403 218 "-" "Mozilla/5.0 (Linux; Android 5.0) AppleWebKit/537.36 (KHTML, like Gecko) Mobile Safari/537.36 (compatible; Bytespider; spider-feedback@bytedance.com)"
23.106.230.203 - - [02/Jul/2026:23:49:13 +0700] "GET / HTTP/1.1" 200 14289 "-" "HetrixTools Uptime Monitoring Bot. https://hetrix.tools/uptime-monitoring-bot.html"
210.16.67.82 - - [02/Jul/2026:23:49:16 +0700] "GET / HTTP/1.1" 200 14289 "-" "HetrixTools Uptime Monitoring Bot. https://hetrix.tools/uptime-monitoring-bot.html"
139.99.233.44 - - [02/Jul/2026:23:49:23 +0700] "GET / HTTP/1.1" 200 14289 "-" "HetrixTools Uptime Monitoring Bot. https://hetrix.tools/uptime-monitoring-bot.html"
79.127.243.80 - - [02/Jul/2026:23:49:23 +0700] "GET / HTTP/1.1" 200 14289 "-" "HetrixTools Uptime Monitoring Bot. https://hetrix.tools/uptime-monitoring-bot.html"
216.73.217.51 - - [02/Jul/2026:23:49:29 +0700] "GET /3D%22https:/t.dripemail2.com/c/eyJhbGciOiJIUzI1NiJ9.eyJhdWQiOiJkZX= HTTP/1.1" 404 212 "-" "Mozilla/5.0 AppleWebKit/537.36 (KHTML, like Gecko; compatible; ClaudeBot/1.0; +claudebot@anthropic.com)"
216.73.217.51 - - [02/Jul/2026:23:49:29 +0700] "GET /3D%22https:/t.dripemail2.com/c/eyJhbGciOiJIUzI1NiJ9.eyJhdWQiOiJkZXR= HTTP/1.1" 404 212 "-" "Mozilla/5.0 AppleWebKit/537.36 (KHTML, like Gecko; compatible; ClaudeBot/1.0; +claudebot@anthropic.com)"
202.43.248.178 - - [02/Jul/2026:23:50:03 +0700] "GET / HTTP/1.1" 200 641410 "-" "Uptime-Kuma/1.17.1"
43.230.163.178 - - [02/Jul/2026:23:50:07 +0700] "GET / HTTP/1.1" 200 14289 "-" "HetrixTools Uptime Monitoring Bot. https://hetrix.tools/uptime-monitoring-bot.html"
94.154.159.133 - - [02/Jul/2026:23:50:08 +0700] "GET / HTTP/1.1" 200 14289 "-" "HetrixTools Uptime Monitoring Bot. https://hetrix.tools/uptime-monitoring-bot.html"
23.106.120.205 - - [02/Jul/2026:23:50:11 +0700] "GET / HTTP/1.1" 200 14289 "-" "HetrixTools Uptime Monitoring Bot. https://hetrix.tools/uptime-monitoring-bot.html"
103.101.130.73 - - [02/Jul/2026:23:50:12 +0700] "GET / HTTP/1.1" 200 14289 "-" "HetrixTools Uptime Monitoring Bot. https://hetrix.tools/uptime-monitoring-bot.html"
43.230.163.178 - - [02/Jul/2026:23:51:12 +0700] "GET / HTTP/1.1" 200 14289 "-" "HetrixTools Uptime Monitoring Bot. https://hetrix.tools/uptime-monitoring-bot.html"
94.154.159.133 - - [02/Jul/2026:23:51:14 +0700] "GET / HTTP/1.1" 200 14289 "-" "HetrixTools Uptime Monitoring Bot. https://hetrix.tools/uptime-monitoring-bot.html"
139.99.233.44 - - [02/Jul/2026:23:51:16 +0700] "GET / HTTP/1.1" 200 14289 "-" "HetrixTools Uptime Monitoring Bot. https://hetrix.tools/uptime-monitoring-bot.html"
210.16.67.82 - - [02/Jul/2026:23:51:16 +0700] "GET / HTTP/1.1" 200 14289 "-" "HetrixTools Uptime Monitoring Bot. https://hetrix.tools/uptime-monitoring-bot.html"
202.43.248.178 - - [02/Jul/2026:23:51:21 +0700] "GET / HTTP/1.1" 200 641410 "-" "Uptime-Kuma/1.17.1"
23.106.120.205 - - [02/Jul/2026:23:52:16 +0700] "GET / HTTP/1.1" 200 14289 "-" "HetrixTools Uptime Monitoring Bot. https://hetrix.tools/uptime-monitoring-bot.html"
66.165.247.154 - - [02/Jul/2026:23:52:21 +0700] "GET / HTTP/1.1" 200 14289 "-" "HetrixTools Uptime Monitoring Bot. https://hetrix.tools/uptime-monitoring-bot.html"
23.106.230.203 - - [02/Jul/2026:23:52:24 +0700] "GET / HTTP/1.1" 200 14289 "-" "HetrixTools Uptime Monitoring Bot. https://hetrix.tools/uptime-monitoring-bot.html"
203.96.179.194 - - [02/Jul/2026:23:52:26 +0700] "GET / HTTP/1.1" 200 14289 "-" "HetrixTools Uptime Monitoring Bot. https://hetrix.tools/uptime-monitoring-bot.html"
202.43.248.178 - - [02/Jul/2026:23:52:39 +0700] "GET / HTTP/1.1" 200 641425 "-" "Uptime-Kuma/1.17.1"
203.96.179.194 - - [02/Jul/2026:23:53:11 +0700] "GET / HTTP/1.1" 200 14289 "-" "HetrixTools Uptime Monitoring Bot. https://hetrix.tools/uptime-monitoring-bot.html"
67.213.120.27 - - [02/Jul/2026:23:53:11 +0700] "GET / HTTP/1.1" 200 14289 "-" "HetrixTools Uptime Monitoring Bot. https://hetrix.tools/uptime-monitoring-bot.html"
199.254.199.6 - - [02/Jul/2026:23:53:14 +0700] "GET / HTTP/1.1" 200 14289 "-" "HetrixTools Uptime Monitoring Bot. https://hetrix.tools/uptime-monitoring-bot.html"
210.16.67.82 - - [02/Jul/2026:23:53:17 +0700] "GET / HTTP/1.1" 200 14289 "-" "HetrixTools Uptime Monitoring Bot. https://hetrix.tools/uptime-monitoring-bot.html"
202.43.248.178 - - [02/Jul/2026:23:53:57 +0700] "GET / HTTP/1.1" 200 641410 "-" "Uptime-Kuma/1.17.1"
209.222.107.178 - - [02/Jul/2026:23:54:06 +0700] "GET / HTTP/1.1" 200 14289 "-" "HetrixTools Uptime Monitoring Bot. https://hetrix.tools/uptime-monitoring-bot.html"
203.96.179.194 - - [02/Jul/2026:23:54:06 +0700] "GET / HTTP/1.1" 200 14289 "-" "HetrixTools Uptime Monitoring Bot. https://hetrix.tools/uptime-monitoring-bot.html"
210.16.67.82 - - [02/Jul/2026:23:54:21 +0700] "GET / HTTP/1.1" 200 14289 "-" "HetrixTools Uptime Monitoring Bot. https://hetrix.tools/uptime-monitoring-bot.html"
172.104.99.63 - - [02/Jul/2026:23:54:21 +0700] "GET / HTTP/1.1" 200 14289 "-" "HetrixTools Uptime Monitoring Bot. https://hetrix.tools/uptime-monitoring-bot.html"
23.106.120.205 - - [02/Jul/2026:23:55:07 +0700] "GET / HTTP/1.1" 200 14289 "-" "HetrixTools Uptime Monitoring Bot. https://hetrix.tools/uptime-monitoring-bot.html"
43.230.163.178 - - [02/Jul/2026:23:55:12 +0700] "GET / HTTP/1.1" 200 14289 "-" "HetrixTools Uptime Monitoring Bot. https://hetrix.tools/uptime-monitoring-bot.html"
202.43.248.178 - - [02/Jul/2026:23:55:15 +0700] "GET / HTTP/1.1" 200 641417 "-" "Uptime-Kuma/1.17.1"
209.222.107.178 - - [02/Jul/2026:23:55:18 +0700] "GET / HTTP/1.1" 200 14289 "-" "HetrixTools Uptime Monitoring Bot. https://hetrix.tools/uptime-monitoring-bot.html"
139.99.169.250 - - [02/Jul/2026:23:55:26 +0700] "GET / HTTP/1.1" 200 14289 "-" "HetrixTools Uptime Monitoring Bot. https://hetrix.tools/uptime-monitoring-bot.html"
103.101.130.73 - - [02/Jul/2026:23:56:03 +0700] "GET / HTTP/1.1" 200 14289 "-" "HetrixTools Uptime Monitoring Bot. https://hetrix.tools/uptime-monitoring-bot.html"
210.16.67.82 - - [02/Jul/2026:23:56:08 +0700] "GET / HTTP/1.1" 200 14289 "-" "HetrixTools Uptime Monitoring Bot. https://hetrix.tools/uptime-monitoring-bot.html"
66.206.13.170 - - [02/Jul/2026:23:56:19 +0700] "GET / HTTP/1.1" 200 14289 "-" "HetrixTools Uptime Monitoring Bot. https://hetrix.tools/uptime-monitoring-bot.html"
114.119.150.210 - - [02/Jul/2026:23:56:23 +0700] "GET /wp-login.php?action=download&file=block.json&dir=CAAaccordion-heading HTTP/1.1" 200 664 "https://star4hire.com/wp-login.php?dir=CAAaccordion-heading" "Mozilla/5.0 (Linux; Android 7.0;) AppleWebKit/537.36 (HTML, like Gecko) Mobile Safari/537.36 (compatible; PetalBot;+https://webmaster.petalsearch.com/site/petalbot)"
43.230.163.178 - - [02/Jul/2026:23:56:26 +0700] "GET / HTTP/1.1" 200 14289 "-" "HetrixTools Uptime Monitoring Bot. https://hetrix.tools/uptime-monitoring-bot.html"
202.43.248.178 - - [02/Jul/2026:23:56:33 +0700] "GET / HTTP/1.1" 200 641411 "-" "Uptime-Kuma/1.17.1"
172.241.23.225 - - [02/Jul/2026:23:57:04 +0700] "GET / HTTP/1.1" 200 14289 "-" "HetrixTools Uptime Monitoring Bot. https://hetrix.tools/uptime-monitoring-bot.html"
43.230.163.178 - - [02/Jul/2026:23:57:06 +0700] "GET / HTTP/1.1" 200 14289 "-" "HetrixTools Uptime Monitoring Bot. https://hetrix.tools/uptime-monitoring-bot.html"
103.101.130.73 - - [02/Jul/2026:23:57:10 +0700] "GET / HTTP/1.1" 200 14289 "-" "HetrixTools Uptime Monitoring Bot. https://hetrix.tools/uptime-monitoring-bot.html"
107.155.75.66 - - [02/Jul/2026:23:57:17 +0700] "GET / HTTP/1.1" 200 14289 "-" "HetrixTools Uptime Monitoring Bot. https://hetrix.tools/uptime-monitoring-bot.html"
202.43.248.178 - - [02/Jul/2026:23:57:51 +0700] "GET / HTTP/1.1" 200 641411 "-" "Uptime-Kuma/1.17.1"
66.206.13.170 - - [02/Jul/2026:23:58:09 +0700] "GET / HTTP/1.1" 200 14289 "-" "HetrixTools Uptime Monitoring Bot. https://hetrix.tools/uptime-monitoring-bot.html"
23.106.230.203 - - [02/Jul/2026:23:58:09 +0700] "GET / HTTP/1.1" 200 14289 "-" "HetrixTools Uptime Monitoring Bot. https://hetrix.tools/uptime-monitoring-bot.html"
107.155.75.66 - - [02/Jul/2026:23:58:13 +0700] "GET / HTTP/1.1" 200 14289 "-" "HetrixTools Uptime Monitoring Bot. https://hetrix.tools/uptime-monitoring-bot.html"
203.96.179.194 - - [02/Jul/2026:23:58:20 +0700] "GET / HTTP/1.1" 200 14289 "-" "HetrixTools Uptime Monitoring Bot. https://hetrix.tools/uptime-monitoring-bot.html"
203.96.179.194 - - [02/Jul/2026:23:59:03 +0700] "GET / HTTP/1.1" 200 14289 "-" "HetrixTools Uptime Monitoring Bot. https://hetrix.tools/uptime-monitoring-bot.html"
172.104.99.63 - - [02/Jul/2026:23:59:06 +0700] "GET / HTTP/1.1" 200 14289 "-" "HetrixTools Uptime Monitoring Bot. https://hetrix.tools/uptime-monitoring-bot.html"
23.106.120.205 - - [02/Jul/2026:23:59:07 +0700] "GET / HTTP/1.1" 200 14289 "-" "HetrixTools Uptime Monitoring Bot. https://hetrix.tools/uptime-monitoring-bot.html"
202.43.248.178 - - [02/Jul/2026:23:59:09 +0700] "GET / HTTP/1.1" 200 641410 "-" "Uptime-Kuma/1.17.1"
66.206.13.170 - - [02/Jul/2026:23:59:24 +0700] "GET / HTTP/1.1" 200 14289 "-" "HetrixTools Uptime Monitoring Bot. https://hetrix.tools/uptime-monitoring-bot.html"
149.18.184.119 - - [02/Jul/2026:23:59:34 +0700] "GET / HTTP/1.1" 200 14289 "https://www.star4hire.com/" "Mozilla/5.0 (Linux; Android 10; K) AppleWebKit/537.36 (KHTML, like Gecko) Chrome/125.0.0.0 Mobile Safari/537.36 EdgA/125.0.0.0"
149.18.184.119 - - [02/Jul/2026:23:59:36 +0700] "GET /article/detail/kamu-wajib-tau-kelebihan-kekurangan-bekerja-freelance HTTP/1.1" 404 212 "https://www.star4hire.com/" "Mozilla/5.0 (Linux; Android 10; K) AppleWebKit/537.36 (KHTML, like Gecko) Chrome/125.0.0.0 Mobile Safari/537.36 EdgA/125.0.0.0"
103.101.130.73 - - [03/Jul/2026:00:00:03 +0700] "GET / HTTP/1.1" 200 14289 "-" "HetrixTools Uptime Monitoring Bot. https://hetrix.tools/uptime-monitoring-bot.html"
66.165.247.154 - - [03/Jul/2026:00:00:10 +0700] "GET / HTTP/1.1" 200 14289 "-" "HetrixTools Uptime Monitoring Bot. https://hetrix.tools/uptime-monitoring-bot.html"
43.230.163.178 - - [03/Jul/2026:00:00:15 +0700] "GET / HTTP/1.1" 200 14289 "-" "HetrixTools Uptime Monitoring Bot. https://hetrix.tools/uptime-monitoring-bot.html"
210.16.67.82 - - [03/Jul/2026:00:00:23 +0700] "GET / HTTP/1.1" 200 14289 "-" "HetrixTools Uptime Monitoring Bot. https://hetrix.tools/uptime-monitoring-bot.html"
202.43.248.178 - - [03/Jul/2026:00:00:27 +0700] "GET / HTTP/1.1" 200 641410 "-" "Uptime-Kuma/1.17.1"
23.106.120.205 - - [03/Jul/2026:00:01:06 +0700] "GET / HTTP/1.1" 200 14289 "-" "HetrixTools Uptime Monitoring Bot. https://hetrix.tools/uptime-monitoring-bot.html"
203.96.179.194 - - [03/Jul/2026:00:01:15 +0700] "GET / HTTP/1.1" 200 14289 "-" "HetrixTools Uptime Monitoring Bot. https://hetrix.tools/uptime-monitoring-bot.html"
43.230.163.178 - - [03/Jul/2026:00:01:18 +0700] "GET / HTTP/1.1" 200 14289 "-" "HetrixTools Uptime Monitoring Bot. https://hetrix.tools/uptime-monitoring-bot.html"
67.213.120.27 - - [03/Jul/2026:00:01:23 +0700] "GET / HTTP/1.1" 200 14289 "-" "HetrixTools Uptime Monitoring Bot. https://hetrix.tools/uptime-monitoring-bot.html"
202.43.248.178 - - [03/Jul/2026:00:01:45 +0700] "GET / HTTP/1.1" 200 641410 "-" "Uptime-Kuma/1.17.1"
114.119.131.2 - - [03/Jul/2026:00:02:06 +0700] "GET /lowongan/detil/livingstone-cafe-and-bakery-store-supervisor-1 HTTP/1.1" 404 212 "https://www.star4hire.com/lowongan/detil/star4hire-cleaner" "Mozilla/5.0 (Linux; Android 7.0;) AppleWebKit/537.36 (HTML, like Gecko) Mobile Safari/537.36 (compatible; PetalBot;+https://webmaster.petalsearch.com/site/petalbot)"
23.106.230.203 - - [03/Jul/2026:00:02:07 +0700] "GET / HTTP/1.1" 200 14289 "-" "HetrixTools Uptime Monitoring Bot. https://hetrix.tools/uptime-monitoring-bot.html"
23.106.120.205 - - [03/Jul/2026:00:02:07 +0700] "GET / HTTP/1.1" 200 14289 "-" "HetrixTools Uptime Monitoring Bot. https://hetrix.tools/uptime-monitoring-bot.html"
103.101.130.73 - - [03/Jul/2026:00:02:10 +0700] "GET / HTTP/1.1" 200 14289 "-" "HetrixTools Uptime Monitoring Bot. https://hetrix.tools/uptime-monitoring-bot.html"
66.206.13.170 - - [03/Jul/2026:00:02:17 +0700] "GET / HTTP/1.1" 200 14289 "-" "HetrixTools Uptime Monitoring Bot. https://hetrix.tools/uptime-monitoring-bot.html"
91.242.215.225 - - [03/Jul/2026:00:03:02 +0700] "GET / HTTP/1.1" 200 14289 "-" "HetrixTools Uptime Monitoring Bot. https://hetrix.tools/uptime-monitoring-bot.html"
202.43.248.178 - - [03/Jul/2026:00:03:03 +0700] "GET / HTTP/1.1" 200 641410 "-" "Uptime-Kuma/1.17.1"
210.16.67.82 - - [03/Jul/2026:00:03:07 +0700] "GET / HTTP/1.1" 200 14289 "-" "HetrixTools Uptime Monitoring Bot. https://hetrix.tools/uptime-monitoring-bot.html"
199.254.199.6 - - [03/Jul/2026:00:03:18 +0700] "GET / HTTP/1.1" 200 14289 "-" "HetrixTools Uptime Monitoring Bot. https://hetrix.tools/uptime-monitoring-bot.html"
79.127.243.80 - - [03/Jul/2026:00:03:22 +0700] "GET / HTTP/1.1" 200 14289 "-" "HetrixTools Uptime Monitoring Bot. https://hetrix.tools/uptime-monitoring-bot.html"
47.128.122.60 - - [03/Jul/2026:00:03:31 +0700] "GET /index.php?dir=CAAread-more HTTP/1.1" 403 218 "-" "Mozilla/5.0 (Linux; Android 5.0) AppleWebKit/537.36 (KHTML, like Gecko) Mobile Safari/537.36 (compatible; Bytespider; spider-feedback@bytedance.com)"
216.73.217.51 - - [03/Jul/2026:00:04:06 +0700] "GET /wp-admin/css/site-health.min.css HTTP/1.1" 200 1477 "-" "Mozilla/5.0 AppleWebKit/537.36 (KHTML, like Gecko; compatible; ClaudeBot/1.0; +claudebot@anthropic.com)"
216.73.217.51 - - [03/Jul/2026:00:04:06 +0700] "GET /job-dashboard/ HTTP/1.1" 404 212 "-" "Mozilla/5.0 AppleWebKit/537.36 (KHTML, like Gecko; compatible; ClaudeBot/1.0; +claudebot@anthropic.com)"
216.73.217.51 - - [03/Jul/2026:00:04:06 +0700] "GET /wp-content/plugins/tutor-pro/addons/content-drip/ HTTP/1.1" 404 212 "-" "Mozilla/5.0 AppleWebKit/537.36 (KHTML, like Gecko; compatible; ClaudeBot/1.0; +claudebot@anthropic.com)"
216.73.217.51 - - [03/Jul/2026:00:04:06 +0700] "GET /wp-admin/admin.php?action=download&dir=CAApullquote&file=editor.css HTTP/1.1" 200 140 "-" "Mozilla/5.0 AppleWebKit/537.36 (KHTML, like Gecko; compatible; ClaudeBot/1.0; +claudebot@anthropic.com)"
216.73.217.51 - - [03/Jul/2026:00:04:06 +0700] "GET /wp-admin/css/colors/midnight/colors.min.css HTTP/1.1" 200 3184 "-" "Mozilla/5.0 AppleWebKit/537.36 (KHTML, like Gecko; compatible; ClaudeBot/1.0; +claudebot@anthropic.com)"
216.73.217.51 - - [03/Jul/2026:00:04:06 +0700] "GET /wp-content/plugins/tutor-pro/vendor/firebase/ HTTP/1.1" 404 212 "-" "Mozilla/5.0 AppleWebKit/537.36 (KHTML, like Gecko; compatible; ClaudeBot/1.0; +claudebot@anthropic.com)"
216.73.217.51 - - [03/Jul/2026:00:04:06 +0700] "GET /wp-admin/js/file.php?edit=tags.min.js HTTP/1.1" 200 4195 "-" "Mozilla/5.0 AppleWebKit/537.36 (KHTML, like Gecko; compatible; ClaudeBot/1.0; +claudebot@anthropic.com)"
216.73.217.51 - - [03/Jul/2026:00:04:06 +0700] "GET /wp-includes/images/toggle-arrow.png HTTP/1.1" 200 289 "-" "Mozilla/5.0 AppleWebKit/537.36 (KHTML, like Gecko; compatible; ClaudeBot/1.0; +claudebot@anthropic.com)"
103.15.226.176 - - [03/Jul/2026:00:04:06 +0700] "POST /wp-cron.php?doing_wp_cron=1783011846.8939130306243896484375 HTTP/1.1" 200 0 "-" "WordPress/7.0; https://star4hire.com"
216.73.217.51 - - [03/Jul/2026:00:04:06 +0700] "GET /wp-admin/comment.php?dir=CAAtemplate-part HTTP/1.1" 200 5619 "-" "Mozilla/5.0 AppleWebKit/537.36 (KHTML, like Gecko; compatible; ClaudeBot/1.0; +claudebot@anthropic.com)"
103.15.226.176 - - [03/Jul/2026:00:04:07 +0700] "POST /wp-cron.php?doing_wp_cron=1783011846.9693291187286376953125 HTTP/1.1" 200 0 "-" "WordPress/7.0; https://star4hire.com"
216.73.217.51 - - [03/Jul/2026:00:04:07 +0700] "GET /wp-admin/options-reading.php?dir=CAAvideo HTTP/1.1" 200 5834 "-" "Mozilla/5.0 AppleWebKit/537.36 (KHTML, like Gecko; compatible; ClaudeBot/1.0; +claudebot@anthropic.com)"
216.73.217.51 - - [03/Jul/2026:00:04:07 +0700] "GET /wp-includes/widgets/file.php?dir=CAAhome HTTP/1.1" 200 4132 "-" "Mozilla/5.0 AppleWebKit/537.36 (KHTML, like Gecko; compatible; ClaudeBot/1.0; +claudebot@anthropic.com)"
216.73.217.51 - - [03/Jul/2026:00:04:07 +0700] "GET /wp-admin/includes/class-wp-site-health.php HTTP/1.1" 200 0 "-" "Mozilla/5.0 AppleWebKit/537.36 (KHTML, like Gecko; compatible; ClaudeBot/1.0; +claudebot@anthropic.com)"
216.73.217.51 - - [03/Jul/2026:00:04:07 +0700] "GET /wp-includes/sitemaps/file.php?dir=CAAhomeCAAqtdcvxypCAApublic_htmlCAAwp-includes&edit=https-migration.php HTTP/1.1" 200 4562 "-" "Mozilla/5.0 AppleWebKit/537.36 (KHTML, like Gecko; compatible; ClaudeBot/1.0; +claudebot@anthropic.com)"
103.15.226.176 - - [03/Jul/2026:00:04:07 +0700] "POST /wp-cron.php?doing_wp_cron=1783011847.3635139465332031250000 HTTP/1.1" 200 0 "-" "WordPress/7.0; https://star4hire.com"
216.73.217.51 - - [03/Jul/2026:00:04:07 +0700] "GET /wp-admin/options-reading.php?edit=post-author-biography.php HTTP/1.1" 200 4426 "-" "Mozilla/5.0 AppleWebKit/537.36 (KHTML, like Gecko; compatible; ClaudeBot/1.0; +claudebot@anthropic.com)"
216.73.217.51 - - [03/Jul/2026:00:04:07 +0700] "GET /wp-includes/js/file.php?edit=wpdialog.min.js HTTP/1.1" 200 3203 "-" "Mozilla/5.0 AppleWebKit/537.36 (KHTML, like Gecko; compatible; ClaudeBot/1.0; +claudebot@anthropic.com)"
216.73.217.51 - - [03/Jul/2026:00:04:07 +0700] "GET /wp-content/plugins/tutor-pro/updater/ HTTP/1.1" 404 212 "-" "Mozilla/5.0 AppleWebKit/537.36 (KHTML, like Gecko; compatible; ClaudeBot/1.0; +claudebot@anthropic.com)"
216.73.217.51 - - [03/Jul/2026:00:04:07 +0700] "GET /wp-admin/css/nav-menus-rtl.css HTTP/1.1" 200 4158 "-" "Mozilla/5.0 AppleWebKit/537.36 (KHTML, like Gecko; compatible; ClaudeBot/1.0; +claudebot@anthropic.com)"
216.73.217.51 - - [03/Jul/2026:00:04:08 +0700] "GET /wp-includes/sitemaps/file.php?edit=class-wp-sitemaps-provider.php HTTP/1.1" 200 4435 "-" "Mozilla/5.0 AppleWebKit/537.36 (KHTML, like Gecko; compatible; ClaudeBot/1.0; +claudebot@anthropic.com)"
216.73.217.51 - - [03/Jul/2026:00:04:08 +0700] "GET /wp-admin/comment.php?dir=CAApost-featured-image HTTP/1.1" 200 5616 "-" "Mozilla/5.0 AppleWebKit/537.36 (KHTML, like Gecko; compatible; ClaudeBot/1.0; +claudebot@anthropic.com)"
216.73.217.51 - - [03/Jul/2026:00:04:08 +0700] "GET /wp-admin/js/file.php?edit=user-profile.min.js HTTP/1.1" 200 6168 "-" "Mozilla/5.0 AppleWebKit/537.36 (KHTML, like Gecko; compatible; ClaudeBot/1.0; +claudebot@anthropic.com)"
216.73.217.51 - - [03/Jul/2026:00:04:08 +0700] "GET /wp-admin/customize.php?dir=CAAnavigation-overlay-close HTTP/1.1" 200 4539 "-" "Mozilla/5.0 AppleWebKit/537.36 (KHTML, like Gecko; compatible; ClaudeBot/1.0; +claudebot@anthropic.com)"
216.73.217.51 - - [03/Jul/2026:00:04:08 +0700] "GET /wp-admin/options-reading.php?dir=CAAarchives HTTP/1.1" 200 5392 "-" "Mozilla/5.0 AppleWebKit/537.36 (KHTML, like Gecko; compatible; ClaudeBot/1.0; +claudebot@anthropic.com)"
216.73.217.51 - - [03/Jul/2026:00:04:08 +0700] "GET /wp-includes/js/file.php?edit=customize-preview-widgets.min.js HTTP/1.1" 200 5567 "-" "Mozilla/5.0 AppleWebKit/537.36 (KHTML, like Gecko; compatible; ClaudeBot/1.0; +claudebot@anthropic.com)"
216.73.217.51 - - [03/Jul/2026:00:04:08 +0700] "GET /wp-admin/customize.php?action=download&file=rss.php HTTP/1.1" 200 1589 "-" "Mozilla/5.0 AppleWebKit/537.36 (KHTML, like Gecko; compatible; ClaudeBot/1.0; +claudebot@anthropic.com)"
216.73.217.51 - - [03/Jul/2026:00:04:09 +0700] "GET /wp-admin/js/tags-box.min.js HTTP/1.1" 200 1200 "-" "Mozilla/5.0 AppleWebKit/537.36 (KHTML, like Gecko; compatible; ClaudeBot/1.0; +claudebot@anthropic.com)"
216.73.217.51 - - [03/Jul/2026:00:04:09 +0700] "GET /wp-admin/customize.php?dir=CAAquery-pagination-next HTTP/1.1" 200 4280 "-" "Mozilla/5.0 AppleWebKit/537.36 (KHTML, like Gecko; compatible; ClaudeBot/1.0; +claudebot@anthropic.com)"
216.73.217.51 - - [03/Jul/2026:00:04:09 +0700] "GET /wp-includes/js/mediaelement/mediaelementplayer-legacy.css HTTP/1.1" 200 2985 "-" "Mozilla/5.0 AppleWebKit/537.36 (KHTML, like Gecko; compatible; ClaudeBot/1.0; +claudebot@anthropic.com)"
216.73.217.51 - - [03/Jul/2026:00:04:09 +0700] "GET /wp-admin/js/widgets/media-audio-widget.js HTTP/1.1" 200 1307 "-" "Mozilla/5.0 AppleWebKit/537.36 (KHTML, like Gecko; compatible; ClaudeBot/1.0; +claudebot@anthropic.com)"
216.73.217.51 - - [03/Jul/2026:00:04:09 +0700] "GET /wp-admin/'.$opts['twitter'].' HTTP/1.1" 404 212 "-" "Mozilla/5.0 AppleWebKit/537.36 (KHTML, like Gecko; compatible; ClaudeBot/1.0; +claudebot@anthropic.com)"
216.73.217.51 - - [03/Jul/2026:00:04:09 +0700] "GET /wp-admin/user-new.php?dir=CAAnavigation&edit=editor.min.css HTTP/1.1" 200 5891 "-" "Mozilla/5.0 AppleWebKit/537.36 (KHTML, like Gecko; compatible; ClaudeBot/1.0; +claudebot@anthropic.com)"
216.73.217.51 - - [03/Jul/2026:00:04:09 +0700] "GET /wp-admin/js/media-upload.min.js HTTP/1.1" 200 553 "-" "Mozilla/5.0 AppleWebKit/537.36 (KHTML, like Gecko; compatible; ClaudeBot/1.0; +claudebot@anthropic.com)"
216.73.217.51 - - [03/Jul/2026:00:04:10 +0700] "GET /wp-includes/js/tw-sack.min.js HTTP/1.1" 200 1068 "-" "Mozilla/5.0 AppleWebKit/537.36 (KHTML, like Gecko; compatible; ClaudeBot/1.0; +claudebot@anthropic.com)"
216.73.217.51 - - [03/Jul/2026:00:04:10 +0700] "GET /wp-admin/js/file.php?edit=application-passwords.min.js HTTP/1.1" 200 4113 "-" "Mozilla/5.0 AppleWebKit/537.36 (KHTML, like Gecko; compatible; ClaudeBot/1.0; +claudebot@anthropic.com)"
216.73.217.51 - - [03/Jul/2026:00:04:10 +0700] "GET /wp-admin/themes.php?dir=CAAlatest-posts&edit=editor.min.css HTTP/1.1" 200 3978 "-" "Mozilla/5.0 AppleWebKit/537.36 (KHTML, like Gecko; compatible; ClaudeBot/1.0; +claudebot@anthropic.com)"
216.73.217.51 - - [03/Jul/2026:00:04:10 +0700] "GET /wp-includes/js/codemirror/htmlhint-kses.js HTTP/1.1" 200 527 "-" "Mozilla/5.0 AppleWebKit/537.36 (KHTML, like Gecko; compatible; ClaudeBot/1.0; +claudebot@anthropic.com)"
216.73.217.51 - - [03/Jul/2026:00:04:10 +0700] "GET /wp-admin/user-new.php?dir=CAAimage&edit=theme.min.css HTTP/1.1" 200 3967 "-" "Mozilla/5.0 AppleWebKit/537.36 (KHTML, like Gecko; compatible; ClaudeBot/1.0; +claudebot@anthropic.com)"
216.73.217.51 - - [03/Jul/2026:00:04:10 +0700] "GET /wp-admin/css/colors/ocean/colors.min.css HTTP/1.1" 200 3167 "-" "Mozilla/5.0 AppleWebKit/537.36 (KHTML, like Gecko; compatible; ClaudeBot/1.0; +claudebot@anthropic.com)"
216.73.217.51 - - [03/Jul/2026:00:04:10 +0700] "GET /wp-includes/js/file.php?edit=tw-sack.js HTTP/1.1" 200 4492 "-" "Mozilla/5.0 AppleWebKit/537.36 (KHTML, like Gecko; compatible; ClaudeBot/1.0; +claudebot@anthropic.com)"
216.73.217.51 - - [03/Jul/2026:00:04:11 +0700] "GET /wp-admin/js/language-chooser.min.js HTTP/1.1" 200 224 "-" "Mozilla/5.0 AppleWebKit/537.36 (KHTML, like Gecko; compatible; ClaudeBot/1.0; +claudebot@anthropic.com)"
216.73.217.51 - - [03/Jul/2026:00:04:11 +0700] "GET /wp-admin/options-reading.php?dir=CAAtext-columns HTTP/1.1" 200 5625 "-" "Mozilla/5.0 AppleWebKit/537.36 (KHTML, like Gecko; compatible; ClaudeBot/1.0; +claudebot@anthropic.com)"
216.73.217.51 - - [03/Jul/2026:00:04:11 +0700] "GET /wp-admin/comment.php?action=download&file=comment-date.php HTTP/1.1" 200 704 "-" "Mozilla/5.0 AppleWebKit/537.36 (KHTML, like Gecko; compatible; ClaudeBot/1.0; +claudebot@anthropic.com)"
216.73.217.51 - - [03/Jul/2026:00:04:11 +0700] "GET /wp-includes/js/autosave.min.js HTTP/1.1" 200 2165 "-" "Mozilla/5.0 AppleWebKit/537.36 (KHTML, like Gecko; compatible; ClaudeBot/1.0; +claudebot@anthropic.com)"
216.73.217.51 - - [03/Jul/2026:00:04:11 +0700] "GET /wp-includes/js/file.php?edit=customize-views.min.js HTTP/1.1" 200 3885 "-" "Mozilla/5.0 AppleWebKit/537.36 (KHTML, like Gecko; compatible; ClaudeBot/1.0; +claudebot@anthropic.com)"
216.73.217.51 - - [03/Jul/2026:00:04:11 +0700] "GET /wp-includes/js/mediaelement/mediaelement.min.js HTTP/1.1" 200 17295 "-" "Mozilla/5.0 AppleWebKit/537.36 (KHTML, like Gecko; compatible; ClaudeBot/1.0; +claudebot@anthropic.com)"
216.73.217.51 - - [03/Jul/2026:00:04:11 +0700] "GET /wp-includes/js/file.php?edit=autosave.js HTTP/1.1" 200 8782 "-" "Mozilla/5.0 AppleWebKit/537.36 (KHTML, like Gecko; compatible; ClaudeBot/1.0; +claudebot@anthropic.com)"
216.73.217.51 - - [03/Jul/2026:00:04:12 +0700] "GET /wp-includes/js/wp-auth-check.min.js HTTP/1.1" 200 717 "-" "Mozilla/5.0 AppleWebKit/537.36 (KHTML, like Gecko; compatible; ClaudeBot/1.0; +claudebot@anthropic.com)"
216.73.217.51 - - [03/Jul/2026:00:04:12 +0700] "GET /wp-admin/theme-install.php?action=download&dir=CAAshortcode&file=editor.css HTTP/1.1" 200 987 "-" "Mozilla/5.0 AppleWebKit/537.36 (KHTML, like Gecko; compatible; ClaudeBot/1.0; +claudebot@anthropic.com)"
216.73.217.51 - - [03/Jul/2026:00:04:12 +0700] "GET /wp-admin/comment.php?action=download&file=footnotes.php HTTP/1.1" 200 1257 "-" "Mozilla/5.0 AppleWebKit/537.36 (KHTML, like Gecko; compatible; ClaudeBot/1.0; +claudebot@anthropic.com)"
216.73.217.51 - - [03/Jul/2026:00:04:12 +0700] "GET /wp-admin/'.get_permalink($ancestor).' HTTP/1.1" 404 212 "-" "Mozilla/5.0 AppleWebKit/537.36 (KHTML, like Gecko; compatible; ClaudeBot/1.0; +claudebot@anthropic.com)"
216.73.217.51 - - [03/Jul/2026:00:04:12 +0700] "GET /wp-admin/admin.php?action=download&dir=CAAbutton&file=editor.css HTTP/1.1" 200 274 "-" "Mozilla/5.0 AppleWebKit/537.36 (KHTML, like Gecko; compatible; ClaudeBot/1.0; +claudebot@anthropic.com)"
216.73.217.51 - - [03/Jul/2026:00:04:12 +0700] "GET /wp-admin/'%20+%20core.htmlEscape(eventDef.url)%20+%20' HTTP/1.1" 404 212 "-" "Mozilla/5.0 AppleWebKit/537.36 (KHTML, like Gecko; compatible; ClaudeBot/1.0; +claudebot@anthropic.com)"
216.73.217.51 - - [03/Jul/2026:00:04:12 +0700] "GET /wp-includes/js/file.php?edit=media-editor.min.js HTTP/1.1" 200 6719 "-" "Mozilla/5.0 AppleWebKit/537.36 (KHTML, like Gecko; compatible; ClaudeBot/1.0; +claudebot@anthropic.com)"
216.73.217.51 - - [03/Jul/2026:00:04:12 +0700] "GET /wp-admin/admin.php?action=download&dir=CAAmath&file=editor.css HTTP/1.1" 200 449 "-" "Mozilla/5.0 AppleWebKit/537.36 (KHTML, like Gecko; compatible; ClaudeBot/1.0; +claudebot@anthropic.com)"
216.73.217.51 - - [03/Jul/2026:00:04:12 +0700] "GET /wp-includes/js/file.php?edit=wp-custom-header.min.js HTTP/1.1" 200 4583 "-" "Mozilla/5.0 AppleWebKit/537.36 (KHTML, like Gecko; compatible; ClaudeBot/1.0; +claudebot@anthropic.com)"
216.73.217.51 - - [03/Jul/2026:00:04:12 +0700] "GET /wp-includes/js/plupload/wp-plupload.js HTTP/1.1" 200 4933 "-" "Mozilla/5.0 AppleWebKit/537.36 (KHTML, like Gecko; compatible; ClaudeBot/1.0; +claudebot@anthropic.com)"
216.73.217.51 - - [03/Jul/2026:00:04:12 +0700] "GET /wp-admin/comment.php?action=download&file=navigation.php HTTP/1.1" 200 13778 "-" "Mozilla/5.0 AppleWebKit/537.36 (KHTML, like Gecko; compatible; ClaudeBot/1.0; +claudebot@anthropic.com)"
216.73.217.51 - - [03/Jul/2026:00:04:12 +0700] "GET /tag/education/ HTTP/1.1" 404 212 "-" "Mozilla/5.0 AppleWebKit/537.36 (KHTML, like Gecko; compatible; ClaudeBot/1.0; +claudebot@anthropic.com)"
216.73.217.51 - - [03/Jul/2026:00:04:13 +0700] "GET /wp-includes/js/wplink.min.js HTTP/1.1" 200 3706 "-" "Mozilla/5.0 AppleWebKit/537.36 (KHTML, like Gecko; compatible; ClaudeBot/1.0; +claudebot@anthropic.com)"
216.73.217.51 - - [03/Jul/2026:00:04:13 +0700] "GET /wp-admin/options-reading.php?dir=CAAwidget-group HTTP/1.1" 200 5112 "-" "Mozilla/5.0 AppleWebKit/537.36 (KHTML, like Gecko; compatible; ClaudeBot/1.0; +claudebot@anthropic.com)"
216.73.217.51 - - [03/Jul/2026:00:04:13 +0700] "GET /wp-admin/assets/sample.jpg HTTP/1.1" 404 212 "-" "Mozilla/5.0 AppleWebKit/537.36 (KHTML, like Gecko; compatible; ClaudeBot/1.0; +claudebot@anthropic.com)"
216.73.217.51 - - [03/Jul/2026:00:04:13 +0700] "GET /wp-admin/images/date-button.gif HTTP/1.1" 200 400 "-" "Mozilla/5.0 AppleWebKit/537.36 (KHTML, like Gecko; compatible; ClaudeBot/1.0; +claudebot@anthropic.com)"
216.73.217.51 - - [03/Jul/2026:00:04:13 +0700] "GET /wp-admin/customize.php?dir=CAAquery-pagination-previous HTTP/1.1" 200 4281 "-" "Mozilla/5.0 AppleWebKit/537.36 (KHTML, like Gecko; compatible; ClaudeBot/1.0; +claudebot@anthropic.com)"
216.73.217.51 - - [03/Jul/2026:00:04:13 +0700] "GET /wp-includes/js/file.php?edit=wp-auth-check.js HTTP/1.1" 200 4642 "-" "Mozilla/5.0 AppleWebKit/537.36 (KHTML, like Gecko; compatible; ClaudeBot/1.0; +claudebot@anthropic.com)"
216.73.217.51 - - [03/Jul/2026:00:04:13 +0700] "GET /wp-admin/comment.php?action=download&file=block.php HTTP/1.1" 200 1520 "-" "Mozilla/5.0 AppleWebKit/537.36 (KHTML, like Gecko; compatible; ClaudeBot/1.0; +claudebot@anthropic.com)"
216.73.217.51 - - [03/Jul/2026:00:04:13 +0700] "GET /wp-includes/js/file.php?edit=media-models.js HTTP/1.1" 200 13713 "-" "Mozilla/5.0 AppleWebKit/537.36 (KHTML, like Gecko; compatible; ClaudeBot/1.0; +claudebot@anthropic.com)"
216.73.217.51 - - [03/Jul/2026:00:04:13 +0700] "GET /wp-admin/customize.php?dir=CAApost-author-name HTTP/1.1" 200 4545 "-" "Mozilla/5.0 AppleWebKit/537.36 (KHTML, like Gecko; compatible; ClaudeBot/1.0; +claudebot@anthropic.com)"
216.73.217.51 - - [03/Jul/2026:00:04:14 +0700] "GET /wp-includes/css/dist/list-reusable-blocks/ HTTP/1.1" 200 365 "-" "Mozilla/5.0 AppleWebKit/537.36 (KHTML, like Gecko; compatible; ClaudeBot/1.0; +claudebot@anthropic.com)"
216.73.217.51 - - [03/Jul/2026:00:04:14 +0700] "GET /wp-admin/customize.php?dir=CAAsite-logo HTTP/1.1" 403 218 "-" "Mozilla/5.0 AppleWebKit/537.36 (KHTML, like Gecko; compatible; ClaudeBot/1.0; +claudebot@anthropic.com)"
216.73.217.51 - - [03/Jul/2026:00:04:14 +0700] "GET /wp-admin/comment.php?dir=CAAloginout HTTP/1.1" 403 218 "-" "Mozilla/5.0 AppleWebKit/537.36 (KHTML, like Gecko; compatible; ClaudeBot/1.0; +claudebot@anthropic.com)"
216.73.217.51 - - [03/Jul/2026:00:04:14 +0700] "GET /wp-admin/options-reading.php?dir=CAAlatest-posts HTTP/1.1" 200 5632 "-" "Mozilla/5.0 AppleWebKit/537.36 (KHTML, like Gecko; compatible; ClaudeBot/1.0; +claudebot@anthropic.com)"
216.73.217.51 - - [03/Jul/2026:00:04:14 +0700] "GET /wp-includes/js/wp-emoji-loader.js HTTP/1.1" 403 218 "-" "Mozilla/5.0 AppleWebKit/537.36 (KHTML, like Gecko; compatible; ClaudeBot/1.0; +claudebot@anthropic.com)"
216.73.217.51 - - [03/Jul/2026:00:04:14 +0700] "GET /wp-admin/options-reading.php?dir=CAAicon HTTP/1.1" 200 5586 "-" "Mozilla/5.0 AppleWebKit/537.36 (KHTML, like Gecko; compatible; ClaudeBot/1.0; +claudebot@anthropic.com)"
216.73.217.51 - - [03/Jul/2026:00:04:14 +0700] "GET /jobs/ HTTP/1.1" 403 218 "-" "Mozilla/5.0 AppleWebKit/537.36 (KHTML, like Gecko; compatible; ClaudeBot/1.0; +claudebot@anthropic.com)"
216.73.217.51 - - [03/Jul/2026:00:04:14 +0700] "GET /wp-admin/customize.php?dir=CAAcomments-pagination-next HTTP/1.1" 200 4278 "-" "Mozilla/5.0 AppleWebKit/537.36 (KHTML, like Gecko; compatible; ClaudeBot/1.0; +claudebot@anthropic.com)"
216.73.217.51 - - [03/Jul/2026:00:04:14 +0700] "GET /wp-admin/options-reading.php?dir=CAApost-comments-link HTTP/1.1" 403 218 "-" "Mozilla/5.0 AppleWebKit/537.36 (KHTML, like Gecko; compatible; ClaudeBot/1.0; +claudebot@anthropic.com)"
216.73.217.51 - - [03/Jul/2026:00:04:14 +0700] "GET /wp-includes/js/file.php?edit=wp-lists.min.js HTTP/1.1" 403 218 "-" "Mozilla/5.0 AppleWebKit/537.36 (KHTML, like Gecko; compatible; ClaudeBot/1.0; +claudebot@anthropic.com)"
216.73.217.51 - - [03/Jul/2026:00:04:14 +0700] "GET /wp-includes/js/wp-list-revisions.js HTTP/1.1" 403 218 "-" "Mozilla/5.0 AppleWebKit/537.36 (KHTML, like Gecko; compatible; ClaudeBot/1.0; +claudebot@anthropic.com)"
216.73.217.51 - - [03/Jul/2026:00:04:14 +0700] "GET /wp-admin/customize.php?dir=CAAspacer HTTP/1.1" 403 218 "-" "Mozilla/5.0 AppleWebKit/537.36 (KHTML, like Gecko; compatible; ClaudeBot/1.0; +claudebot@anthropic.com)"
216.73.217.51 - - [03/Jul/2026:00:04:14 +0700] "GET /wp-admin/options-reading.php?dir=CAAparagraph HTTP/1.1" 403 218 "-" "Mozilla/5.0 AppleWebKit/537.36 (KHTML, like Gecko; compatible; ClaudeBot/1.0; +claudebot@anthropic.com)"
216.73.217.51 - - [03/Jul/2026:00:04:15 +0700] "GET /wp-admin/js/file.php?edit=revisions.min.js HTTP/1.1" 403 218 "-" "Mozilla/5.0 AppleWebKit/537.36 (KHTML, like Gecko; compatible; ClaudeBot/1.0; +claudebot@anthropic.com)"
216.73.217.51 - - [03/Jul/2026:00:04:15 +0700] "GET /wp-admin/js/file.php?edit=nav-menu.min.js HTTP/1.1" 403 218 "-" "Mozilla/5.0 AppleWebKit/537.36 (KHTML, like Gecko; compatible; ClaudeBot/1.0; +claudebot@anthropic.com)"
216.73.217.51 - - [03/Jul/2026:00:04:15 +0700] "GET /wp-admin/options-reading.php?action=download&file=pattern.php HTTP/1.1" 403 218 "-" "Mozilla/5.0 AppleWebKit/537.36 (KHTML, like Gecko; compatible; ClaudeBot/1.0; +claudebot@anthropic.com)"
216.73.217.51 - - [03/Jul/2026:00:04:15 +0700] "GET /wp-admin/options-reading.php?edit=post-time-to-read.php HTTP/1.1" 403 218 "-" "Mozilla/5.0 AppleWebKit/537.36 (KHTML, like Gecko; compatible; ClaudeBot/1.0; +claudebot@anthropic.com)"
216.73.217.51 - - [03/Jul/2026:00:04:15 +0700] "GET /wp-content/plugins/tutor-pro/vendor/ HTTP/1.1" 403 218 "-" "Mozilla/5.0 AppleWebKit/537.36 (KHTML, like Gecko; compatible; ClaudeBot/1.0; +claudebot@anthropic.com)"
216.73.217.51 - - [03/Jul/2026:00:04:15 +0700] "GET /wp-admin/js/widgets/media-widgets.min.js HTTP/1.1" 403 218 "-" "Mozilla/5.0 AppleWebKit/537.36 (KHTML, like Gecko; compatible; ClaudeBot/1.0; +claudebot@anthropic.com)"
216.73.217.51 - - [03/Jul/2026:00:04:15 +0700] "GET /wp-content/plugins/tutor-pro/addons/wc-subscriptions/ HTTP/1.1" 403 218 "-" "Mozilla/5.0 AppleWebKit/537.36 (KHTML, like Gecko; compatible; ClaudeBot/1.0; +claudebot@anthropic.com)"
216.73.217.51 - - [03/Jul/2026:00:04:15 +0700] "GET /wp-includes/js/mediaelement/mediaelement-migrate.js HTTP/1.1" 403 218 "-" "Mozilla/5.0 AppleWebKit/537.36 (KHTML, like Gecko; compatible; ClaudeBot/1.0; +claudebot@anthropic.com)"
216.73.217.51 - - [03/Jul/2026:00:04:15 +0700] "GET /wp-admin/comment.php?dir=CAAhome-link HTTP/1.1" 403 218 "-" "Mozilla/5.0 AppleWebKit/537.36 (KHTML, like Gecko; compatible; ClaudeBot/1.0; +claudebot@anthropic.com)"
216.73.217.51 - - [03/Jul/2026:00:04:15 +0700] "GET /wp-admin/options-reading.php?dir=CAAcomment-edit-link HTTP/1.1" 403 218 "-" "Mozilla/5.0 AppleWebKit/537.36 (KHTML, like Gecko; compatible; ClaudeBot/1.0; +claudebot@anthropic.com)"
216.73.217.51 - - [03/Jul/2026:00:04:15 +0700] "GET /wp-admin/options-reading.php?dir=CAApost-comments-form HTTP/1.1" 403 218 "-" "Mozilla/5.0 AppleWebKit/537.36 (KHTML, like Gecko; compatible; ClaudeBot/1.0; +claudebot@anthropic.com)"
216.73.217.51 - - [03/Jul/2026:00:04:16 +0700] "GET /wp-admin/comment.php?dir=CAAnavigation-overlay-close HTTP/1.1" 403 218 "-" "Mozilla/5.0 AppleWebKit/537.36 (KHTML, like Gecko; compatible; ClaudeBot/1.0; +claudebot@anthropic.com)"
107.155.75.66 - - [03/Jul/2026:00:04:16 +0700] "GET / HTTP/1.1" 200 14289 "-" "HetrixTools Uptime Monitoring Bot. https://hetrix.tools/uptime-monitoring-bot.html"
216.73.217.51 - - [03/Jul/2026:00:04:16 +0700] "GET /wp-admin/customize.php?dir=CAAcomments-pagination-previous HTTP/1.1" 403 218 "-" "Mozilla/5.0 AppleWebKit/537.36 (KHTML, like Gecko; compatible; ClaudeBot/1.0; +claudebot@anthropic.com)"
216.73.217.51 - - [03/Jul/2026:00:04:16 +0700] "GET /wp-admin/options-reading.php?dir=CAApost-terms HTTP/1.1" 403 218 "-" "Mozilla/5.0 AppleWebKit/537.36 (KHTML, like Gecko; compatible; ClaudeBot/1.0; +claudebot@anthropic.com)"
216.73.217.51 - - [03/Jul/2026:00:04:16 +0700] "GET /wp-admin/options-reading.php?dir=CAAgallery HTTP/1.1" 403 218 "-" "Mozilla/5.0 AppleWebKit/537.36 (KHTML, like Gecko; compatible; ClaudeBot/1.0; +claudebot@anthropic.com)"
216.73.217.51 - - [03/Jul/2026:00:04:16 +0700] "GET /wp-includes/widgets/file.php?edit=class-wp-widget-media-video.php HTTP/1.1" 403 218 "-" "Mozilla/5.0 AppleWebKit/537.36 (KHTML, like Gecko; compatible; ClaudeBot/1.0; +claudebot@anthropic.com)"
216.73.217.51 - - [03/Jul/2026:00:04:16 +0700] "GET /wp-admin/comment.php?dir=CAAquery-pagination-next HTTP/1.1" 403 218 "-" "Mozilla/5.0 AppleWebKit/537.36 (KHTML, like Gecko; compatible; ClaudeBot/1.0; +claudebot@anthropic.com)"
216.73.217.51 - - [03/Jul/2026:00:04:16 +0700] "GET /student-registration-2/ HTTP/1.1" 403 218 "-" "Mozilla/5.0 AppleWebKit/537.36 (KHTML, like Gecko; compatible; ClaudeBot/1.0; +claudebot@anthropic.com)"
216.73.217.51 - - [03/Jul/2026:00:04:16 +0700] "GET /wp-admin/comment.php?action=download&file=rss.php HTTP/1.1" 403 218 "-" "Mozilla/5.0 AppleWebKit/537.36 (KHTML, like Gecko; compatible; ClaudeBot/1.0; +claudebot@anthropic.com)"
216.73.217.51 - - [03/Jul/2026:00:04:16 +0700] "GET /wp-includes/js/file.php?dir=CAAtinymce HTTP/1.1" 403 218 "-" "Mozilla/5.0 AppleWebKit/537.36 (KHTML, like Gecko; compatible; ClaudeBot/1.0; +claudebot@anthropic.com)"
216.73.217.51 - - [03/Jul/2026:00:04:16 +0700] "GET /wp-admin/options-reading.php?dir=CAApost-content HTTP/1.1" 403 218 "-" "Mozilla/5.0 AppleWebKit/537.36 (KHTML, like Gecko; compatible; ClaudeBot/1.0; +claudebot@anthropic.com)"
216.73.217.51 - - [03/Jul/2026:00:04:17 +0700] "GET /wp-admin/js/file.php?edit=set-post-thumbnail.min.js HTTP/1.1" 403 218 "-" "Mozilla/5.0 AppleWebKit/537.36 (KHTML, like Gecko; compatible; ClaudeBot/1.0; +claudebot@anthropic.com)"
216.73.217.51 - - [03/Jul/2026:00:04:17 +0700] "GET /wp-includes/js/file.php?dir=CAAcrop HTTP/1.1" 403 218 "-" "Mozilla/5.0 AppleWebKit/537.36 (KHTML, like Gecko; compatible; ClaudeBot/1.0; +claudebot@anthropic.com)"
216.73.217.51 - - [03/Jul/2026:00:04:17 +0700] "GET /wp-includes/js/mediaelement/wp-mediaelement.js HTTP/1.1" 403 218 "-" "Mozilla/5.0 AppleWebKit/537.36 (KHTML, like Gecko; compatible; ClaudeBot/1.0; +claudebot@anthropic.com)"
216.73.217.51 - - [03/Jul/2026:00:04:17 +0700] "GET /wp-content/plugins/tutor-pro/addons/pmpro/ HTTP/1.1" 403 218 "-" "Mozilla/5.0 AppleWebKit/537.36 (KHTML, like Gecko; compatible; ClaudeBot/1.0; +claudebot@anthropic.com)"
216.73.217.51 - - [03/Jul/2026:00:04:17 +0700] "GET /wp-admin/js/svg-painter.js HTTP/1.1" 403 218 "-" "Mozilla/5.0 AppleWebKit/537.36 (KHTML, like Gecko; compatible; ClaudeBot/1.0; +claudebot@anthropic.com)"
216.73.217.51 - - [03/Jul/2026:00:04:17 +0700] "GET /wp-admin/options-reading.php?dir=CAApost-template HTTP/1.1" 403 218 "-" "Mozilla/5.0 AppleWebKit/537.36 (KHTML, like Gecko; compatible; ClaudeBot/1.0; +claudebot@anthropic.com)"
216.73.217.51 - - [03/Jul/2026:00:04:17 +0700] "GET /lp-checkout-2/ HTTP/1.1" 403 218 "-" "Mozilla/5.0 AppleWebKit/537.36 (KHTML, like Gecko; compatible; ClaudeBot/1.0; +claudebot@anthropic.com)"
216.73.217.51 - - [03/Jul/2026:00:04:17 +0700] "GET /wp-admin/js/file.php?edit=dashboard.min.js HTTP/1.1" 403 218 "-" "Mozilla/5.0 AppleWebKit/537.36 (KHTML, like Gecko; compatible; ClaudeBot/1.0; +claudebot@anthropic.com)"
216.73.217.51 - - [03/Jul/2026:00:04:17 +0700] "GET /wp-includes/js/file.php?edit=customize-preview.min.js HTTP/1.1" 403 218 "-" "Mozilla/5.0 AppleWebKit/537.36 (KHTML, like Gecko; compatible; ClaudeBot/1.0; +claudebot@anthropic.com)"
216.73.217.51 - - [03/Jul/2026:00:04:17 +0700] "GET /wp-admin/customize.php?action=download&file=query.php HTTP/1.1" 403 218 "-" "Mozilla/5.0 AppleWebKit/537.36 (KHTML, like Gecko; compatible; ClaudeBot/1.0; +claudebot@anthropic.com)"
216.73.217.51 - - [03/Jul/2026:00:04:17 +0700] "GET /wp-admin/customize.php?dir=CAAlegacy-widget HTTP/1.1" 403 218 "-" "Mozilla/5.0 AppleWebKit/537.36 (KHTML, like Gecko; compatible; ClaudeBot/1.0; +claudebot@anthropic.com)"
216.73.217.51 - - [03/Jul/2026:00:04:17 +0700] "GET /wp-admin/js/color-picker.js HTTP/1.1" 403 218 "-" "Mozilla/5.0 AppleWebKit/537.36 (KHTML, like Gecko; compatible; ClaudeBot/1.0; +claudebot@anthropic.com)"
216.73.217.51 - - [03/Jul/2026:00:04:18 +0700] "GET /wp-admin/comment.php?dir=CAAquery-pagination-previous HTTP/1.1" 403 218 "-" "Mozilla/5.0 AppleWebKit/537.36 (KHTML, like Gecko; compatible; ClaudeBot/1.0; +claudebot@anthropic.com)"
216.73.217.51 - - [03/Jul/2026:00:04:18 +0700] "GET /wp-includes/js/file.php?edit=wp-util.min.js HTTP/1.1" 403 218 "-" "Mozilla/5.0 AppleWebKit/537.36 (KHTML, like Gecko; compatible; ClaudeBot/1.0; +claudebot@anthropic.com)"
216.73.217.51 - - [03/Jul/2026:00:04:18 +0700] "GET /wp-includes/js/wp-sanitize.min.js HTTP/1.1" 403 218 "-" "Mozilla/5.0 AppleWebKit/537.36 (KHTML, like Gecko; compatible; ClaudeBot/1.0; +claudebot@anthropic.com)"
216.73.217.51 - - [03/Jul/2026:00:04:18 +0700] "GET /wp-admin/options-reading.php?dir=CAAverse HTTP/1.1" 403 218 "-" "Mozilla/5.0 AppleWebKit/537.36 (KHTML, like Gecko; compatible; ClaudeBot/1.0; +claudebot@anthropic.com)"
216.73.217.51 - - [03/Jul/2026:00:04:18 +0700] "GET /wp-admin/comment.php?dir=CAApost-author-name HTTP/1.1" 403 218 "-" "Mozilla/5.0 AppleWebKit/537.36 (KHTML, like Gecko; compatible; ClaudeBot/1.0; +claudebot@anthropic.com)"
216.73.217.51 - - [03/Jul/2026:00:04:18 +0700] "GET /wp-includes/css/dist/edit-site/style-rtl.css HTTP/1.1" 403 218 "-" "Mozilla/5.0 AppleWebKit/537.36 (KHTML, like Gecko; compatible; ClaudeBot/1.0; +claudebot@anthropic.com)"
216.73.217.51 - - [03/Jul/2026:00:04:18 +0700] "GET /wp-admin/comment.php?dir=CAAcomments-pagination-next HTTP/1.1" 403 218 "-" "Mozilla/5.0 AppleWebKit/537.36 (KHTML, like Gecko; compatible; ClaudeBot/1.0; +claudebot@anthropic.com)"
216.73.217.51 - - [03/Jul/2026:00:04:18 +0700] "GET /wp-admin/js/accordion.js HTTP/1.1" 403 218 "-" "Mozilla/5.0 AppleWebKit/537.36 (KHTML, like Gecko; compatible; ClaudeBot/1.0; +claudebot@anthropic.com)"
216.73.217.51 - - [03/Jul/2026:00:04:18 +0700] "GET /course-category/data-science/feed/ HTTP/1.1" 403 218 "-" "Mozilla/5.0 AppleWebKit/537.36 (KHTML, like Gecko; compatible; ClaudeBot/1.0; +claudebot@anthropic.com)"
