23.106.230.203 - - [02/Jul/2026:17:28:16 +0700] "GET / HTTP/1.1" 200 14289 "-" "HetrixTools Uptime Monitoring Bot. https://hetrix.tools/uptime-monitoring-bot.html"
202.43.248.178 - - [02/Jul/2026:17:28:26 +0700] "GET / HTTP/1.1" 200 641411 "-" "Uptime-Kuma/1.17.1"
23.106.230.203 - - [02/Jul/2026:17:29:08 +0700] "GET / HTTP/1.1" 200 14289 "-" "HetrixTools Uptime Monitoring Bot. https://hetrix.tools/uptime-monitoring-bot.html"
23.106.120.205 - - [02/Jul/2026:17:29:13 +0700] "GET / HTTP/1.1" 200 14289 "-" "HetrixTools Uptime Monitoring Bot. https://hetrix.tools/uptime-monitoring-bot.html"
103.101.130.73 - - [02/Jul/2026:17:29:18 +0700] "GET / HTTP/1.1" 200 14289 "-" "HetrixTools Uptime Monitoring Bot. https://hetrix.tools/uptime-monitoring-bot.html"
172.241.23.225 - - [02/Jul/2026:17:29:26 +0700] "GET / HTTP/1.1" 200 14289 "-" "HetrixTools Uptime Monitoring Bot. https://hetrix.tools/uptime-monitoring-bot.html"
202.43.248.178 - - [02/Jul/2026:17:29:27 +0700] "GET / HTTP/1.1" 200 641411 "-" "Uptime-Kuma/1.17.1"
51.79.156.91 - - [02/Jul/2026:17:30:05 +0700] "GET / HTTP/1.1" 200 14289 "-" "HetrixTools Uptime Monitoring Bot. https://hetrix.tools/uptime-monitoring-bot.html"
203.96.179.194 - - [02/Jul/2026:17:30:13 +0700] "GET / HTTP/1.1" 200 14289 "-" "HetrixTools Uptime Monitoring Bot. https://hetrix.tools/uptime-monitoring-bot.html"
199.254.199.6 - - [02/Jul/2026:17:30:22 +0700] "GET / HTTP/1.1" 200 14289 "-" "HetrixTools Uptime Monitoring Bot. https://hetrix.tools/uptime-monitoring-bot.html"
66.206.13.170 - - [02/Jul/2026:17:30:26 +0700] "GET / HTTP/1.1" 200 14289 "-" "HetrixTools Uptime Monitoring Bot. https://hetrix.tools/uptime-monitoring-bot.html"
202.43.248.178 - - [02/Jul/2026:17:30:27 +0700] "GET / HTTP/1.1" 200 641411 "-" "Uptime-Kuma/1.17.1"
139.99.233.44 - - [02/Jul/2026:17:31:04 +0700] "GET / HTTP/1.1" 200 14289 "-" "HetrixTools Uptime Monitoring Bot. https://hetrix.tools/uptime-monitoring-bot.html"
79.127.243.80 - - [02/Jul/2026:17:31:07 +0700] "GET / HTTP/1.1" 200 14289 "-" "HetrixTools Uptime Monitoring Bot. https://hetrix.tools/uptime-monitoring-bot.html"
210.16.67.82 - - [02/Jul/2026:17:31:11 +0700] "GET / HTTP/1.1" 200 14289 "-" "HetrixTools Uptime Monitoring Bot. https://hetrix.tools/uptime-monitoring-bot.html"
199.254.199.6 - - [02/Jul/2026:17:31:13 +0700] "GET / HTTP/1.1" 200 14289 "-" "HetrixTools Uptime Monitoring Bot. https://hetrix.tools/uptime-monitoring-bot.html"
202.43.248.178 - - [02/Jul/2026:17:31:38 +0700] "GET / HTTP/1.1" 200 641411 "-" "Uptime-Kuma/1.17.1"
23.106.120.205 - - [02/Jul/2026:17:32:04 +0700] "GET / HTTP/1.1" 200 14289 "-" "HetrixTools Uptime Monitoring Bot. https://hetrix.tools/uptime-monitoring-bot.html"
43.230.163.178 - - [02/Jul/2026:17:32:11 +0700] "GET / HTTP/1.1" 200 14289 "-" "HetrixTools Uptime Monitoring Bot. https://hetrix.tools/uptime-monitoring-bot.html"
172.241.23.225 - - [02/Jul/2026:17:32:20 +0700] "GET / HTTP/1.1" 200 14289 "-" "HetrixTools Uptime Monitoring Bot. https://hetrix.tools/uptime-monitoring-bot.html"
103.101.130.73 - - [02/Jul/2026:17:32:21 +0700] "GET / HTTP/1.1" 200 14289 "-" "HetrixTools Uptime Monitoring Bot. https://hetrix.tools/uptime-monitoring-bot.html"
202.43.248.178 - - [02/Jul/2026:17:32:38 +0700] "GET / HTTP/1.1" 200 641412 "-" "Uptime-Kuma/1.17.1"
103.15.226.176 - - [02/Jul/2026:17:32:46 +0700] "POST /wp-cron.php?doing_wp_cron=1782988365.9535329341888427734375 HTTP/1.1" 200 0 "-" "WordPress/7.0; https://star4hire.com"
47.79.207.216 - - [02/Jul/2026:17:32:46 +0700] "GET /index.php?dir=CAAaccordion-heading HTTP/1.1" 200 5154 "https://www.google.com/" "Mozilla/5.0 (Windows NT 10.0; Win64; x64) AppleWebKit/537.36 (KHTML, like Gecko) Chrome/132.0.0.0 Safari/537.36"
23.106.230.203 - - [02/Jul/2026:17:33:08 +0700] "GET / HTTP/1.1" 200 14289 "-" "HetrixTools Uptime Monitoring Bot. https://hetrix.tools/uptime-monitoring-bot.html"
210.16.67.82 - - [02/Jul/2026:17:33:11 +0700] "GET / HTTP/1.1" 200 14289 "-" "HetrixTools Uptime Monitoring Bot. https://hetrix.tools/uptime-monitoring-bot.html"
47.79.201.104 - - [02/Jul/2026:17:33:20 +0700] "GET /index.php?edit=query-no-results.php HTTP/1.1" 200 4104 "https://www.google.com/" "Mozilla/5.0 (Linux; Android 10; K) AppleWebKit/537.36 (KHTML, like Gecko) Chrome/132.0.0.0 Mobile Safari/537.36"
67.213.120.27 - - [02/Jul/2026:17:33:22 +0700] "GET / HTTP/1.1" 200 14289 "-" "HetrixTools Uptime Monitoring Bot. https://hetrix.tools/uptime-monitoring-bot.html"
103.101.130.73 - - [02/Jul/2026:17:33:27 +0700] "GET / HTTP/1.1" 200 14289 "-" "HetrixTools Uptime Monitoring Bot. https://hetrix.tools/uptime-monitoring-bot.html"
202.43.248.178 - - [02/Jul/2026:17:33:38 +0700] "GET / HTTP/1.1" 200 641411 "-" "Uptime-Kuma/1.17.1"
210.16.67.82 - - [02/Jul/2026:17:34:04 +0700] "GET / HTTP/1.1" 200 14289 "-" "HetrixTools Uptime Monitoring Bot. https://hetrix.tools/uptime-monitoring-bot.html"
199.254.199.6 - - [02/Jul/2026:17:34:09 +0700] "GET / HTTP/1.1" 200 14289 "-" "HetrixTools Uptime Monitoring Bot. https://hetrix.tools/uptime-monitoring-bot.html"
203.96.179.194 - - [02/Jul/2026:17:34:22 +0700] "GET / HTTP/1.1" 200 14289 "-" "HetrixTools Uptime Monitoring Bot. https://hetrix.tools/uptime-monitoring-bot.html"
66.206.13.170 - - [02/Jul/2026:17:34:25 +0700] "GET / HTTP/1.1" 200 14289 "-" "HetrixTools Uptime Monitoring Bot. https://hetrix.tools/uptime-monitoring-bot.html"
202.43.248.178 - - [02/Jul/2026:17:34:39 +0700] "GET / HTTP/1.1" 200 641411 "-" "Uptime-Kuma/1.17.1"
43.230.163.178 - - [02/Jul/2026:17:35:05 +0700] "GET / HTTP/1.1" 200 14289 "-" "HetrixTools Uptime Monitoring Bot. https://hetrix.tools/uptime-monitoring-bot.html"
107.155.75.66 - - [02/Jul/2026:17:35:10 +0700] "GET / HTTP/1.1" 200 14289 "-" "HetrixTools Uptime Monitoring Bot. https://hetrix.tools/uptime-monitoring-bot.html"
103.101.130.73 - - [02/Jul/2026:17:35:18 +0700] "GET / HTTP/1.1" 200 14289 "-" "HetrixTools Uptime Monitoring Bot. https://hetrix.tools/uptime-monitoring-bot.html"
209.222.107.178 - - [02/Jul/2026:17:35:25 +0700] "GET / HTTP/1.1" 200 14289 "-" "HetrixTools Uptime Monitoring Bot. https://hetrix.tools/uptime-monitoring-bot.html"
202.43.248.178 - - [02/Jul/2026:17:35:39 +0700] "GET / HTTP/1.1" 200 641419 "-" "Uptime-Kuma/1.17.1"
203.96.179.194 - - [02/Jul/2026:17:36:10 +0700] "GET / HTTP/1.1" 200 14289 "-" "HetrixTools Uptime Monitoring Bot. https://hetrix.tools/uptime-monitoring-bot.html"
23.106.120.205 - - [02/Jul/2026:17:36:14 +0700] "GET / HTTP/1.1" 200 14289 "-" "HetrixTools Uptime Monitoring Bot. https://hetrix.tools/uptime-monitoring-bot.html"
67.213.120.27 - - [02/Jul/2026:17:36:21 +0700] "GET / HTTP/1.1" 200 14289 "-" "HetrixTools Uptime Monitoring Bot. https://hetrix.tools/uptime-monitoring-bot.html"
43.230.163.178 - - [02/Jul/2026:17:36:23 +0700] "GET / HTTP/1.1" 200 14289 "-" "HetrixTools Uptime Monitoring Bot. https://hetrix.tools/uptime-monitoring-bot.html"
202.43.248.178 - - [02/Jul/2026:17:36:50 +0700] "GET / HTTP/1.1" 200 641411 "-" "Uptime-Kuma/1.17.1"
45.76.202.144 - - [02/Jul/2026:17:37:05 +0700] "GET / HTTP/1.1" 200 14289 "-" "HetrixTools Uptime Monitoring Bot. https://hetrix.tools/uptime-monitoring-bot.html"
107.155.75.66 - - [02/Jul/2026:17:37:10 +0700] "GET / HTTP/1.1" 200 14289 "-" "HetrixTools Uptime Monitoring Bot. https://hetrix.tools/uptime-monitoring-bot.html"
103.101.130.73 - - [02/Jul/2026:17:37:16 +0700] "GET / HTTP/1.1" 200 14289 "-" "HetrixTools Uptime Monitoring Bot. https://hetrix.tools/uptime-monitoring-bot.html"
79.127.243.80 - - [02/Jul/2026:17:37:19 +0700] "GET / HTTP/1.1" 200 14289 "-" "HetrixTools Uptime Monitoring Bot. https://hetrix.tools/uptime-monitoring-bot.html"
202.43.248.178 - - [02/Jul/2026:17:37:50 +0700] "GET / HTTP/1.1" 200 641411 "-" "Uptime-Kuma/1.17.1"
103.15.226.176 - - [02/Jul/2026:17:38:20 +0700] "POST /wp-cron.php?doing_wp_cron=1782988700.8072819709777832031250 HTTP/1.1" 200 0 "-" "WordPress/7.0; https://star4hire.com"
103.101.130.73 - - [02/Jul/2026:17:38:20 +0700] "GET / HTTP/1.1" 200 14289 "-" "HetrixTools Uptime Monitoring Bot. https://hetrix.tools/uptime-monitoring-bot.html"
210.16.67.82 - - [02/Jul/2026:17:38:21 +0700] "GET / HTTP/1.1" 200 14289 "-" "HetrixTools Uptime Monitoring Bot. https://hetrix.tools/uptime-monitoring-bot.html"
23.106.230.203 - - [02/Jul/2026:17:38:24 +0700] "GET / HTTP/1.1" 200 14289 "-" "HetrixTools Uptime Monitoring Bot. https://hetrix.tools/uptime-monitoring-bot.html"
66.206.13.170 - - [02/Jul/2026:17:38:24 +0700] "GET / HTTP/1.1" 200 14289 "-" "HetrixTools Uptime Monitoring Bot. https://hetrix.tools/uptime-monitoring-bot.html"
202.43.248.178 - - [02/Jul/2026:17:38:50 +0700] "GET / HTTP/1.1" 200 641411 "-" "Uptime-Kuma/1.17.1"
172.104.99.63 - - [02/Jul/2026:17:39:07 +0700] "GET / HTTP/1.1" 200 14289 "-" "HetrixTools Uptime Monitoring Bot. https://hetrix.tools/uptime-monitoring-bot.html"
203.96.179.194 - - [02/Jul/2026:17:39:17 +0700] "GET / HTTP/1.1" 200 14289 "-" "HetrixTools Uptime Monitoring Bot. https://hetrix.tools/uptime-monitoring-bot.html"
210.16.67.82 - - [02/Jul/2026:17:39:21 +0700] "GET / HTTP/1.1" 200 14289 "-" "HetrixTools Uptime Monitoring Bot. https://hetrix.tools/uptime-monitoring-bot.html"
209.222.107.178 - - [02/Jul/2026:17:39:24 +0700] "GET / HTTP/1.1" 200 14289 "-" "HetrixTools Uptime Monitoring Bot. https://hetrix.tools/uptime-monitoring-bot.html"
202.43.248.178 - - [02/Jul/2026:17:39:51 +0700] "GET / HTTP/1.1" 200 641411 "-" "Uptime-Kuma/1.17.1"
103.101.130.73 - - [02/Jul/2026:17:40:18 +0700] "GET / HTTP/1.1" 200 14289 "-" "HetrixTools Uptime Monitoring Bot. https://hetrix.tools/uptime-monitoring-bot.html"
23.106.230.203 - - [02/Jul/2026:17:40:19 +0700] "GET / HTTP/1.1" 200 14289 "-" "HetrixTools Uptime Monitoring Bot. https://hetrix.tools/uptime-monitoring-bot.html"
23.106.120.205 - - [02/Jul/2026:17:40:25 +0700] "GET / HTTP/1.1" 200 14289 "-" "HetrixTools Uptime Monitoring Bot. https://hetrix.tools/uptime-monitoring-bot.html"
94.154.159.133 - - [02/Jul/2026:17:40:27 +0700] "GET / HTTP/1.1" 200 14289 "-" "HetrixTools Uptime Monitoring Bot. https://hetrix.tools/uptime-monitoring-bot.html"
202.43.248.178 - - [02/Jul/2026:17:40:51 +0700] "GET / HTTP/1.1" 200 641411 "-" "Uptime-Kuma/1.17.1"
23.106.120.205 - - [02/Jul/2026:17:41:03 +0700] "GET / HTTP/1.1" 200 14289 "-" "HetrixTools Uptime Monitoring Bot. https://hetrix.tools/uptime-monitoring-bot.html"
203.96.179.194 - - [02/Jul/2026:17:41:05 +0700] "GET / HTTP/1.1" 200 14289 "-" "HetrixTools Uptime Monitoring Bot. https://hetrix.tools/uptime-monitoring-bot.html"
66.206.13.170 - - [02/Jul/2026:17:41:12 +0700] "GET / HTTP/1.1" 200 14289 "-" "HetrixTools Uptime Monitoring Bot. https://hetrix.tools/uptime-monitoring-bot.html"
23.106.230.203 - - [02/Jul/2026:17:41:22 +0700] "GET / HTTP/1.1" 200 14289 "-" "HetrixTools Uptime Monitoring Bot. https://hetrix.tools/uptime-monitoring-bot.html"
202.43.248.178 - - [02/Jul/2026:17:42:02 +0700] "GET / HTTP/1.1" 200 641411 "-" "Uptime-Kuma/1.17.1"
43.230.163.178 - - [02/Jul/2026:17:42:10 +0700] "GET / HTTP/1.1" 200 14289 "-" "HetrixTools Uptime Monitoring Bot. https://hetrix.tools/uptime-monitoring-bot.html"
210.16.67.82 - - [02/Jul/2026:17:42:16 +0700] "GET / HTTP/1.1" 200 14289 "-" "HetrixTools Uptime Monitoring Bot. https://hetrix.tools/uptime-monitoring-bot.html"
209.222.107.178 - - [02/Jul/2026:17:42:17 +0700] "GET / HTTP/1.1" 200 14289 "-" "HetrixTools Uptime Monitoring Bot. https://hetrix.tools/uptime-monitoring-bot.html"
139.99.233.44 - - [02/Jul/2026:17:42:20 +0700] "GET / HTTP/1.1" 200 14289 "-" "HetrixTools Uptime Monitoring Bot. https://hetrix.tools/uptime-monitoring-bot.html"
202.43.248.178 - - [02/Jul/2026:17:43:02 +0700] "GET / HTTP/1.1" 200 641411 "-" "Uptime-Kuma/1.17.1"
210.16.67.82 - - [02/Jul/2026:17:43:03 +0700] "GET / HTTP/1.1" 200 14289 "-" "HetrixTools Uptime Monitoring Bot. https://hetrix.tools/uptime-monitoring-bot.html"
43.230.163.178 - - [02/Jul/2026:17:43:06 +0700] "GET / HTTP/1.1" 200 14289 "-" "HetrixTools Uptime Monitoring Bot. https://hetrix.tools/uptime-monitoring-bot.html"
172.241.23.225 - - [02/Jul/2026:17:43:13 +0700] "GET / HTTP/1.1" 200 14289 "-" "HetrixTools Uptime Monitoring Bot. https://hetrix.tools/uptime-monitoring-bot.html"
91.242.215.225 - - [02/Jul/2026:17:43:27 +0700] "GET / HTTP/1.1" 200 14289 "-" "HetrixTools Uptime Monitoring Bot. https://hetrix.tools/uptime-monitoring-bot.html"
202.43.248.178 - - [02/Jul/2026:17:44:03 +0700] "GET / HTTP/1.1" 200 641411 "-" "Uptime-Kuma/1.17.1"
103.101.130.73 - - [02/Jul/2026:17:44:06 +0700] "GET / HTTP/1.1" 200 14289 "-" "HetrixTools Uptime Monitoring Bot. https://hetrix.tools/uptime-monitoring-bot.html"
209.222.107.178 - - [02/Jul/2026:17:44:12 +0700] "GET / HTTP/1.1" 200 14289 "-" "HetrixTools Uptime Monitoring Bot. https://hetrix.tools/uptime-monitoring-bot.html"
107.155.75.66 - - [02/Jul/2026:17:44:17 +0700] "GET / HTTP/1.1" 200 14289 "-" "HetrixTools Uptime Monitoring Bot. https://hetrix.tools/uptime-monitoring-bot.html"
43.230.163.178 - - [02/Jul/2026:17:44:24 +0700] "GET / HTTP/1.1" 200 14289 "-" "HetrixTools Uptime Monitoring Bot. https://hetrix.tools/uptime-monitoring-bot.html"
202.43.248.178 - - [02/Jul/2026:17:45:03 +0700] "GET / HTTP/1.1" 200 641411 "-" "Uptime-Kuma/1.17.1"
103.101.130.73 - - [02/Jul/2026:17:45:08 +0700] "GET / HTTP/1.1" 200 14289 "-" "HetrixTools Uptime Monitoring Bot. https://hetrix.tools/uptime-monitoring-bot.html"
210.16.67.82 - - [02/Jul/2026:17:45:17 +0700] "GET / HTTP/1.1" 200 14289 "-" "HetrixTools Uptime Monitoring Bot. https://hetrix.tools/uptime-monitoring-bot.html"
67.213.120.27 - - [02/Jul/2026:17:45:22 +0700] "GET / HTTP/1.1" 200 14289 "-" "HetrixTools Uptime Monitoring Bot. https://hetrix.tools/uptime-monitoring-bot.html"
23.106.230.203 - - [02/Jul/2026:17:45:27 +0700] "GET / HTTP/1.1" 200 14289 "-" "HetrixTools Uptime Monitoring Bot. https://hetrix.tools/uptime-monitoring-bot.html"
202.43.248.178 - - [02/Jul/2026:17:46:03 +0700] "GET / HTTP/1.1" 200 641411 "-" "Uptime-Kuma/1.17.1"
94.154.159.133 - - [02/Jul/2026:17:46:13 +0700] "GET / HTTP/1.1" 200 14289 "-" "HetrixTools Uptime Monitoring Bot. https://hetrix.tools/uptime-monitoring-bot.html"
103.101.130.73 - - [02/Jul/2026:17:46:20 +0700] "GET / HTTP/1.1" 200 14289 "-" "HetrixTools Uptime Monitoring Bot. https://hetrix.tools/uptime-monitoring-bot.html"
107.155.75.66 - - [02/Jul/2026:17:46:21 +0700] "GET / HTTP/1.1" 200 14289 "-" "HetrixTools Uptime Monitoring Bot. https://hetrix.tools/uptime-monitoring-bot.html"
43.230.163.178 - - [02/Jul/2026:17:46:24 +0700] "GET / HTTP/1.1" 200 14289 "-" "HetrixTools Uptime Monitoring Bot. https://hetrix.tools/uptime-monitoring-bot.html"
94.154.159.133 - - [02/Jul/2026:17:47:08 +0700] "GET / HTTP/1.1" 200 14289 "-" "HetrixTools Uptime Monitoring Bot. https://hetrix.tools/uptime-monitoring-bot.html"
203.96.179.194 - - [02/Jul/2026:17:47:14 +0700] "GET / HTTP/1.1" 200 14289 "-" "HetrixTools Uptime Monitoring Bot. https://hetrix.tools/uptime-monitoring-bot.html"
202.43.248.178 - - [02/Jul/2026:17:47:14 +0700] "GET / HTTP/1.1" 200 641411 "-" "Uptime-Kuma/1.17.1"
43.230.163.178 - - [02/Jul/2026:17:47:15 +0700] "GET / HTTP/1.1" 200 14289 "-" "HetrixTools Uptime Monitoring Bot. https://hetrix.tools/uptime-monitoring-bot.html"
23.106.120.205 - - [02/Jul/2026:17:47:23 +0700] "GET / HTTP/1.1" 200 14289 "-" "HetrixTools Uptime Monitoring Bot. https://hetrix.tools/uptime-monitoring-bot.html"
107.155.75.66 - - [02/Jul/2026:17:48:06 +0700] "GET / HTTP/1.1" 200 14289 "-" "HetrixTools Uptime Monitoring Bot. https://hetrix.tools/uptime-monitoring-bot.html"
23.106.230.203 - - [02/Jul/2026:17:48:07 +0700] "GET / HTTP/1.1" 200 14289 "-" "HetrixTools Uptime Monitoring Bot. https://hetrix.tools/uptime-monitoring-bot.html"
209.222.107.178 - - [02/Jul/2026:17:48:08 +0700] "GET / HTTP/1.1" 200 14289 "-" "HetrixTools Uptime Monitoring Bot. https://hetrix.tools/uptime-monitoring-bot.html"
202.43.248.178 - - [02/Jul/2026:17:48:14 +0700] "GET / HTTP/1.1" 200 641411 "-" "Uptime-Kuma/1.17.1"
91.242.215.225 - - [02/Jul/2026:17:48:21 +0700] "GET / HTTP/1.1" 200 14289 "-" "HetrixTools Uptime Monitoring Bot. https://hetrix.tools/uptime-monitoring-bot.html"
199.254.199.6 - - [02/Jul/2026:17:49:05 +0700] "GET / HTTP/1.1" 200 14289 "-" "HetrixTools Uptime Monitoring Bot. https://hetrix.tools/uptime-monitoring-bot.html"
203.96.179.194 - - [02/Jul/2026:17:49:12 +0700] "GET / HTTP/1.1" 200 14289 "-" "HetrixTools Uptime Monitoring Bot. https://hetrix.tools/uptime-monitoring-bot.html"
202.43.248.178 - - [02/Jul/2026:17:49:15 +0700] "GET / HTTP/1.1" 200 641411 "-" "Uptime-Kuma/1.17.1"
67.213.120.27 - - [02/Jul/2026:17:49:21 +0700] "GET / HTTP/1.1" 200 14289 "-" "HetrixTools Uptime Monitoring Bot. https://hetrix.tools/uptime-monitoring-bot.html"
107.155.75.66 - - [02/Jul/2026:17:49:26 +0700] "GET / HTTP/1.1" 200 14289 "-" "HetrixTools Uptime Monitoring Bot. https://hetrix.tools/uptime-monitoring-bot.html"
216.73.217.51 - - [02/Jul/2026:17:49:53 +0700] "GET /robots.txt HTTP/1.1" 200 70 "-" "Mozilla/5.0 AppleWebKit/537.36 (KHTML, like Gecko; compatible; ClaudeBot/1.0; +claudebot@anthropic.com)"
216.73.217.51 - - [02/Jul/2026:17:49:53 +0700] "GET /sitemap.xml HTTP/1.1" 200 306 "-" "Mozilla/5.0 AppleWebKit/537.36 (KHTML, like Gecko; compatible; ClaudeBot/1.0; +claudebot@anthropic.com)"
172.241.23.225 - - [02/Jul/2026:17:50:05 +0700] "GET / HTTP/1.1" 200 14289 "-" "HetrixTools Uptime Monitoring Bot. https://hetrix.tools/uptime-monitoring-bot.html"
203.96.179.194 - - [02/Jul/2026:17:50:05 +0700] "GET / HTTP/1.1" 200 14289 "-" "HetrixTools Uptime Monitoring Bot. https://hetrix.tools/uptime-monitoring-bot.html"
210.16.67.82 - - [02/Jul/2026:17:50:11 +0700] "GET / HTTP/1.1" 200 14289 "-" "HetrixTools Uptime Monitoring Bot. https://hetrix.tools/uptime-monitoring-bot.html"
202.43.248.178 - - [02/Jul/2026:17:50:15 +0700] "GET / HTTP/1.1" 200 641411 "-" "Uptime-Kuma/1.17.1"
45.76.202.144 - - [02/Jul/2026:17:50:24 +0700] "GET / HTTP/1.1" 200 14289 "-" "HetrixTools Uptime Monitoring Bot. https://hetrix.tools/uptime-monitoring-bot.html"
79.127.243.80 - - [02/Jul/2026:17:51:15 +0700] "GET / HTTP/1.1" 200 14289 "-" "HetrixTools Uptime Monitoring Bot. https://hetrix.tools/uptime-monitoring-bot.html"
202.43.248.178 - - [02/Jul/2026:17:51:15 +0700] "GET / HTTP/1.1" 200 641411 "-" "Uptime-Kuma/1.17.1"
23.106.120.205 - - [02/Jul/2026:17:51:16 +0700] "GET / HTTP/1.1" 200 14289 "-" "HetrixTools Uptime Monitoring Bot. https://hetrix.tools/uptime-monitoring-bot.html"
43.230.163.178 - - [02/Jul/2026:17:51:16 +0700] "GET / HTTP/1.1" 200 14289 "-" "HetrixTools Uptime Monitoring Bot. https://hetrix.tools/uptime-monitoring-bot.html"
203.96.179.194 - - [02/Jul/2026:17:51:18 +0700] "GET / HTTP/1.1" 200 14289 "-" "HetrixTools Uptime Monitoring Bot. https://hetrix.tools/uptime-monitoring-bot.html"
79.127.243.80 - - [02/Jul/2026:17:52:04 +0700] "GET / HTTP/1.1" 200 14289 "-" "HetrixTools Uptime Monitoring Bot. https://hetrix.tools/uptime-monitoring-bot.html"
23.106.230.203 - - [02/Jul/2026:17:52:09 +0700] "GET / HTTP/1.1" 200 14289 "-" "HetrixTools Uptime Monitoring Bot. https://hetrix.tools/uptime-monitoring-bot.html"
103.101.130.73 - - [02/Jul/2026:17:52:13 +0700] "GET / HTTP/1.1" 200 14289 "-" "HetrixTools Uptime Monitoring Bot. https://hetrix.tools/uptime-monitoring-bot.html"
23.106.120.205 - - [02/Jul/2026:17:52:25 +0700] "GET / HTTP/1.1" 200 14289 "-" "HetrixTools Uptime Monitoring Bot. https://hetrix.tools/uptime-monitoring-bot.html"
202.43.248.178 - - [02/Jul/2026:17:52:26 +0700] "GET / HTTP/1.1" 200 641411 "-" "Uptime-Kuma/1.17.1"
210.16.67.82 - - [02/Jul/2026:17:53:07 +0700] "GET / HTTP/1.1" 200 14289 "-" "HetrixTools Uptime Monitoring Bot. https://hetrix.tools/uptime-monitoring-bot.html"
139.99.169.250 - - [02/Jul/2026:17:53:16 +0700] "GET / HTTP/1.1" 200 14289 "-" "HetrixTools Uptime Monitoring Bot. https://hetrix.tools/uptime-monitoring-bot.html"
209.222.107.178 - - [02/Jul/2026:17:53:21 +0700] "GET / HTTP/1.1" 200 14289 "-" "HetrixTools Uptime Monitoring Bot. https://hetrix.tools/uptime-monitoring-bot.html"
199.254.199.6 - - [02/Jul/2026:17:53:25 +0700] "GET / HTTP/1.1" 200 14289 "-" "HetrixTools Uptime Monitoring Bot. https://hetrix.tools/uptime-monitoring-bot.html"
202.43.248.178 - - [02/Jul/2026:17:53:26 +0700] "GET / HTTP/1.1" 200 641411 "-" "Uptime-Kuma/1.17.1"
51.222.168.253 - - [02/Jul/2026:17:53:29 +0700] "GET /sitemap.xml HTTP/1.1" 200 306 "-" "Mozilla/5.0 (compatible; AhrefsBot/7.0; +http://ahrefs.com/robot/)"
199.254.199.6 - - [02/Jul/2026:17:54:12 +0700] "GET / HTTP/1.1" 200 14289 "-" "HetrixTools Uptime Monitoring Bot. https://hetrix.tools/uptime-monitoring-bot.html"
66.206.13.170 - - [02/Jul/2026:17:54:13 +0700] "GET / HTTP/1.1" 200 14289 "-" "HetrixTools Uptime Monitoring Bot. https://hetrix.tools/uptime-monitoring-bot.html"
107.155.75.66 - - [02/Jul/2026:17:54:17 +0700] "GET / HTTP/1.1" 200 14289 "-" "HetrixTools Uptime Monitoring Bot. https://hetrix.tools/uptime-monitoring-bot.html"
139.99.233.44 - - [02/Jul/2026:17:54:23 +0700] "GET / HTTP/1.1" 200 14289 "-" "HetrixTools Uptime Monitoring Bot. https://hetrix.tools/uptime-monitoring-bot.html"
202.43.248.178 - - [02/Jul/2026:17:54:27 +0700] "GET / HTTP/1.1" 200 641411 "-" "Uptime-Kuma/1.17.1"
203.96.179.194 - - [02/Jul/2026:17:55:08 +0700] "GET / HTTP/1.1" 200 14289 "-" "HetrixTools Uptime Monitoring Bot. https://hetrix.tools/uptime-monitoring-bot.html"
66.206.13.170 - - [02/Jul/2026:17:55:10 +0700] "GET / HTTP/1.1" 200 14289 "-" "HetrixTools Uptime Monitoring Bot. https://hetrix.tools/uptime-monitoring-bot.html"
43.230.163.178 - - [02/Jul/2026:17:55:16 +0700] "GET / HTTP/1.1" 200 14289 "-" "HetrixTools Uptime Monitoring Bot. https://hetrix.tools/uptime-monitoring-bot.html"
107.155.75.66 - - [02/Jul/2026:17:55:20 +0700] "GET / HTTP/1.1" 200 14289 "-" "HetrixTools Uptime Monitoring Bot. https://hetrix.tools/uptime-monitoring-bot.html"
202.43.248.178 - - [02/Jul/2026:17:55:27 +0700] "GET / HTTP/1.1" 200 641411 "-" "Uptime-Kuma/1.17.1"
66.165.247.154 - - [02/Jul/2026:17:56:04 +0700] "GET / HTTP/1.1" 200 14289 "-" "HetrixTools Uptime Monitoring Bot. https://hetrix.tools/uptime-monitoring-bot.html"
43.230.163.178 - - [02/Jul/2026:17:56:22 +0700] "GET / HTTP/1.1" 200 14289 "-" "HetrixTools Uptime Monitoring Bot. https://hetrix.tools/uptime-monitoring-bot.html"
91.242.215.225 - - [02/Jul/2026:17:56:22 +0700] "GET / HTTP/1.1" 200 14289 "-" "HetrixTools Uptime Monitoring Bot. https://hetrix.tools/uptime-monitoring-bot.html"
210.16.67.82 - - [02/Jul/2026:17:56:23 +0700] "GET / HTTP/1.1" 200 14289 "-" "HetrixTools Uptime Monitoring Bot. https://hetrix.tools/uptime-monitoring-bot.html"
202.43.248.178 - - [02/Jul/2026:17:56:27 +0700] "GET / HTTP/1.1" 200 641411 "-" "Uptime-Kuma/1.17.1"
103.101.130.73 - - [02/Jul/2026:17:57:07 +0700] "GET / HTTP/1.1" 200 14289 "-" "HetrixTools Uptime Monitoring Bot. https://hetrix.tools/uptime-monitoring-bot.html"
210.16.67.82 - - [02/Jul/2026:17:57:08 +0700] "GET / HTTP/1.1" 200 14289 "-" "HetrixTools Uptime Monitoring Bot. https://hetrix.tools/uptime-monitoring-bot.html"
199.254.199.6 - - [02/Jul/2026:17:57:08 +0700] "GET / HTTP/1.1" 200 14289 "-" "HetrixTools Uptime Monitoring Bot. https://hetrix.tools/uptime-monitoring-bot.html"
66.165.247.154 - - [02/Jul/2026:17:57:09 +0700] "GET / HTTP/1.1" 200 14289 "-" "HetrixTools Uptime Monitoring Bot. https://hetrix.tools/uptime-monitoring-bot.html"
202.43.248.178 - - [02/Jul/2026:17:57:38 +0700] "GET / HTTP/1.1" 200 641411 "-" "Uptime-Kuma/1.17.1"
203.96.179.194 - - [02/Jul/2026:17:58:11 +0700] "GET / HTTP/1.1" 200 14289 "-" "HetrixTools Uptime Monitoring Bot. https://hetrix.tools/uptime-monitoring-bot.html"
199.254.199.6 - - [02/Jul/2026:17:58:11 +0700] "GET / HTTP/1.1" 200 14289 "-" "HetrixTools Uptime Monitoring Bot. https://hetrix.tools/uptime-monitoring-bot.html"
107.155.75.66 - - [02/Jul/2026:17:58:14 +0700] "GET / HTTP/1.1" 200 14289 "-" "HetrixTools Uptime Monitoring Bot. https://hetrix.tools/uptime-monitoring-bot.html"
172.241.23.225 - - [02/Jul/2026:17:58:17 +0700] "GET / HTTP/1.1" 200 14289 "-" "HetrixTools Uptime Monitoring Bot. https://hetrix.tools/uptime-monitoring-bot.html"
202.43.248.178 - - [02/Jul/2026:17:58:39 +0700] "GET / HTTP/1.1" 200 641411 "-" "Uptime-Kuma/1.17.1"
157.55.39.205 - - [02/Jul/2026:17:58:57 +0700] "GET /article/detail/webinar-2-btf-job-festival-optimasi-kanal-digital-sebagai-media-personal-branding HTTP/1.1" 404 212 "-" "Mozilla/5.0 AppleWebKit/537.36 (KHTML, like Gecko; compatible; bingbot/2.0; +http://www.bing.com/bingbot.htm) Chrome/116.0.1938.76 Safari/537.36"
43.230.163.178 - - [02/Jul/2026:17:59:15 +0700] "GET / HTTP/1.1" 200 14289 "-" "HetrixTools Uptime Monitoring Bot. https://hetrix.tools/uptime-monitoring-bot.html"
210.16.67.82 - - [02/Jul/2026:17:59:17 +0700] "GET / HTTP/1.1" 200 14289 "-" "HetrixTools Uptime Monitoring Bot. https://hetrix.tools/uptime-monitoring-bot.html"
139.99.233.44 - - [02/Jul/2026:17:59:21 +0700] "GET / HTTP/1.1" 200 14289 "-" "HetrixTools Uptime Monitoring Bot. https://hetrix.tools/uptime-monitoring-bot.html"
66.206.13.170 - - [02/Jul/2026:17:59:26 +0700] "GET / HTTP/1.1" 200 14289 "-" "HetrixTools Uptime Monitoring Bot. https://hetrix.tools/uptime-monitoring-bot.html"
202.43.248.178 - - [02/Jul/2026:17:59:39 +0700] "GET / HTTP/1.1" 200 641411 "-" "Uptime-Kuma/1.17.1"
209.222.107.178 - - [02/Jul/2026:18:00:06 +0700] "GET / HTTP/1.1" 200 14289 "-" "HetrixTools Uptime Monitoring Bot. https://hetrix.tools/uptime-monitoring-bot.html"
203.96.179.194 - - [02/Jul/2026:18:00:14 +0700] "GET / HTTP/1.1" 200 14289 "-" "HetrixTools Uptime Monitoring Bot. https://hetrix.tools/uptime-monitoring-bot.html"
43.230.163.178 - - [02/Jul/2026:18:00:15 +0700] "GET / HTTP/1.1" 200 14289 "-" "HetrixTools Uptime Monitoring Bot. https://hetrix.tools/uptime-monitoring-bot.html"
210.16.67.82 - - [02/Jul/2026:18:00:23 +0700] "GET / HTTP/1.1" 200 14289 "-" "HetrixTools Uptime Monitoring Bot. https://hetrix.tools/uptime-monitoring-bot.html"
202.43.248.178 - - [02/Jul/2026:18:00:39 +0700] "GET / HTTP/1.1" 200 641411 "-" "Uptime-Kuma/1.17.1"
66.165.247.154 - - [02/Jul/2026:18:01:20 +0700] "GET / HTTP/1.1" 200 14289 "-" "HetrixTools Uptime Monitoring Bot. https://hetrix.tools/uptime-monitoring-bot.html"
107.155.75.66 - - [02/Jul/2026:18:01:23 +0700] "GET / HTTP/1.1" 200 14289 "-" "HetrixTools Uptime Monitoring Bot. https://hetrix.tools/uptime-monitoring-bot.html"
23.106.230.203 - - [02/Jul/2026:18:01:24 +0700] "GET / HTTP/1.1" 200 14289 "-" "HetrixTools Uptime Monitoring Bot. https://hetrix.tools/uptime-monitoring-bot.html"
203.96.179.194 - - [02/Jul/2026:18:01:25 +0700] "GET / HTTP/1.1" 200 14289 "-" "HetrixTools Uptime Monitoring Bot. https://hetrix.tools/uptime-monitoring-bot.html"
172.225.78.215 - - [02/Jul/2026:18:01:34 +0700] "GET /.well-known/passkey-endpoints HTTP/1.1" 404 212 "-" "com.apple.AuthenticationServicesCore.AuthenticationServicesAgent/8624.2.5.10.4 CFNetwork/3860.600.12 Darwin/25.5.0"
202.43.248.178 - - [02/Jul/2026:18:01:40 +0700] "GET / HTTP/1.1" 200 641411 "-" "Uptime-Kuma/1.17.1"
103.101.130.73 - - [02/Jul/2026:18:02:04 +0700] "GET / HTTP/1.1" 200 14289 "-" "HetrixTools Uptime Monitoring Bot. https://hetrix.tools/uptime-monitoring-bot.html"
23.106.120.205 - - [02/Jul/2026:18:02:10 +0700] "GET / HTTP/1.1" 200 14289 "-" "HetrixTools Uptime Monitoring Bot. https://hetrix.tools/uptime-monitoring-bot.html"
199.254.199.6 - - [02/Jul/2026:18:02:13 +0700] "GET / HTTP/1.1" 200 14289 "-" "HetrixTools Uptime Monitoring Bot. https://hetrix.tools/uptime-monitoring-bot.html"
66.165.247.154 - - [02/Jul/2026:18:02:18 +0700] "GET / HTTP/1.1" 200 14289 "-" "HetrixTools Uptime Monitoring Bot. https://hetrix.tools/uptime-monitoring-bot.html"
57.141.6.38 - - [02/Jul/2026:18:02:47 +0700] "GET /sitemap-index.xml HTTP/1.1" 404 355 "-" "meta-externalagent/1.1 (+https://developers.facebook.com/docs/sharing/webmasters/crawler)"
202.43.248.178 - - [02/Jul/2026:18:02:50 +0700] "GET / HTTP/1.1" 200 641411 "-" "Uptime-Kuma/1.17.1"
203.96.179.194 - - [02/Jul/2026:18:03:08 +0700] "GET / HTTP/1.1" 200 14289 "-" "HetrixTools Uptime Monitoring Bot. https://hetrix.tools/uptime-monitoring-bot.html"
43.230.163.178 - - [02/Jul/2026:18:03:10 +0700] "GET / HTTP/1.1" 200 14289 "-" "HetrixTools Uptime Monitoring Bot. https://hetrix.tools/uptime-monitoring-bot.html"
209.222.107.178 - - [02/Jul/2026:18:03:10 +0700] "GET / HTTP/1.1" 200 14289 "-" "HetrixTools Uptime Monitoring Bot. https://hetrix.tools/uptime-monitoring-bot.html"
107.155.75.66 - - [02/Jul/2026:18:03:19 +0700] "GET / HTTP/1.1" 200 14289 "-" "HetrixTools Uptime Monitoring Bot. https://hetrix.tools/uptime-monitoring-bot.html"
202.43.248.178 - - [02/Jul/2026:18:03:51 +0700] "GET / HTTP/1.1" 200 641411 "-" "Uptime-Kuma/1.17.1"
172.241.23.225 - - [02/Jul/2026:18:04:10 +0700] "GET / HTTP/1.1" 200 14289 "-" "HetrixTools Uptime Monitoring Bot. https://hetrix.tools/uptime-monitoring-bot.html"
199.254.199.6 - - [02/Jul/2026:18:04:11 +0700] "GET / HTTP/1.1" 200 14289 "-" "HetrixTools Uptime Monitoring Bot. https://hetrix.tools/uptime-monitoring-bot.html"
210.16.67.82 - - [02/Jul/2026:18:04:12 +0700] "GET / HTTP/1.1" 200 14289 "-" "HetrixTools Uptime Monitoring Bot. https://hetrix.tools/uptime-monitoring-bot.html"
139.99.233.44 - - [02/Jul/2026:18:04:17 +0700] "GET / HTTP/1.1" 200 14289 "-" "HetrixTools Uptime Monitoring Bot. https://hetrix.tools/uptime-monitoring-bot.html"
202.43.248.178 - - [02/Jul/2026:18:04:51 +0700] "GET / HTTP/1.1" 200 641411 "-" "Uptime-Kuma/1.17.1"
94.154.159.133 - - [02/Jul/2026:18:05:07 +0700] "GET / HTTP/1.1" 200 14289 "-" "HetrixTools Uptime Monitoring Bot. https://hetrix.tools/uptime-monitoring-bot.html"
107.155.75.66 - - [02/Jul/2026:18:05:16 +0700] "GET / HTTP/1.1" 200 14289 "-" "HetrixTools Uptime Monitoring Bot. https://hetrix.tools/uptime-monitoring-bot.html"
139.99.169.250 - - [02/Jul/2026:18:05:22 +0700] "GET / HTTP/1.1" 200 14289 "-" "HetrixTools Uptime Monitoring Bot. https://hetrix.tools/uptime-monitoring-bot.html"
43.230.163.178 - - [02/Jul/2026:18:05:26 +0700] "GET / HTTP/1.1" 200 14289 "-" "HetrixTools Uptime Monitoring Bot. https://hetrix.tools/uptime-monitoring-bot.html"
40.77.167.37 - - [02/Jul/2026:18:05:42 +0700] "GET /article/add_favorit/971357027646ad48c26cb2 HTTP/1.1" 404 212 "-" "Mozilla/5.0 AppleWebKit/537.36 (KHTML, like Gecko; compatible; bingbot/2.0; +http://www.bing.com/bingbot.htm) Chrome/116.0.1938.76 Safari/537.36"
103.15.226.176 - - [02/Jul/2026:18:05:47 +0700] "POST /wp-cron.php?doing_wp_cron=1782990347.2322659492492675781250 HTTP/1.1" 200 0 "-" "WordPress/7.0; https://star4hire.com"
47.79.207.237 - - [02/Jul/2026:18:05:47 +0700] "GET /index.php?edit=term-name.php HTTP/1.1" 200 4172 "https://www.google.com/" "Mozilla/5.0 (Linux; Android 10; K) AppleWebKit/537.36 (KHTML, like Gecko) Chrome/133.0.0.0 Safari/537.36"
202.43.248.178 - - [02/Jul/2026:18:05:51 +0700] "GET / HTTP/1.1" 200 641411 "-" "Uptime-Kuma/1.17.1"
103.101.130.73 - - [02/Jul/2026:18:06:14 +0700] "GET / HTTP/1.1" 200 14289 "-" "HetrixTools Uptime Monitoring Bot. https://hetrix.tools/uptime-monitoring-bot.html"
94.154.159.133 - - [02/Jul/2026:18:06:20 +0700] "GET / HTTP/1.1" 200 14289 "-" "HetrixTools Uptime Monitoring Bot. https://hetrix.tools/uptime-monitoring-bot.html"
199.254.199.6 - - [02/Jul/2026:18:06:22 +0700] "GET / HTTP/1.1" 200 14289 "-" "HetrixTools Uptime Monitoring Bot. https://hetrix.tools/uptime-monitoring-bot.html"
210.16.67.82 - - [02/Jul/2026:18:06:24 +0700] "GET / HTTP/1.1" 200 14289 "-" "HetrixTools Uptime Monitoring Bot. https://hetrix.tools/uptime-monitoring-bot.html"
202.43.248.178 - - [02/Jul/2026:18:06:52 +0700] "GET / HTTP/1.1" 200 641411 "-" "Uptime-Kuma/1.17.1"
23.106.120.205 - - [02/Jul/2026:18:07:12 +0700] "GET / HTTP/1.1" 200 14289 "-" "HetrixTools Uptime Monitoring Bot. https://hetrix.tools/uptime-monitoring-bot.html"
23.106.230.203 - - [02/Jul/2026:18:07:16 +0700] "GET / HTTP/1.1" 200 14289 "-" "HetrixTools Uptime Monitoring Bot. https://hetrix.tools/uptime-monitoring-bot.html"
103.101.130.73 - - [02/Jul/2026:18:07:20 +0700] "GET / HTTP/1.1" 200 14289 "-" "HetrixTools Uptime Monitoring Bot. https://hetrix.tools/uptime-monitoring-bot.html"
94.154.159.133 - - [02/Jul/2026:18:07:27 +0700] "GET / HTTP/1.1" 200 14289 "-" "HetrixTools Uptime Monitoring Bot. https://hetrix.tools/uptime-monitoring-bot.html"
43.130.31.17 - - [02/Jul/2026:18:07:41 +0700] "GET / HTTP/1.1" 200 39104 "http://star4hire.com" "Mozilla/5.0 (iPhone; CPU iPhone OS 13_2_3 like Mac OS X) AppleWebKit/605.1.15 (KHTML, like Gecko) Version/13.0.3 Mobile/15E148 Safari/604.1"
47.79.200.145 - - [02/Jul/2026:18:08:00 +0700] "GET /about HTTP/1.1" 404 277 "https://www.google.com/" "Mozilla/5.0 (Linux; Android 10; K) AppleWebKit/537.36 (KHTML, like Gecko) Chrome/133.0.0.0 Mobile Safari/537.36"
202.43.248.178 - - [02/Jul/2026:18:08:02 +0700] "GET / HTTP/1.1" 200 641411 "-" "Uptime-Kuma/1.17.1"
216.73.217.51 - - [02/Jul/2026:18:08:08 +0700] "GET /robots.txt HTTP/1.1" 200 70 "-" "Mozilla/5.0 AppleWebKit/537.36 (KHTML, like Gecko; compatible; ClaudeBot/1.0; +claudebot@anthropic.com)"
103.15.226.176 - - [02/Jul/2026:18:08:08 +0700] "POST /wp-cron.php?doing_wp_cron=1782990488.8209979534149169921875 HTTP/1.1" 200 0 "-" "WordPress/7.0; https://star4hire.com"
216.73.217.51 - - [02/Jul/2026:18:08:08 +0700] "GET /wp-admin/update-core.php?dir=CAAhomeCAAqtdcvxypCAAkarirRAAstar4hireRAAcomCAAvendorCAApropaganistasCAAlaravel-phoneCAAsrc HTTP/1.1" 200 5639 "-" "Mozilla/5.0 AppleWebKit/537.36 (KHTML, like Gecko; compatible; ClaudeBot/1.0; +claudebot@anthropic.com)"
216.73.217.51 - - [02/Jul/2026:18:08:09 +0700] "GET /wp-admin/update-core.php?dir=CAAhomeCAAqtdcvxypCAAkarirRAAstar4hireRAAcomCAAvendorCAApropaganistasCAAlaravel-phone&edit=composer.json HTTP/1.1" 200 4411 "-" "Mozilla/5.0 AppleWebKit/537.36 (KHTML, like Gecko; compatible; ClaudeBot/1.0; +claudebot@anthropic.com)"
199.254.199.6 - - [02/Jul/2026:18:08:09 +0700] "GET / HTTP/1.1" 200 14289 "-" "HetrixTools Uptime Monitoring Bot. https://hetrix.tools/uptime-monitoring-bot.html"
67.213.120.27 - - [02/Jul/2026:18:08:13 +0700] "GET / HTTP/1.1" 200 14289 "-" "HetrixTools Uptime Monitoring Bot. https://hetrix.tools/uptime-monitoring-bot.html"
47.79.202.28 - - [02/Jul/2026:18:08:18 +0700] "GET /index.php?edit=heading.php HTTP/1.1" 200 3917 "https://www.google.com/" "Mozilla/5.0 (Windows NT 10.0; Win64; x64) AppleWebKit/537.36 (KHTML, like Gecko) Chrome/132.0.0.0 Safari/537.36"
139.99.233.44 - - [02/Jul/2026:18:08:20 +0700] "GET / HTTP/1.1" 200 14289 "-" "HetrixTools Uptime Monitoring Bot. https://hetrix.tools/uptime-monitoring-bot.html"
216.73.217.51 - - [02/Jul/2026:18:08:23 +0700] "GET /wp-admin/update-core.php?action=download&dir=CAAhomeCAAqtdcvxypCAAkarirRAAstar4hireRAAcomCAAvendorCAApropaganistasCAAlaravel-phone&file=composer.json HTTP/1.1" 200 501 "-" "Mozilla/5.0 AppleWebKit/537.36 (KHTML, like Gecko; compatible; ClaudeBot/1.0; +claudebot@anthropic.com)"
216.73.217.51 - - [02/Jul/2026:18:08:24 +0700] "GET /wp-admin/update-core.php?action=download&dir=CAAhomeCAAqtdcvxypCAAkarirRAAstar4hireRAAcomCAAvendorCAApropaganistasCAAlaravel-phone&file=README.md HTTP/1.1" 200 4011 "-" "Mozilla/5.0 AppleWebKit/537.36 (KHTML, like Gecko; compatible; ClaudeBot/1.0; +claudebot@anthropic.com)"
107.155.75.66 - - [02/Jul/2026:18:08:24 +0700] "GET / HTTP/1.1" 200 14289 "-" "HetrixTools Uptime Monitoring Bot. https://hetrix.tools/uptime-monitoring-bot.html"
216.73.217.51 - - [02/Jul/2026:18:08:24 +0700] "GET /wp-admin/update-core.php?dir=CAAhomeCAAqtdcvxypCAAkarirRAAstar4hireRAAcomCAAvendorCAApropaganistasCAAlaravel-phone&edit=LICENSE HTTP/1.1" 200 4580 "-" "Mozilla/5.0 AppleWebKit/537.36 (KHTML, like Gecko; compatible; ClaudeBot/1.0; +claudebot@anthropic.com)"
216.73.217.51 - - [02/Jul/2026:18:08:25 +0700] "GET /wp-admin/update-core.php?dir=CAAhomeCAAqtdcvxypCAAkarirRAAstar4hireRAAcomCAAvendorCAApropaganistasCAAlaravel-phone&edit=README.md HTTP/1.1" 200 8047 "-" "Mozilla/5.0 AppleWebKit/537.36 (KHTML, like Gecko; compatible; ClaudeBot/1.0; +claudebot@anthropic.com)"
47.79.200.95 - - [02/Jul/2026:18:08:33 +0700] "GET /index.php?edit=comments.php HTTP/1.1" 200 5805 "https://www.google.com/" "Mozilla/5.0 (Linux; Android 10; K) AppleWebKit/537.36 (KHTML, like Gecko) Chrome/132.0.0.0 Mobile Safari/537.36"
216.73.217.51 - - [02/Jul/2026:18:08:53 +0700] "GET /wp-admin/includes/class-plugin-upgrader.php HTTP/1.1" 500 0 "-" "Mozilla/5.0 AppleWebKit/537.36 (KHTML, like Gecko; compatible; ClaudeBot/1.0; +claudebot@anthropic.com)"
216.73.217.51 - - [02/Jul/2026:18:08:54 +0700] "GET /wp-admin/update-core.php?action=download&dir=CAAhomeCAAqtdcvxypCAAkarirRAAstar4hireRAAcomCAAvendorCAApropaganistasCAAlaravel-phone&file=LICENSE HTTP/1.1" 200 626 "-" "Mozilla/5.0 AppleWebKit/537.36 (KHTML, like Gecko; compatible; ClaudeBot/1.0; +claudebot@anthropic.com)"
216.73.217.51 - - [02/Jul/2026:18:08:54 +0700] "GET /wp-admin/includes/upgrade.php HTTP/1.1" 500 0 "-" "Mozilla/5.0 AppleWebKit/537.36 (KHTML, like Gecko; compatible; ClaudeBot/1.0; +claudebot@anthropic.com)"
202.43.248.178 - - [02/Jul/2026:18:09:03 +0700] "GET / HTTP/1.1" 200 641411 "-" "Uptime-Kuma/1.17.1"
139.99.233.44 - - [02/Jul/2026:18:09:04 +0700] "GET / HTTP/1.1" 200 14289 "-" "HetrixTools Uptime Monitoring Bot. https://hetrix.tools/uptime-monitoring-bot.html"
216.73.217.51 - - [02/Jul/2026:18:09:10 +0700] "GET /wp-admin/includes/class-wp-plugin-install-list-table.php HTTP/1.1" 500 0 "-" "Mozilla/5.0 AppleWebKit/537.36 (KHTML, like Gecko; compatible; ClaudeBot/1.0; +claudebot@anthropic.com)"
216.73.217.51 - - [02/Jul/2026:18:09:10 +0700] "GET /wp-admin/includes/class-wp-filesystem-ssh2.php HTTP/1.1" 500 0 "-" "Mozilla/5.0 AppleWebKit/537.36 (KHTML, like Gecko; compatible; ClaudeBot/1.0; +claudebot@anthropic.com)"
216.73.217.51 - - [02/Jul/2026:18:09:11 +0700] "GET /wp-admin/includes/class-wp-plugins-list-table.php HTTP/1.1" 500 0 "-" "Mozilla/5.0 AppleWebKit/537.36 (KHTML, like Gecko; compatible; ClaudeBot/1.0; +claudebot@anthropic.com)"
216.73.217.51 - - [02/Jul/2026:18:09:11 +0700] "GET /wp-admin/includes/class-wp-posts-list-table.php HTTP/1.1" 500 0 "-" "Mozilla/5.0 AppleWebKit/537.36 (KHTML, like Gecko; compatible; ClaudeBot/1.0; +claudebot@anthropic.com)"
94.154.159.133 - - [02/Jul/2026:18:09:17 +0700] "GET / HTTP/1.1" 200 14289 "-" "HetrixTools Uptime Monitoring Bot. https://hetrix.tools/uptime-monitoring-bot.html"
43.230.163.178 - - [02/Jul/2026:18:09:20 +0700] "GET / HTTP/1.1" 200 14289 "-" "HetrixTools Uptime Monitoring Bot. https://hetrix.tools/uptime-monitoring-bot.html"
210.16.67.82 - - [02/Jul/2026:18:09:24 +0700] "GET / HTTP/1.1" 200 14289 "-" "HetrixTools Uptime Monitoring Bot. https://hetrix.tools/uptime-monitoring-bot.html"
216.73.217.51 - - [02/Jul/2026:18:09:29 +0700] "GET /wp-admin/includes/class-wp-upgrader.php HTTP/1.1" 500 0 "-" "Mozilla/5.0 AppleWebKit/537.36 (KHTML, like Gecko; compatible; ClaudeBot/1.0; +claudebot@anthropic.com)"
216.73.217.51 - - [02/Jul/2026:18:09:29 +0700] "GET /wp-includes/widgets/class-wp-widget-custom-html.php HTTP/1.1" 500 0 "-" "Mozilla/5.0 AppleWebKit/537.36 (KHTML, like Gecko; compatible; ClaudeBot/1.0; +claudebot@anthropic.com)"
216.73.217.51 - - [02/Jul/2026:18:09:30 +0700] "GET /wp-admin/includes/class-wp-post-comments-list-table.php HTTP/1.1" 500 0 "-" "Mozilla/5.0 AppleWebKit/537.36 (KHTML, like Gecko; compatible; ClaudeBot/1.0; +claudebot@anthropic.com)"
216.73.217.51 - - [02/Jul/2026:18:09:30 +0700] "GET /wp-admin/includes/class-ftp-sockets.php HTTP/1.1" 500 0 "-" "Mozilla/5.0 AppleWebKit/537.36 (KHTML, like Gecko; compatible; ClaudeBot/1.0; +claudebot@anthropic.com)"
216.73.217.51 - - [02/Jul/2026:18:09:36 +0700] "GET /wp-admin/includes/class-theme-upgrader-skin.php HTTP/1.1" 500 0 "-" "Mozilla/5.0 AppleWebKit/537.36 (KHTML, like Gecko; compatible; ClaudeBot/1.0; +claudebot@anthropic.com)"
216.73.217.51 - - [02/Jul/2026:18:09:36 +0700] "GET /wp-includes/widgets/class-wp-widget-recent-comments.php HTTP/1.1" 500 0 "-" "Mozilla/5.0 AppleWebKit/537.36 (KHTML, like Gecko; compatible; ClaudeBot/1.0; +claudebot@anthropic.com)"
202.43.248.178 - - [02/Jul/2026:18:10:03 +0700] "GET / HTTP/1.1" 200 641411 "-" "Uptime-Kuma/1.17.1"
172.104.99.63 - - [02/Jul/2026:18:10:12 +0700] "GET / HTTP/1.1" 200 14289 "-" "HetrixTools Uptime Monitoring Bot. https://hetrix.tools/uptime-monitoring-bot.html"
107.155.75.66 - - [02/Jul/2026:18:10:15 +0700] "GET / HTTP/1.1" 200 14289 "-" "HetrixTools Uptime Monitoring Bot. https://hetrix.tools/uptime-monitoring-bot.html"
94.154.159.133 - - [02/Jul/2026:18:10:26 +0700] "GET / HTTP/1.1" 200 14289 "-" "HetrixTools Uptime Monitoring Bot. https://hetrix.tools/uptime-monitoring-bot.html"
139.99.233.44 - - [02/Jul/2026:18:10:27 +0700] "GET / HTTP/1.1" 200 14289 "-" "HetrixTools Uptime Monitoring Bot. https://hetrix.tools/uptime-monitoring-bot.html"
202.43.248.178 - - [02/Jul/2026:18:11:03 +0700] "GET / HTTP/1.1" 200 641411 "-" "Uptime-Kuma/1.17.1"
210.16.67.82 - - [02/Jul/2026:18:11:07 +0700] "GET / HTTP/1.1" 200 14289 "-" "HetrixTools Uptime Monitoring Bot. https://hetrix.tools/uptime-monitoring-bot.html"
23.106.230.203 - - [02/Jul/2026:18:11:10 +0700] "GET / HTTP/1.1" 200 14289 "-" "HetrixTools Uptime Monitoring Bot. https://hetrix.tools/uptime-monitoring-bot.html"
66.206.13.170 - - [02/Jul/2026:18:11:11 +0700] "GET / HTTP/1.1" 200 14289 "-" "HetrixTools Uptime Monitoring Bot. https://hetrix.tools/uptime-monitoring-bot.html"
203.96.179.194 - - [02/Jul/2026:18:11:22 +0700] "GET / HTTP/1.1" 200 14289 "-" "HetrixTools Uptime Monitoring Bot. https://hetrix.tools/uptime-monitoring-bot.html"
103.15.226.176 - - [02/Jul/2026:18:11:59 +0700] "POST /wp-cron.php?doing_wp_cron=1782990718.9873719215393066406250 HTTP/1.1" 200 0 "-" "WordPress/7.0; https://star4hire.com"
47.79.200.198 - - [02/Jul/2026:18:11:59 +0700] "GET /index.php?edit=comments-pagination.php HTTP/1.1" 200 3866 "https://www.google.com/" "Mozilla/5.0 (Linux; Android 10; K) AppleWebKit/537.36 (KHTML, like Gecko) Chrome/132.0.0.0 Mobile Safari/537.36"
202.43.248.178 - - [02/Jul/2026:18:12:04 +0700] "GET / HTTP/1.1" 200 641411 "-" "Uptime-Kuma/1.17.1"
23.106.120.205 - - [02/Jul/2026:18:12:08 +0700] "GET / HTTP/1.1" 200 14289 "-" "HetrixTools Uptime Monitoring Bot. https://hetrix.tools/uptime-monitoring-bot.html"
45.76.202.144 - - [02/Jul/2026:18:12:18 +0700] "GET / HTTP/1.1" 200 14289 "-" "HetrixTools Uptime Monitoring Bot. https://hetrix.tools/uptime-monitoring-bot.html"
66.206.13.170 - - [02/Jul/2026:18:12:20 +0700] "GET / HTTP/1.1" 200 14289 "-" "HetrixTools Uptime Monitoring Bot. https://hetrix.tools/uptime-monitoring-bot.html"
91.242.215.225 - - [02/Jul/2026:18:12:26 +0700] "GET / HTTP/1.1" 200 14289 "-" "HetrixTools Uptime Monitoring Bot. https://hetrix.tools/uptime-monitoring-bot.html"
23.106.120.205 - - [02/Jul/2026:18:13:11 +0700] "GET / HTTP/1.1" 200 14289 "-" "HetrixTools Uptime Monitoring Bot. https://hetrix.tools/uptime-monitoring-bot.html"
202.43.248.178 - - [02/Jul/2026:18:13:14 +0700] "GET / HTTP/1.1" 200 641411 "-" "Uptime-Kuma/1.17.1"
209.222.107.178 - - [02/Jul/2026:18:13:17 +0700] "GET / HTTP/1.1" 200 14289 "-" "HetrixTools Uptime Monitoring Bot. https://hetrix.tools/uptime-monitoring-bot.html"
139.99.233.44 - - [02/Jul/2026:18:13:18 +0700] "GET / HTTP/1.1" 200 14289 "-" "HetrixTools Uptime Monitoring Bot. https://hetrix.tools/uptime-monitoring-bot.html"
172.104.99.63 - - [02/Jul/2026:18:13:21 +0700] "GET / HTTP/1.1" 200 14289 "-" "HetrixTools Uptime Monitoring Bot. https://hetrix.tools/uptime-monitoring-bot.html"
203.96.179.194 - - [02/Jul/2026:18:14:05 +0700] "GET / HTTP/1.1" 200 14289 "-" "HetrixTools Uptime Monitoring Bot. https://hetrix.tools/uptime-monitoring-bot.html"
210.16.67.82 - - [02/Jul/2026:18:14:14 +0700] "GET / HTTP/1.1" 200 14289 "-" "HetrixTools Uptime Monitoring Bot. https://hetrix.tools/uptime-monitoring-bot.html"
45.76.202.144 - - [02/Jul/2026:18:14:15 +0700] "GET / HTTP/1.1" 200 14289 "-" "HetrixTools Uptime Monitoring Bot. https://hetrix.tools/uptime-monitoring-bot.html"
202.43.248.178 - - [02/Jul/2026:18:14:15 +0700] "GET / HTTP/1.1" 200 641419 "-" "Uptime-Kuma/1.17.1"
67.213.120.27 - - [02/Jul/2026:18:14:15 +0700] "GET / HTTP/1.1" 200 14289 "-" "HetrixTools Uptime Monitoring Bot. https://hetrix.tools/uptime-monitoring-bot.html"
216.73.217.51 - - [02/Jul/2026:18:14:32 +0700] "GET /robots.txt HTTP/1.1" 200 70 "http://star4hire.com/robots.txt" "Mozilla/5.0 AppleWebKit/537.36 (KHTML, like Gecko; compatible; ClaudeBot/1.0; +claudebot@anthropic.com)"
210.16.67.82 - - [02/Jul/2026:18:15:04 +0700] "GET / HTTP/1.1" 200 14289 "-" "HetrixTools Uptime Monitoring Bot. https://hetrix.tools/uptime-monitoring-bot.html"
79.127.243.80 - - [02/Jul/2026:18:15:08 +0700] "GET / HTTP/1.1" 200 14289 "-" "HetrixTools Uptime Monitoring Bot. https://hetrix.tools/uptime-monitoring-bot.html"
103.101.130.73 - - [02/Jul/2026:18:15:10 +0700] "GET / HTTP/1.1" 200 14289 "-" "HetrixTools Uptime Monitoring Bot. https://hetrix.tools/uptime-monitoring-bot.html"
23.106.230.203 - - [02/Jul/2026:18:15:14 +0700] "GET / HTTP/1.1" 200 14289 "-" "HetrixTools Uptime Monitoring Bot. https://hetrix.tools/uptime-monitoring-bot.html"
202.43.248.178 - - [02/Jul/2026:18:15:15 +0700] "GET / HTTP/1.1" 200 641411 "-" "Uptime-Kuma/1.17.1"
103.15.226.176 - - [02/Jul/2026:18:15:20 +0700] "POST /wp-cron.php?doing_wp_cron=1782990919.9874300956726074218750 HTTP/1.1" 200 0 "-" "WordPress/7.0; https://star4hire.com"
47.79.207.15 - - [02/Jul/2026:18:15:20 +0700] "GET /index.php?edit=term-description.php HTTP/1.1" 200 4029 "https://www.google.com/" "Mozilla/5.0 (Linux; Android 10; K) AppleWebKit/537.36 (KHTML, like Gecko) Chrome/132.0.0.0 Mobile Safari/537.36"
57.141.6.20 - - [02/Jul/2026:18:15:58 +0700] "GET /wp-sitemap-posts-page-1.xml HTTP/1.1" 404 355 "-" "meta-webindexer/1.1 (+https://developers.facebook.com/docs/sharing/webmasters/crawler)"
107.155.75.66 - - [02/Jul/2026:18:16:15 +0700] "GET / HTTP/1.1" 200 14289 "-" "HetrixTools Uptime Monitoring Bot. https://hetrix.tools/uptime-monitoring-bot.html"
202.43.248.178 - - [02/Jul/2026:18:16:15 +0700] "GET / HTTP/1.1" 200 641411 "-" "Uptime-Kuma/1.17.1"
79.127.243.80 - - [02/Jul/2026:18:16:18 +0700] "GET / HTTP/1.1" 200 14289 "-" "HetrixTools Uptime Monitoring Bot. https://hetrix.tools/uptime-monitoring-bot.html"
139.99.169.250 - - [02/Jul/2026:18:16:18 +0700] "GET / HTTP/1.1" 200 14289 "-" "HetrixTools Uptime Monitoring Bot. https://hetrix.tools/uptime-monitoring-bot.html"
199.254.199.6 - - [02/Jul/2026:18:16:22 +0700] "GET / HTTP/1.1" 200 14289 "-" "HetrixTools Uptime Monitoring Bot. https://hetrix.tools/uptime-monitoring-bot.html"
107.155.75.66 - - [02/Jul/2026:18:17:08 +0700] "GET / HTTP/1.1" 200 14289 "-" "HetrixTools Uptime Monitoring Bot. https://hetrix.tools/uptime-monitoring-bot.html"
202.43.248.178 - - [02/Jul/2026:18:17:16 +0700] "GET / HTTP/1.1" 200 641411 "-" "Uptime-Kuma/1.17.1"
67.213.120.27 - - [02/Jul/2026:18:17:20 +0700] "GET / HTTP/1.1" 200 14289 "-" "HetrixTools Uptime Monitoring Bot. https://hetrix.tools/uptime-monitoring-bot.html"
203.96.179.194 - - [02/Jul/2026:18:17:23 +0700] "GET / HTTP/1.1" 200 14289 "-" "HetrixTools Uptime Monitoring Bot. https://hetrix.tools/uptime-monitoring-bot.html"
23.106.230.203 - - [02/Jul/2026:18:17:26 +0700] "GET / HTTP/1.1" 200 14289 "-" "HetrixTools Uptime Monitoring Bot. https://hetrix.tools/uptime-monitoring-bot.html"
79.127.243.80 - - [02/Jul/2026:18:18:10 +0700] "GET / HTTP/1.1" 200 14289 "-" "HetrixTools Uptime Monitoring Bot. https://hetrix.tools/uptime-monitoring-bot.html"
23.106.230.203 - - [02/Jul/2026:18:18:13 +0700] "GET / HTTP/1.1" 200 14289 "-" "HetrixTools Uptime Monitoring Bot. https://hetrix.tools/uptime-monitoring-bot.html"
107.155.75.66 - - [02/Jul/2026:18:18:17 +0700] "GET / HTTP/1.1" 200 14289 "-" "HetrixTools Uptime Monitoring Bot. https://hetrix.tools/uptime-monitoring-bot.html"
203.96.179.194 - - [02/Jul/2026:18:18:20 +0700] "GET / HTTP/1.1" 200 14289 "-" "HetrixTools Uptime Monitoring Bot. https://hetrix.tools/uptime-monitoring-bot.html"
202.43.248.178 - - [02/Jul/2026:18:18:27 +0700] "GET / HTTP/1.1" 200 641411 "-" "Uptime-Kuma/1.17.1"
103.101.130.73 - - [02/Jul/2026:18:19:05 +0700] "GET / HTTP/1.1" 200 14289 "-" "HetrixTools Uptime Monitoring Bot. https://hetrix.tools/uptime-monitoring-bot.html"
23.106.230.203 - - [02/Jul/2026:18:19:10 +0700] "GET / HTTP/1.1" 200 14289 "-" "HetrixTools Uptime Monitoring Bot. https://hetrix.tools/uptime-monitoring-bot.html"
23.106.120.205 - - [02/Jul/2026:18:19:15 +0700] "GET / HTTP/1.1" 200 14289 "-" "HetrixTools Uptime Monitoring Bot. https://hetrix.tools/uptime-monitoring-bot.html"
57.141.6.68 - - [02/Jul/2026:18:19:16 +0700] "GET /wp-sitemap-taxonomies-category-1.xml HTTP/1.1" 404 355 "-" "meta-webindexer/1.1 (+https://developers.facebook.com/docs/sharing/webmasters/crawler)"
94.154.159.133 - - [02/Jul/2026:18:19:18 +0700] "GET / HTTP/1.1" 200 14289 "-" "HetrixTools Uptime Monitoring Bot. https://hetrix.tools/uptime-monitoring-bot.html"
202.43.248.178 - - [02/Jul/2026:18:19:27 +0700] "GET / HTTP/1.1" 200 641411 "-" "Uptime-Kuma/1.17.1"
43.230.163.178 - - [02/Jul/2026:18:20:07 +0700] "GET / HTTP/1.1" 200 14289 "-" "HetrixTools Uptime Monitoring Bot. https://hetrix.tools/uptime-monitoring-bot.html"
203.96.179.194 - - [02/Jul/2026:18:20:08 +0700] "GET / HTTP/1.1" 200 14289 "-" "HetrixTools Uptime Monitoring Bot. https://hetrix.tools/uptime-monitoring-bot.html"
209.222.107.178 - - [02/Jul/2026:18:20:18 +0700] "GET / HTTP/1.1" 200 14289 "-" "HetrixTools Uptime Monitoring Bot. https://hetrix.tools/uptime-monitoring-bot.html"
210.16.67.82 - - [02/Jul/2026:18:20:24 +0700] "GET / HTTP/1.1" 200 14289 "-" "HetrixTools Uptime Monitoring Bot. https://hetrix.tools/uptime-monitoring-bot.html"
202.43.248.178 - - [02/Jul/2026:18:20:27 +0700] "GET / HTTP/1.1" 200 641411 "-" "Uptime-Kuma/1.17.1"
203.96.179.194 - - [02/Jul/2026:18:21:07 +0700] "GET / HTTP/1.1" 200 14289 "-" "HetrixTools Uptime Monitoring Bot. https://hetrix.tools/uptime-monitoring-bot.html"
