216.73.217.51 - - [02/Jul/2026:22:26:04 +0700] "GET /wp-admin/css/install.css HTTP/1.1" 403 218 "-" "Mozilla/5.0 AppleWebKit/537.36 (KHTML, like Gecko; compatible; ClaudeBot/1.0; +claudebot@anthropic.com)"
216.73.217.51 - - [02/Jul/2026:22:26:04 +0700] "GET /wp-admin/import.php HTTP/1.1" 403 218 "-" "Mozilla/5.0 AppleWebKit/537.36 (KHTML, like Gecko; compatible; ClaudeBot/1.0; +claudebot@anthropic.com)"
216.73.217.51 - - [02/Jul/2026:22:26:04 +0700] "GET /3D%22https:/ngwuk.r.= HTTP/1.1" 403 218 "-" "Mozilla/5.0 AppleWebKit/537.36 (KHTML, like Gecko; compatible; ClaudeBot/1.0; +claudebot@anthropic.com)"
216.73.217.51 - - [02/Jul/2026:22:26:04 +0700] "GET /wp-admin/install.php HTTP/1.1" 403 218 "-" "Mozilla/5.0 AppleWebKit/537.36 (KHTML, like Gecko; compatible; ClaudeBot/1.0; +claudebot@anthropic.com)"
216.73.217.51 - - [02/Jul/2026:22:26:04 +0700] "GET /3D%22https:/wpdeveloper.us10.list-mana= HTTP/1.1" 403 218 "-" "Mozilla/5.0 AppleWebKit/537.36 (KHTML, like Gecko; compatible; ClaudeBot/1.0; +claudebot@anthropic.com)"
216.73.217.51 - - [02/Jul/2026:22:26:04 +0700] "GET /3D%22https:/betterdocs.us10.list-= HTTP/1.1" 403 218 "-" "Mozilla/5.0 AppleWebKit/537.36 (KHTML, like Gecko; compatible; ClaudeBot/1.0; +claudebot@anthropic.com)"
216.73.217.51 - - [02/Jul/2026:22:26:05 +0700] "GET /3D%22https:/trk.woo.com/ls/click HTTP/1.1" 403 218 "-" "Mozilla/5.0 AppleWebKit/537.36 (KHTML, like Gecko; compatible; ClaudeBot/1.0; +claudebot@anthropic.com)"
216.73.217.51 - - [02/Jul/2026:22:26:05 +0700] "GET /3D%22https:/trk.woo= HTTP/1.1" 403 218 "-" "Mozilla/5.0 AppleWebKit/537.36 (KHTML, like Gecko; compatible; ClaudeBot/1.0; +claudebot@anthropic.com)"
216.73.217.51 - - [02/Jul/2026:22:26:05 +0700] "GET /3D%22https:/trk.woo.com= HTTP/1.1" 403 218 "-" "Mozilla/5.0 AppleWebKit/537.36 (KHTML, like Gecko; compatible; ClaudeBot/1.0; +claudebot@anthropic.com)"
216.73.217.51 - - [02/Jul/2026:22:26:05 +0700] "GET /3D%22https:/careerusa.= HTTP/1.1" 403 218 "-" "Mozilla/5.0 AppleWebKit/537.36 (KHTML, like Gecko; compatible; ClaudeBot/1.0; +claudebot@anthropic.com)"
216.73.217.51 - - [02/Jul/2026:22:26:05 +0700] "GET /$href HTTP/1.1" 403 218 "-" "Mozilla/5.0 AppleWebKit/537.36 (KHTML, like Gecko; compatible; ClaudeBot/1.0; +claudebot@anthropic.com)"
216.73.217.51 - - [02/Jul/2026:22:26:05 +0700] "GET /3D%22https:/wpdeveloper.us10.list-m= HTTP/1.1" 403 218 "-" "Mozilla/5.0 AppleWebKit/537.36 (KHTML, like Gecko; compatible; ClaudeBot/1.0; +claudebot@anthropic.com)"
216.73.217.51 - - [02/Jul/2026:22:26:05 +0700] "GET /3D%22https:/betterdocs.us10.lis= HTTP/1.1" 403 218 "-" "Mozilla/5.0 AppleWebKit/537.36 (KHTML, like Gecko; compatible; ClaudeBot/1.0; +claudebot@anthropic.com)"
216.73.217.51 - - [02/Jul/2026:22:26:05 +0700] "GET /3D%22https:/WPDeveloper.us10.li= HTTP/1.1" 403 218 "-" "Mozilla/5.0 AppleWebKit/537.36 (KHTML, like Gecko; compatible; ClaudeBot/1.0; +claudebot@anthropic.com)"
216.73.217.51 - - [02/Jul/2026:22:26:05 +0700] "GET /3D%22https:/wpdeveloper.us10.li= HTTP/1.1" 403 218 "-" "Mozilla/5.0 AppleWebKit/537.36 (KHTML, like Gecko; compatible; ClaudeBot/1.0; +claudebot@anthropic.com)"
216.73.217.51 - - [02/Jul/2026:22:26:05 +0700] "GET /3D%22https:/wpdeveloper.us10.list= HTTP/1.1" 403 218 "-" "Mozilla/5.0 AppleWebKit/537.36 (KHTML, like Gecko; compatible; ClaudeBot/1.0; +claudebot@anthropic.com)"
216.73.217.51 - - [02/Jul/2026:22:26:05 +0700] "GET /3D%22https:/postviewscounte= HTTP/1.1" 403 218 "-" "Mozilla/5.0 AppleWebKit/537.36 (KHTML, like Gecko; compatible; ClaudeBot/1.0; +claudebot@anthropic.com)"
216.73.217.51 - - [02/Jul/2026:22:26:06 +0700] "GET /3D%22https:/trk.w= HTTP/1.1" 403 218 "-" "Mozilla/5.0 AppleWebKit/537.36 (KHTML, like Gecko; compatible; ClaudeBot/1.0; +claudebot@anthropic.com)"
216.73.217.51 - - [02/Jul/2026:22:26:06 +0700] "GET /3D%22https:/WPDeveloper.us10.list= HTTP/1.1" 403 218 "-" "Mozilla/5.0 AppleWebKit/537.36 (KHTML, like Gecko; compatible; ClaudeBot/1.0; +claudebot@anthropic.com)"
216.73.217.51 - - [02/Jul/2026:22:26:06 +0700] "GET /3D%22https:/careeru= HTTP/1.1" 403 218 "-" "Mozilla/5.0 AppleWebKit/537.36 (KHTML, like Gecko; compatible; ClaudeBot/1.0; +claudebot@anthropic.com)"
216.73.217.51 - - [02/Jul/2026:22:26:06 +0700] "GET /3D%22https:/= HTTP/1.1" 403 218 "-" "Mozilla/5.0 AppleWebKit/537.36 (KHTML, like Gecko; compatible; ClaudeBot/1.0; +claudebot@anthropic.com)"
216.73.217.51 - - [02/Jul/2026:22:26:06 +0700] "GET /3D%22https:/wpdev= HTTP/1.1" 403 218 "-" "Mozilla/5.0 AppleWebKit/537.36 (KHTML, like Gecko; compatible; ClaudeBot/1.0; +claudebot@anthropic.com)"
216.73.217.51 - - [02/Jul/2026:22:26:06 +0700] "GET /3D%22https:/ca= HTTP/1.1" 403 218 "-" "Mozilla/5.0 AppleWebKit/537.36 (KHTML, like Gecko; compatible; ClaudeBot/1.0; +claudebot@anthropic.com)"
216.73.217.51 - - [02/Jul/2026:22:26:06 +0700] "GET /3D%22https:/wpdeveloper.u= HTTP/1.1" 403 218 "-" "Mozilla/5.0 AppleWebKit/537.36 (KHTML, like Gecko; compatible; ClaudeBot/1.0; +claudebot@anthropic.com)"
216.73.217.51 - - [02/Jul/2026:22:26:06 +0700] "GET /3D%22https:/wpdeve= HTTP/1.1" 403 218 "-" "Mozilla/5.0 AppleWebKit/537.36 (KHTML, like Gecko; compatible; ClaudeBot/1.0; +claudebot@anthropic.com)"
216.73.217.51 - - [02/Jul/2026:22:26:06 +0700] "GET /3D%22https:/secure= HTTP/1.1" 403 218 "-" "Mozilla/5.0 AppleWebKit/537.36 (KHTML, like Gecko; compatible; ClaudeBot/1.0; +claudebot@anthropic.com)"
216.73.217.51 - - [02/Jul/2026:22:26:06 +0700] "GET /3D%22https:/c= HTTP/1.1" 403 218 "-" "Mozilla/5.0 AppleWebKit/537.36 (KHTML, like Gecko; compatible; ClaudeBot/1.0; +claudebot@anthropic.com)"
216.73.217.51 - - [02/Jul/2026:22:26:07 +0700] "GET /3D%22https:/sec= HTTP/1.1" 403 218 "-" "Mozilla/5.0 AppleWebKit/537.36 (KHTML, like Gecko; compatible; ClaudeBot/1.0; +claudebot@anthropic.com)"
216.73.217.51 - - [02/Jul/2026:22:26:07 +0700] "GET /3D%22https:/wpdevelop= HTTP/1.1" 403 218 "-" "Mozilla/5.0 AppleWebKit/537.36 (KHTML, like Gecko; compatible; ClaudeBot/1.0; +claudebot@anthropic.com)"
216.73.217.51 - - [02/Jul/2026:22:26:07 +0700] "GET /3D%22https:/wpdeveloper.us= HTTP/1.1" 403 218 "-" "Mozilla/5.0 AppleWebKit/537.36 (KHTML, like Gecko; compatible; ClaudeBot/1.0; +claudebot@anthropic.com)"
216.73.217.51 - - [02/Jul/2026:22:26:07 +0700] "GET /3D%22https:/wpde= HTTP/1.1" 403 218 "-" "Mozilla/5.0 AppleWebKit/537.36 (KHTML, like Gecko; compatible; ClaudeBot/1.0; +claudebot@anthropic.com)"
216.73.217.51 - - [02/Jul/2026:22:26:07 +0700] "GET /3D%22https:/wpdeveloper.= HTTP/1.1" 403 218 "-" "Mozilla/5.0 AppleWebKit/537.36 (KHTML, like Gecko; compatible; ClaudeBot/1.0; +claudebot@anthropic.com)"
216.73.217.51 - - [02/Jul/2026:22:26:07 +0700] "GET /3D%22https:/sellcodes.com%22 HTTP/1.1" 403 218 "-" "Mozilla/5.0 AppleWebKit/537.36 (KHTML, like Gecko; compatible; ClaudeBot/1.0; +claudebot@anthropic.com)"
216.73.217.51 - - [02/Jul/2026:22:26:07 +0700] "GET /3D%22https:/career= HTTP/1.1" 403 218 "-" "Mozilla/5.0 AppleWebKit/537.36 (KHTML, like Gecko; compatible; ClaudeBot/1.0; +claudebot@anthropic.com)"
216.73.217.51 - - [02/Jul/2026:22:26:07 +0700] "GET /3D%22https:/postviewscounter.com/ HTTP/1.1" 403 218 "-" "Mozilla/5.0 AppleWebKit/537.36 (KHTML, like Gecko; compatible; ClaudeBot/1.0; +claudebot@anthropic.com)"
216.73.217.51 - - [02/Jul/2026:22:26:07 +0700] "GET /3D%22https:/WPDevelop= HTTP/1.1" 403 218 "-" "Mozilla/5.0 AppleWebKit/537.36 (KHTML, like Gecko; compatible; ClaudeBot/1.0; +claudebot@anthropic.com)"
216.73.217.51 - - [02/Jul/2026:22:26:07 +0700] "GET /3D%22https:/secu= HTTP/1.1" 403 218 "-" "Mozilla/5.0 AppleWebKit/537.36 (KHTML, like Gecko; compatible; ClaudeBot/1.0; +claudebot@anthropic.com)"
216.73.217.51 - - [02/Jul/2026:22:26:07 +0700] "GET /3D%22https:/freemius.com%22 HTTP/1.1" 403 218 "-" "Mozilla/5.0 AppleWebKit/537.36 (KHTML, like Gecko; compatible; ClaudeBot/1.0; +claudebot@anthropic.com)"
216.73.217.51 - - [02/Jul/2026:22:26:08 +0700] "GET /3D%22https= HTTP/1.1" 403 218 "-" "Mozilla/5.0 AppleWebKit/537.36 (KHTML, like Gecko; compatible; ClaudeBot/1.0; +claudebot@anthropic.com)"
216.73.217.51 - - [02/Jul/2026:22:26:08 +0700] "GET /3D%22https:/wpf= HTTP/1.1" 403 218 "-" "Mozilla/5.0 AppleWebKit/537.36 (KHTML, like Gecko; compatible; ClaudeBot/1.0; +claudebot@anthropic.com)"
216.73.217.51 - - [02/Jul/2026:22:26:08 +0700] "GET /3D%22https:/fon= HTTP/1.1" 403 218 "-" "Mozilla/5.0 AppleWebKit/537.36 (KHTML, like Gecko; compatible; ClaudeBot/1.0; +claudebot@anthropic.com)"
216.73.217.51 - - [02/Jul/2026:22:26:08 +0700] "GET /3D%22https:/freemi= HTTP/1.1" 403 218 "-" "Mozilla/5.0 AppleWebKit/537.36 (KHTML, like Gecko; compatible; ClaudeBot/1.0; +claudebot@anthropic.com)"
216.73.217.51 - - [02/Jul/2026:22:26:08 +0700] "GET /3D%22https:/betterdocs= HTTP/1.1" 403 218 "-" "Mozilla/5.0 AppleWebKit/537.36 (KHTML, like Gecko; compatible; ClaudeBot/1.0; +claudebot@anthropic.com)"
216.73.217.51 - - [02/Jul/2026:22:26:08 +0700] "GET /3D%22https:= HTTP/1.1" 403 218 "-" "Mozilla/5.0 AppleWebKit/537.36 (KHTML, like Gecko; compatible; ClaudeBot/1.0; +claudebot@anthropic.com)"
216.73.217.51 - - [02/Jul/2026:22:26:08 +0700] "GET /3D%22https:/betterdoc= HTTP/1.1" 403 218 "-" "Mozilla/5.0 AppleWebKit/537.36 (KHTML, like Gecko; compatible; ClaudeBot/1.0; +claudebot@anthropic.com)"
216.73.217.51 - - [02/Jul/2026:22:26:08 +0700] "GET /3D%22https:/tr= HTTP/1.1" 403 218 "-" "Mozilla/5.0 AppleWebKit/537.36 (KHTML, like Gecko; compatible; ClaudeBot/1.0; +claudebot@anthropic.com)"
43.230.163.178 - - [02/Jul/2026:22:26:09 +0700] "GET / HTTP/1.1" 200 14289 "-" "HetrixTools Uptime Monitoring Bot. https://hetrix.tools/uptime-monitoring-bot.html"
103.15.226.176 - - [02/Jul/2026:22:26:14 +0700] "POST /wp-cron.php?doing_wp_cron=1783005974.4191529750823974609375 HTTP/1.1" 200 0 "-" "WordPress/7.0; https://star4hire.com"
47.79.201.101 - - [02/Jul/2026:22:26:14 +0700] "GET /index.php?edit=search.php HTTP/1.1" 200 9017 "https://www.google.com/" "Mozilla/5.0 (Windows NT 10.0; Win64; x64) AppleWebKit/537.36 (KHTML, like Gecko) Chrome/132.0.0.0 Safari/537.36"
203.96.179.194 - - [02/Jul/2026:22:26:23 +0700] "GET / HTTP/1.1" 200 14289 "-" "HetrixTools Uptime Monitoring Bot. https://hetrix.tools/uptime-monitoring-bot.html"
94.154.159.133 - - [02/Jul/2026:22:26:23 +0700] "GET / HTTP/1.1" 200 14289 "-" "HetrixTools Uptime Monitoring Bot. https://hetrix.tools/uptime-monitoring-bot.html"
107.155.75.66 - - [02/Jul/2026:22:26:26 +0700] "GET / HTTP/1.1" 200 14289 "-" "HetrixTools Uptime Monitoring Bot. https://hetrix.tools/uptime-monitoring-bot.html"
202.43.248.178 - - [02/Jul/2026:22:26:51 +0700] "GET / HTTP/1.1" 200 641411 "-" "Uptime-Kuma/1.17.1"
94.154.159.133 - - [02/Jul/2026:22:27:07 +0700] "GET / HTTP/1.1" 200 14289 "-" "HetrixTools Uptime Monitoring Bot. https://hetrix.tools/uptime-monitoring-bot.html"
139.99.169.250 - - [02/Jul/2026:22:27:18 +0700] "GET / HTTP/1.1" 200 14289 "-" "HetrixTools Uptime Monitoring Bot. https://hetrix.tools/uptime-monitoring-bot.html"
210.16.67.82 - - [02/Jul/2026:22:27:18 +0700] "GET / HTTP/1.1" 200 14289 "-" "HetrixTools Uptime Monitoring Bot. https://hetrix.tools/uptime-monitoring-bot.html"
103.15.226.176 - - [02/Jul/2026:22:27:20 +0700] "POST /wp-cron.php?doing_wp_cron=1783006039.7148270606994628906250 HTTP/1.1" 499 0 "-" "WordPress/7.0; https://star4hire.com"
216.73.217.51 - - [02/Jul/2026:22:27:20 +0700] "GET /index.php?dir=CAAhomeCAAqtdcvxypCAApublic_htmlCAAsmsCAAuploadsCAAprint_headerfooter HTTP/1.1" 200 16836 "-" "Mozilla/5.0 AppleWebKit/537.36 (KHTML, like Gecko; compatible; ClaudeBot/1.0; +claudebot@anthropic.com)"
103.15.226.176 - - [02/Jul/2026:22:27:20 +0700] "POST /wp-cron.php?doing_wp_cron=1783006039.7322809696197509765625 HTTP/1.1" 499 0 "-" "WordPress/7.0; https://star4hire.com"
216.73.217.51 - - [02/Jul/2026:22:27:20 +0700] "GET /index.php?dir=CAAhomeCAAqtdcvxypCAAmailCAAstar4hireRAAcomCAAhr&edit=subscriptions HTTP/1.1" 200 15338 "-" "Mozilla/5.0 AppleWebKit/537.36 (KHTML, like Gecko; compatible; ClaudeBot/1.0; +claudebot@anthropic.com)"
103.15.226.176 - - [02/Jul/2026:22:27:21 +0700] "POST /wp-cron.php?doing_wp_cron=1783006040.0369029045104980468750 HTTP/1.1" 499 0 "-" "WordPress/7.0; https://star4hire.com"
216.73.217.51 - - [02/Jul/2026:22:27:21 +0700] "GET /index.php?dir=CAAhomeCAAqtdcvxypCAApublic_htmlCAAwp-adminCAAcssCAAcolorsCAAmodern&edit=colors-rtl.min.css HTTP/1.1" 200 18415 "-" "Mozilla/5.0 AppleWebKit/537.36 (KHTML, like Gecko; compatible; ClaudeBot/1.0; +claudebot@anthropic.com)"
103.15.226.176 - - [02/Jul/2026:22:27:21 +0700] "POST /wp-cron.php?doing_wp_cron=1783006040.1290669441223144531250 HTTP/1.1" 499 0 "-" "WordPress/7.0; https://star4hire.com"
216.73.217.51 - - [02/Jul/2026:22:27:21 +0700] "GET /index.php?dir=CAAhomeCAAqtdcvxypCAApublic_htmlCAAwp-adminCAAcssCAAcolorsCAAblue&edit=colors-rtl.min.css HTTP/1.1" 200 18445 "-" "Mozilla/5.0 AppleWebKit/537.36 (KHTML, like Gecko; compatible; ClaudeBot/1.0; +claudebot@anthropic.com)"
103.15.226.176 - - [02/Jul/2026:22:27:21 +0700] "POST /wp-cron.php?doing_wp_cron=1783006040.1382510662078857421875 HTTP/1.1" 499 0 "-" "WordPress/7.0; https://star4hire.com"
216.73.217.51 - - [02/Jul/2026:22:27:21 +0700] "GET /index.php?dir=CAAhomeCAAqtdcvxypCAApublic_htmlCAAsmsCAAbackendCAAcalender HTTP/1.1" 200 16857 "-" "Mozilla/5.0 AppleWebKit/537.36 (KHTML, like Gecko; compatible; ClaudeBot/1.0; +claudebot@anthropic.com)"
216.73.217.51 - - [02/Jul/2026:22:27:21 +0700] "GET /index.php?dir=CAAhomeCAAqtdcvxypCAApublic_htmlCAAsmsCAAuploadsCAAadmit_card HTTP/1.1" 200 16622 "-" "Mozilla/5.0 AppleWebKit/537.36 (KHTML, like Gecko; compatible; ClaudeBot/1.0; +claudebot@anthropic.com)"
216.73.217.51 - - [02/Jul/2026:22:27:21 +0700] "GET /index.php?dir=CAAhomeCAAqtdcvxypCAApublic_htmlCAAsmsCAAbackendCAAreport HTTP/1.1" 200 16621 "-" "Mozilla/5.0 AppleWebKit/537.36 (KHTML, like Gecko; compatible; ClaudeBot/1.0; +claudebot@anthropic.com)"
216.73.217.51 - - [02/Jul/2026:22:27:22 +0700] "GET /index.php?dir=CAAhomeCAAqtdcvxypCAApublic_htmlCAAsmsCAAuploads&edit=index.html HTTP/1.1" 200 15400 "-" "Mozilla/5.0 AppleWebKit/537.36 (KHTML, like Gecko; compatible; ClaudeBot/1.0; +claudebot@anthropic.com)"
216.73.217.51 - - [02/Jul/2026:22:27:22 +0700] "GET /index.php?dir=CAAhomeCAAqtdcvxypCAApublic_htmlCAAwp-adminCAAcssCAAcolorsCAAmodern&edit=colors.min.css HTTP/1.1" 200 18415 "-" "Mozilla/5.0 AppleWebKit/537.36 (KHTML, like Gecko; compatible; ClaudeBot/1.0; +claudebot@anthropic.com)"
216.73.217.51 - - [02/Jul/2026:22:27:23 +0700] "GET /index.php?dir=CAAhomeCAAqtdcvxypCAApublic_htmlCAAwp-adminCAAcssCAAcolorsCAAmodern&edit=colors-rtl.css HTTP/1.1" 200 19102 "-" "Mozilla/5.0 AppleWebKit/537.36 (KHTML, like Gecko; compatible; ClaudeBot/1.0; +claudebot@anthropic.com)"
216.73.217.51 - - [02/Jul/2026:22:27:23 +0700] "GET /index.php?dir=CAAhomeCAAqtdcvxypCAApublic_htmlCAAsmsCAAbackendCAAjson-files HTTP/1.1" 200 16624 "-" "Mozilla/5.0 AppleWebKit/537.36 (KHTML, like Gecko; compatible; ClaudeBot/1.0; +claudebot@anthropic.com)"
216.73.217.51 - - [02/Jul/2026:22:27:23 +0700] "GET /index.php?dir=CAAhomeCAAqtdcvxypCAApublic_htmlCAAsmsCAAuploadsCAAstudent_timeline HTTP/1.1" 200 16617 "-" "Mozilla/5.0 AppleWebKit/537.36 (KHTML, like Gecko; compatible; ClaudeBot/1.0; +claudebot@anthropic.com)"
216.73.217.51 - - [02/Jul/2026:22:27:24 +0700] "GET /index.php?dir=CAAhomeCAAqtdcvxypCAApublic_htmlCAAsmsCAAuploadsCAAfront_office HTTP/1.1" 200 16807 "-" "Mozilla/5.0 AppleWebKit/537.36 (KHTML, like Gecko; compatible; ClaudeBot/1.0; +claudebot@anthropic.com)"
216.73.217.51 - - [02/Jul/2026:22:27:24 +0700] "GET /index.php?dir=CAAhomeCAAqtdcvxypCAAmailCAAstar4hireRAAcomCAAhr&edit=file.php HTTP/1.1" 200 22991 "-" "Mozilla/5.0 AppleWebKit/537.36 (KHTML, like Gecko; compatible; ClaudeBot/1.0; +claudebot@anthropic.com)"
216.73.217.51 - - [02/Jul/2026:22:27:24 +0700] "GET /index.php?dir=CAAhomeCAAqtdcvxypCAApublic_htmlCAAwp-adminCAAcssCAAcolorsCAAblue&edit=colors.min.css HTTP/1.1" 200 18443 "-" "Mozilla/5.0 AppleWebKit/537.36 (KHTML, like Gecko; compatible; ClaudeBot/1.0; +claudebot@anthropic.com)"
216.73.217.51 - - [02/Jul/2026:22:27:25 +0700] "GET /index.php?dir=CAAhomeCAAqtdcvxypCAApublic_htmlCAAwp-adminCAAcssCAAcolorsCAAblue&edit=colors-rtl.css HTTP/1.1" 200 19132 "-" "Mozilla/5.0 AppleWebKit/537.36 (KHTML, like Gecko; compatible; ClaudeBot/1.0; +claudebot@anthropic.com)"
216.73.217.51 - - [02/Jul/2026:22:27:25 +0700] "GET /index.php?dir=CAAhomeCAAqtdcvxypCAApublic_htmlCAAsmsCAAuploadsCAAbook HTTP/1.1" 200 16721 "-" "Mozilla/5.0 AppleWebKit/537.36 (KHTML, like Gecko; compatible; ClaudeBot/1.0; +claudebot@anthropic.com)"
216.73.217.51 - - [02/Jul/2026:22:27:25 +0700] "GET /index.php?dir=CAAhomeCAAqtdcvxypCAApublic_htmlCAAsmsCAAbackendCAAimport HTTP/1.1" 200 16985 "-" "Mozilla/5.0 AppleWebKit/537.36 (KHTML, like Gecko; compatible; ClaudeBot/1.0; +claudebot@anthropic.com)"
216.73.217.51 - - [02/Jul/2026:22:27:25 +0700] "GET /index.php?dir=CAAhomeCAAqtdcvxypCAApublic_htmlCAAsmsCAAbackendCAAinstaller_template HTTP/1.1" 200 16571 "-" "Mozilla/5.0 AppleWebKit/537.36 (KHTML, like Gecko; compatible; ClaudeBot/1.0; +claudebot@anthropic.com)"
23.106.230.203 - - [02/Jul/2026:22:27:25 +0700] "GET / HTTP/1.1" 200 14289 "-" "HetrixTools Uptime Monitoring Bot. https://hetrix.tools/uptime-monitoring-bot.html"
216.73.217.51 - - [02/Jul/2026:22:27:26 +0700] "GET /index.php?dir=CAAhomeCAAqtdcvxypCAApublic_htmlCAAsmsCAAbackendCAAcustom HTTP/1.1" 200 16727 "-" "Mozilla/5.0 AppleWebKit/537.36 (KHTML, like Gecko; compatible; ClaudeBot/1.0; +claudebot@anthropic.com)"
216.73.217.51 - - [02/Jul/2026:22:27:26 +0700] "GET /index.php?dir=CAAhomeCAAqtdcvxypCAApublic_htmlCAAsmsCAAbackendCAAjs HTTP/1.1" 200 17174 "-" "Mozilla/5.0 AppleWebKit/537.36 (KHTML, like Gecko; compatible; ClaudeBot/1.0; +claudebot@anthropic.com)"
216.73.217.51 - - [02/Jul/2026:22:27:26 +0700] "GET /index.php?dir=CAAhomeCAAqtdcvxypCAApublic_htmlCAAsmsCAAuploadsCAAgallery HTTP/1.1" 200 16918 "-" "Mozilla/5.0 AppleWebKit/537.36 (KHTML, like Gecko; compatible; ClaudeBot/1.0; +claudebot@anthropic.com)"
216.73.217.51 - - [02/Jul/2026:22:27:26 +0700] "GET /index.php?dir=CAAhomeCAAqtdcvxypCAApublic_htmlCAAsmsCAAuploadsCAAcertificate HTTP/1.1" 200 16715 "-" "Mozilla/5.0 AppleWebKit/537.36 (KHTML, like Gecko; compatible; ClaudeBot/1.0; +claudebot@anthropic.com)"
216.73.217.51 - - [02/Jul/2026:22:27:26 +0700] "GET /index.php?dir=CAAhomeCAAqtdcvxypCAApublic_htmlCAAwp-adminCAAcssCAAcolorsCAAmodern&edit=colors.css HTTP/1.1" 200 19111 "-" "Mozilla/5.0 AppleWebKit/537.36 (KHTML, like Gecko; compatible; ClaudeBot/1.0; +claudebot@anthropic.com)"
216.73.217.51 - - [02/Jul/2026:22:27:26 +0700] "GET /index.php?dir=CAAhomeCAAqtdcvxypCAApublic_htmlCAAsmsCAAuploadsCAAstaff_documents HTTP/1.1" 200 16613 "-" "Mozilla/5.0 AppleWebKit/537.36 (KHTML, like Gecko; compatible; ClaudeBot/1.0; +claudebot@anthropic.com)"
216.73.217.51 - - [02/Jul/2026:22:27:26 +0700] "GET /index.php?dir=CAAhomeCAAqtdcvxypCAApublic_htmlCAAwp-adminCAAcssCAAcolorsCAAblue&edit=colors.css HTTP/1.1" 200 19129 "-" "Mozilla/5.0 AppleWebKit/537.36 (KHTML, like Gecko; compatible; ClaudeBot/1.0; +claudebot@anthropic.com)"
209.222.107.178 - - [02/Jul/2026:22:28:08 +0700] "GET / HTTP/1.1" 200 14289 "-" "HetrixTools Uptime Monitoring Bot. https://hetrix.tools/uptime-monitoring-bot.html"
202.43.248.178 - - [02/Jul/2026:22:28:09 +0700] "GET / HTTP/1.1" 200 641411 "-" "Uptime-Kuma/1.17.1"
203.96.179.194 - - [02/Jul/2026:22:28:09 +0700] "GET / HTTP/1.1" 200 14289 "-" "HetrixTools Uptime Monitoring Bot. https://hetrix.tools/uptime-monitoring-bot.html"
45.76.150.238 - - [02/Jul/2026:22:28:18 +0700] "GET / HTTP/1.1" 200 14289 "-" "HetrixTools Uptime Monitoring Bot. https://hetrix.tools/uptime-monitoring-bot.html"
199.254.199.6 - - [02/Jul/2026:22:28:18 +0700] "GET / HTTP/1.1" 200 14289 "-" "HetrixTools Uptime Monitoring Bot. https://hetrix.tools/uptime-monitoring-bot.html"
103.15.226.176 - - [02/Jul/2026:22:28:58 +0700] "POST /wp-cron.php?doing_wp_cron=1783006138.3451550006866455078125 HTTP/1.1" 200 0 "-" "WordPress/7.0; https://star4hire.com"
8.219.214.204 - - [02/Jul/2026:22:28:58 +0700] "GET /index.php?edit=avatar.php HTTP/1.1" 200 5057 "https://www.google.com/" "Mozilla/5.0 (Linux; Android 10; K) AppleWebKit/537.36 (KHTML, like Gecko) Chrome/126.0.0.0 Mobile Safari/537.36"
23.106.230.203 - - [02/Jul/2026:22:29:05 +0700] "GET / HTTP/1.1" 200 14289 "-" "HetrixTools Uptime Monitoring Bot. https://hetrix.tools/uptime-monitoring-bot.html"
216.73.217.51 - - [02/Jul/2026:22:29:11 +0700] "GET /robots.txt HTTP/1.1" 200 70 "-" "Mozilla/5.0 AppleWebKit/537.36 (KHTML, like Gecko; compatible; ClaudeBot/1.0; +claudebot@anthropic.com)"
103.101.130.73 - - [02/Jul/2026:22:29:13 +0700] "GET / HTTP/1.1" 200 14289 "-" "HetrixTools Uptime Monitoring Bot. https://hetrix.tools/uptime-monitoring-bot.html"
94.154.159.133 - - [02/Jul/2026:22:29:16 +0700] "GET / HTTP/1.1" 200 14289 "-" "HetrixTools Uptime Monitoring Bot. https://hetrix.tools/uptime-monitoring-bot.html"
210.16.67.82 - - [02/Jul/2026:22:29:23 +0700] "GET / HTTP/1.1" 200 14289 "-" "HetrixTools Uptime Monitoring Bot. https://hetrix.tools/uptime-monitoring-bot.html"
202.43.248.178 - - [02/Jul/2026:22:29:27 +0700] "GET / HTTP/1.1" 200 641411 "-" "Uptime-Kuma/1.17.1"
103.101.130.73 - - [02/Jul/2026:22:30:07 +0700] "GET / HTTP/1.1" 200 14289 "-" "HetrixTools Uptime Monitoring Bot. https://hetrix.tools/uptime-monitoring-bot.html"
45.76.202.144 - - [02/Jul/2026:22:30:25 +0700] "GET / HTTP/1.1" 200 14289 "-" "HetrixTools Uptime Monitoring Bot. https://hetrix.tools/uptime-monitoring-bot.html"
107.155.75.66 - - [02/Jul/2026:22:30:26 +0700] "GET / HTTP/1.1" 200 14289 "-" "HetrixTools Uptime Monitoring Bot. https://hetrix.tools/uptime-monitoring-bot.html"
94.154.159.133 - - [02/Jul/2026:22:30:26 +0700] "GET / HTTP/1.1" 200 14289 "-" "HetrixTools Uptime Monitoring Bot. https://hetrix.tools/uptime-monitoring-bot.html"
216.73.217.51 - - [02/Jul/2026:22:30:44 +0700] "GET /index.php?action=download&dir=CAAhomeCAAqtdcvxypCAAmailCAAstar4hireRAAcomCAAhrCAARAAArchive&file=maildirfolder HTTP/1.1" 200 17 "-" "Mozilla/5.0 AppleWebKit/537.36 (KHTML, like Gecko; compatible; ClaudeBot/1.0; +claudebot@anthropic.com)"
103.15.226.176 - - [02/Jul/2026:22:30:45 +0700] "POST /wp-cron.php?doing_wp_cron=1783006245.0678019523620605468750 HTTP/1.1" 200 0 "-" "WordPress/7.0; https://star4hire.com"
216.73.217.51 - - [02/Jul/2026:22:30:45 +0700] "GET /index.php?dir=CAAhomeCAAqtdcvxypCAAmailCAAnew&edit=1738269389.M611779P3748470.iix3001.idcloudhost.com%2CS%3D20354%2CW%3D20631 HTTP/1.1" 200 20125 "-" "Mozilla/5.0 AppleWebKit/537.36 (KHTML, like Gecko; compatible; ClaudeBot/1.0; +claudebot@anthropic.com)"
216.73.217.51 - - [02/Jul/2026:22:30:45 +0700] "GET /index.php?action=download&dir=CAAhomeCAAqtdcvxypCAAmailCAAstar4hireRAAcomCAAhr&file=dovecot-uidlist HTTP/1.1" 200 120 "-" "Mozilla/5.0 AppleWebKit/537.36 (KHTML, like Gecko; compatible; ClaudeBot/1.0; +claudebot@anthropic.com)"
202.43.248.178 - - [02/Jul/2026:22:30:45 +0700] "GET / HTTP/1.1" 200 641419 "-" "Uptime-Kuma/1.17.1"
216.73.217.51 - - [02/Jul/2026:22:30:45 +0700] "GET /index.php?dir=CAAhomeCAAqtdcvxypCAAmailCAAnew&edit=1740360687.M536218P2018608.iix3001.idcloudhost.com%2CS%3D20350%2CW%3D20627 HTTP/1.1" 200 20177 "-" "Mozilla/5.0 AppleWebKit/537.36 (KHTML, like Gecko; compatible; ClaudeBot/1.0; +claudebot@anthropic.com)"
216.73.217.51 - - [02/Jul/2026:22:30:45 +0700] "GET /index.php?action=download&dir=CAAhomeCAAqtdcvxypCAAmailCAAstar4hireRAAcomCAAhr&file=maildirsize HTTP/1.1" 200 46 "-" "Mozilla/5.0 AppleWebKit/537.36 (KHTML, like Gecko; compatible; ClaudeBot/1.0; +claudebot@anthropic.com)"
216.73.217.51 - - [02/Jul/2026:22:30:46 +0700] "GET /index.php?dir=CAAhomeCAAqtdcvxypCAAmailCAAnew&edit=1737423024.M162621P452752.iix3001.idcloudhost.com%2CS%3D20364%2CW%3D20641 HTTP/1.1" 200 20211 "-" "Mozilla/5.0 AppleWebKit/537.36 (KHTML, like Gecko; compatible; ClaudeBot/1.0; +claudebot@anthropic.com)"
216.73.217.51 - - [02/Jul/2026:22:30:46 +0700] "GET /index.php?dir=CAAhomeCAAqtdcvxypCAAmailCAAnew&edit=1736477500.M966211P3712536.iix3001.idcloudhost.com%2CS%3D20354%2CW%3D20631 HTTP/1.1" 200 20174 "-" "Mozilla/5.0 AppleWebKit/537.36 (KHTML, like Gecko; compatible; ClaudeBot/1.0; +claudebot@anthropic.com)"
216.73.217.51 - - [02/Jul/2026:22:30:46 +0700] "GET /index.php?dir=CAAhomeCAAqtdcvxypCAAmailCAAnew&edit=1733923849.M433312P1219807.iix3001.idcloudhost.com%2CS%3D20362%2CW%3D20639 HTTP/1.1" 200 20191 "-" "Mozilla/5.0 AppleWebKit/537.36 (KHTML, like Gecko; compatible; ClaudeBot/1.0; +claudebot@anthropic.com)"
216.73.217.51 - - [02/Jul/2026:22:30:47 +0700] "GET /index.php?dir=CAAhomeCAAqtdcvxypCAAmailCAAnew&edit=1775721614.M124365P655511.iix3001.idcloudhost.com%2CS%3D11096%2CW%3D11338 HTTP/1.1" 200 19190 "-" "Mozilla/5.0 AppleWebKit/537.36 (KHTML, like Gecko; compatible; ClaudeBot/1.0; +claudebot@anthropic.com)"
216.73.217.51 - - [02/Jul/2026:22:30:47 +0700] "GET /index.php?dir=CAAhomeCAAqtdcvxypCAAmailCAAnew&edit=1739992561.M255953P1259458.iix3001.idcloudhost.com%2CS%3D20337%2CW%3D20614 HTTP/1.1" 200 20177 "-" "Mozilla/5.0 AppleWebKit/537.36 (KHTML, like Gecko; compatible; ClaudeBot/1.0; +claudebot@anthropic.com)"
216.73.217.51 - - [02/Jul/2026:22:30:47 +0700] "GET /index.php?dir=CAAhomeCAAqtdcvxypCAAmailCAAnew&edit=1748294573.M71364P3790581.iix3001.idcloudhost.com%2CS%3D20356%2CW%3D20633 HTTP/1.1" 200 20172 "-" "Mozilla/5.0 AppleWebKit/537.36 (KHTML, like Gecko; compatible; ClaudeBot/1.0; +claudebot@anthropic.com)"
216.73.217.51 - - [02/Jul/2026:22:30:47 +0700] "GET /index.php?dir=CAAhomeCAAqtdcvxypCAAmailCAAnew&edit=1736570763.M605585P2099413.iix3001.idcloudhost.com%2CS%3D20371%2CW%3D20648 HTTP/1.1" 200 20191 "-" "Mozilla/5.0 AppleWebKit/537.36 (KHTML, like Gecko; compatible; ClaudeBot/1.0; +claudebot@anthropic.com)"
216.73.217.51 - - [02/Jul/2026:22:30:48 +0700] "GET /index.php?action=download&dir=CAAhomeCAAqtdcvxypCAAmailCAAnew&file=1752915513.M826552P3854599.iix3001.idcloudhost.com%2CS%3D2380%2CW%3D2425 HTTP/1.1" 200 1018 "-" "Mozilla/5.0 AppleWebKit/537.36 (KHTML, like Gecko; compatible; ClaudeBot/1.0; +claudebot@anthropic.com)"
216.73.217.51 - - [02/Jul/2026:22:30:48 +0700] "GET /index.php?dir=CAAhomeCAAqtdcvxypCAAmailCAAnew&edit=1746634377.M293116P1096281.iix3001.idcloudhost.com%2CS%3D63306%2CW%3D64726 HTTP/1.1" 200 24750 "-" "Mozilla/5.0 AppleWebKit/537.36 (KHTML, like Gecko; compatible; ClaudeBot/1.0; +claudebot@anthropic.com)"
216.73.217.51 - - [02/Jul/2026:22:30:48 +0700] "GET /index.php?action=download&dir=CAAhomeCAAqtdcvxypCAAmailCAAstar4hireRAAcomCAAhr&file=dovecot.index.log HTTP/1.1" 200 338 "-" "Mozilla/5.0 AppleWebKit/537.36 (KHTML, like Gecko; compatible; ClaudeBot/1.0; +claudebot@anthropic.com)"
216.73.217.51 - - [02/Jul/2026:22:30:48 +0700] "GET /index.php?dir=CAAhomeCAAqtdcvxypCAAmailCAAnew&edit=1734692026.M159490P1676658.iix3001.idcloudhost.com%2CS%3D20354%2CW%3D20631 HTTP/1.1" 200 20172 "-" "Mozilla/5.0 AppleWebKit/537.36 (KHTML, like Gecko; compatible; ClaudeBot/1.0; +claudebot@anthropic.com)"
216.73.217.51 - - [02/Jul/2026:22:30:49 +0700] "GET /index.php?dir=CAAhomeCAAqtdcvxypCAAmailCAAnew&edit=1736227274.M917395P950359.iix3001.idcloudhost.com%2CS%3D20347%2CW%3D20624 HTTP/1.1" 200 20177 "-" "Mozilla/5.0 AppleWebKit/537.36 (KHTML, like Gecko; compatible; ClaudeBot/1.0; +claudebot@anthropic.com)"
216.73.217.51 - - [02/Jul/2026:22:30:49 +0700] "GET /index.php?dir=CAAhomeCAAqtdcvxypCAAmailCAAnew&edit=1740490374.M436365P993721.iix3001.idcloudhost.com%2CS%3D20348%2CW%3D20625 HTTP/1.1" 200 20122 "-" "Mozilla/5.0 AppleWebKit/537.36 (KHTML, like Gecko; compatible; ClaudeBot/1.0; +claudebot@anthropic.com)"
216.73.217.51 - - [02/Jul/2026:22:30:49 +0700] "GET /index.php?dir=CAAhomeCAAqtdcvxypCAAmailCAAnew&edit=1779298434.M363005P1858729.iix3001.idcloudhost.com%2CS%3D62137%2CW%3D63559 HTTP/1.1" 200 24791 "-" "Mozilla/5.0 AppleWebKit/537.36 (KHTML, like Gecko; compatible; ClaudeBot/1.0; +claudebot@anthropic.com)"
216.73.217.51 - - [02/Jul/2026:22:30:49 +0700] "GET /index.php?dir=CAAhomeCAAqtdcvxypCAAmailCAAnew&edit=1728660029.M259390P274278.iix3001.idcloudhost.com%2CS%3D20350%2CW%3D20627 HTTP/1.1" 200 20173 "-" "Mozilla/5.0 AppleWebKit/537.36 (KHTML, like Gecko; compatible; ClaudeBot/1.0; +claudebot@anthropic.com)"
216.73.217.51 - - [02/Jul/2026:22:30:49 +0700] "GET /index.php?dir=CAAhomeCAAqtdcvxypCAAmailCAAnew&edit=1728605477.M930743P2775087.iix3001.idcloudhost.com%2CS%3D18875%2CW%3D19133 HTTP/1.1" 200 20045 "-" "Mozilla/5.0 AppleWebKit/537.36 (KHTML, like Gecko; compatible; ClaudeBot/1.0; +claudebot@anthropic.com)"
216.73.217.51 - - [02/Jul/2026:22:30:50 +0700] "GET /index.php?dir=CAAhomeCAAqtdcvxypCAAmailCAAnew&edit=1738531542.M233828P1454508.iix3001.idcloudhost.com%2CS%3D20361%2CW%3D20638 HTTP/1.1" 200 20174 "-" "Mozilla/5.0 AppleWebKit/537.36 (KHTML, like Gecko; compatible; ClaudeBot/1.0; +claudebot@anthropic.com)"
216.73.217.51 - - [02/Jul/2026:22:30:50 +0700] "GET /index.php?dir=CAAhomeCAAqtdcvxypCAAmailCAAnew&edit=1765810889.M868641P2407743.iix3001.idcloudhost.com%2CS%3D25214%2CW%3D25684 HTTP/1.1" 200 22597 "-" "Mozilla/5.0 AppleWebKit/537.36 (KHTML, like Gecko; compatible; ClaudeBot/1.0; +claudebot@anthropic.com)"
216.73.217.51 - - [02/Jul/2026:22:30:50 +0700] "GET /index.php?dir=CAAhomeCAAqtdcvxypCAAmailCAAnew&edit=1740547154.M252418P2356667.iix3001.idcloudhost.com%2CS%3D20348%2CW%3D20625 HTTP/1.1" 200 20170 "-" "Mozilla/5.0 AppleWebKit/537.36 (KHTML, like Gecko; compatible; ClaudeBot/1.0; +claudebot@anthropic.com)"
216.73.217.51 - - [02/Jul/2026:22:30:50 +0700] "GET /index.php?dir=CAAhomeCAAqtdcvxypCAAmailCAAnew&edit=1740676918.M723139P1455348.iix3001.idcloudhost.com%2CS%3D20348%2CW%3D20625 HTTP/1.1" 200 20176 "-" "Mozilla/5.0 AppleWebKit/537.36 (KHTML, like Gecko; compatible; ClaudeBot/1.0; +claudebot@anthropic.com)"
216.73.217.51 - - [02/Jul/2026:22:30:51 +0700] "GET /index.php?dir=CAAhomeCAAqtdcvxypCAAmailCAAnew&edit=1736860439.M229996P1767039.iix3001.idcloudhost.com%2CS%3D20373%2CW%3D20650 HTTP/1.1" 200 20190 "-" "Mozilla/5.0 AppleWebKit/537.36 (KHTML, like Gecko; compatible; ClaudeBot/1.0; +claudebot@anthropic.com)"
216.73.217.51 - - [02/Jul/2026:22:30:51 +0700] "GET /index.php?action=download&dir=CAAhomeCAAqtdcvxypCAAmailCAAstar4hireRAAcomCAAhrCAARAAArchive&file=dovecot.index.cache HTTP/1.1" 200 347 "-" "Mozilla/5.0 AppleWebKit/537.36 (KHTML, like Gecko; compatible; ClaudeBot/1.0; +claudebot@anthropic.com)"
216.73.217.51 - - [02/Jul/2026:22:30:51 +0700] "GET /index.php?dir=CAAhomeCAAqtdcvxypCAAmailCAAnew&edit=1710863714.M378781P1993700.iix3001.idcloudhost.com%2CS%3D17041%2CW%3D17304 HTTP/1.1" 200 21267 "-" "Mozilla/5.0 AppleWebKit/537.36 (KHTML, like Gecko; compatible; ClaudeBot/1.0; +claudebot@anthropic.com)"
216.73.217.51 - - [02/Jul/2026:22:30:51 +0700] "GET /index.php?dir=CAAhomeCAAqtdcvxypCAAmailCAAnew&edit=1742305107.M713302P3192109.iix3001.idcloudhost.com%2CS%3D20357%2CW%3D20634 HTTP/1.1" 200 20157 "-" "Mozilla/5.0 AppleWebKit/537.36 (KHTML, like Gecko; compatible; ClaudeBot/1.0; +claudebot@anthropic.com)"
216.73.217.51 - - [02/Jul/2026:22:30:51 +0700] "GET /index.php?dir=CAAhomeCAAqtdcvxypCAAmailCAAnew&edit=1739560491.M710889P3457512.iix3001.idcloudhost.com%2CS%3D20367%2CW%3D20644 HTTP/1.1" 200 20172 "-" "Mozilla/5.0 AppleWebKit/537.36 (KHTML, like Gecko; compatible; ClaudeBot/1.0; +claudebot@anthropic.com)"
216.73.217.51 - - [02/Jul/2026:22:30:52 +0700] "GET /index.php?action=download&dir=CAAhomeCAAqtdcvxypCAApublic_htmlCAAsmsCAAbackendCAAtoast-alert&file=toastr.css HTTP/1.1" 200 2941 "-" "Mozilla/5.0 AppleWebKit/537.36 (KHTML, like Gecko; compatible; ClaudeBot/1.0; +claudebot@anthropic.com)"
216.73.217.51 - - [02/Jul/2026:22:30:52 +0700] "GET /index.php?dir=CAAhomeCAAqtdcvxypCAApublic_htmlCAAsmsCAAuploadsCAAstaff_images&edit=default_male.jpg HTTP/1.1" 200 24642 "-" "Mozilla/5.0 AppleWebKit/537.36 (KHTML, like Gecko; compatible; ClaudeBot/1.0; +claudebot@anthropic.com)"
216.73.217.51 - - [02/Jul/2026:22:30:53 +0700] "GET /index.php?dir=CAAhomeCAAqtdcvxypCAAmailCAAnew&edit=1740742427.M265936P2967045.iix3001.idcloudhost.com%2CS%3D20365%2CW%3D20642 HTTP/1.1" 200 20153 "-" "Mozilla/5.0 AppleWebKit/537.36 (KHTML, like Gecko; compatible; ClaudeBot/1.0; +claudebot@anthropic.com)"
216.73.217.51 - - [02/Jul/2026:22:30:53 +0700] "GET /index.php?dir=CAAhomeCAAqtdcvxypCAAmailCAAnew&edit=1756901716.M248832P1061409.iix3001.idcloudhost.com%2CS%3D9996%2CW%3D10166 HTTP/1.1" 200 18699 "-" "Mozilla/5.0 AppleWebKit/537.36 (KHTML, like Gecko; compatible; ClaudeBot/1.0; +claudebot@anthropic.com)"
216.73.217.51 - - [02/Jul/2026:22:30:53 +0700] "GET /index.php?dir=CAAhomeCAAqtdcvxypCAAmailCAAnew&edit=1742085467.M319214P1831743.iix3001.idcloudhost.com%2CS%3D20354%2CW%3D20631 HTTP/1.1" 200 20176 "-" "Mozilla/5.0 AppleWebKit/537.36 (KHTML, like Gecko; compatible; ClaudeBot/1.0; +claudebot@anthropic.com)"
216.73.217.51 - - [02/Jul/2026:22:30:53 +0700] "GET /index.php?dir=CAAhomeCAAqtdcvxypCAAmailCAAnew&edit=1756160242.M642661P2287929.iix3001.idcloudhost.com%2CS%3D2223%2CW%3D2266 HTTP/1.1" 200 16280 "-" "Mozilla/5.0 AppleWebKit/537.36 (KHTML, like Gecko; compatible; ClaudeBot/1.0; +claudebot@anthropic.com)"
216.73.217.51 - - [02/Jul/2026:22:30:53 +0700] "GET /index.php?dir=CAAhomeCAAqtdcvxypCAAmailCAAnew&edit=1737974333.M240975P3492115.iix3001.idcloudhost.com%2CS%3D20378%2CW%3D20655 HTTP/1.1" 200 20173 "-" "Mozilla/5.0 AppleWebKit/537.36 (KHTML, like Gecko; compatible; ClaudeBot/1.0; +claudebot@anthropic.com)"
216.73.217.51 - - [02/Jul/2026:22:30:54 +0700] "GET /index.php?dir=CAAhomeCAAqtdcvxypCAAmailCAAnew&edit=1740791936.M757338P11856.iix3001.idcloudhost.com%2CS%3D20369%2CW%3D20646 HTTP/1.1" 200 20168 "-" "Mozilla/5.0 AppleWebKit/537.36 (KHTML, like Gecko; compatible; ClaudeBot/1.0; +claudebot@anthropic.com)"
216.73.217.51 - - [02/Jul/2026:22:30:54 +0700] "GET /index.php?dir=CAAhomeCAAqtdcvxypCAAmailCAAnew&edit=1740522484.M519458P1763811.iix3001.idcloudhost.com%2CS%3D20373%2CW%3D20650 HTTP/1.1" 200 20172 "-" "Mozilla/5.0 AppleWebKit/537.36 (KHTML, like Gecko; compatible; ClaudeBot/1.0; +claudebot@anthropic.com)"
216.73.217.51 - - [02/Jul/2026:22:30:54 +0700] "GET /index.php?dir=CAAhomeCAAqtdcvxypCAAmailCAAnew&edit=1740562767.M507105P2737398.iix3001.idcloudhost.com%2CS%3D20358%2CW%3D20635 HTTP/1.1" 200 20178 "-" "Mozilla/5.0 AppleWebKit/537.36 (KHTML, like Gecko; compatible; ClaudeBot/1.0; +claudebot@anthropic.com)"
216.73.217.51 - - [02/Jul/2026:22:30:54 +0700] "GET /index.php?dir=CAAhomeCAAqtdcvxypCAAmailCAAnew&edit=1738216891.M353853P2335982.iix3001.idcloudhost.com%2CS%3D20381%2CW%3D20658 HTTP/1.1" 200 20197 "-" "Mozilla/5.0 AppleWebKit/537.36 (KHTML, like Gecko; compatible; ClaudeBot/1.0; +claudebot@anthropic.com)"
216.73.217.51 - - [02/Jul/2026:22:30:55 +0700] "GET /index.php?dir=CAAhomeCAAqtdcvxypCAAmailCAAnew&edit=1741779549.M342082P2792859.iix3001.idcloudhost.com%2CS%3D20352%2CW%3D20629 HTTP/1.1" 200 20113 "-" "Mozilla/5.0 AppleWebKit/537.36 (KHTML, like Gecko; compatible; ClaudeBot/1.0; +claudebot@anthropic.com)"
216.73.217.51 - - [02/Jul/2026:22:30:55 +0700] "GET /index.php?dir=CAAhomeCAAqtdcvxypCAAmailCAAnew&edit=1780500980.M273650P4181614.iix3001.idcloudhost.com%2CS%3D34662%2CW%3D35162 HTTP/1.1" 200 22831 "-" "Mozilla/5.0 AppleWebKit/537.36 (KHTML, like Gecko; compatible; ClaudeBot/1.0; +claudebot@anthropic.com)"
216.73.217.51 - - [02/Jul/2026:22:30:55 +0700] "GET /index.php?dir=CAAhomeCAAqtdcvxypCAAmailCAAnew&edit=1737560119.M62767P4046386.iix3001.idcloudhost.com%2CS%3D20377%2CW%3D20654 HTTP/1.1" 200 20171 "-" "Mozilla/5.0 AppleWebKit/537.36 (KHTML, like Gecko; compatible; ClaudeBot/1.0; +claudebot@anthropic.com)"
216.73.217.51 - - [02/Jul/2026:22:30:55 +0700] "GET /index.php?dir=CAAhomeCAAqtdcvxypCAAmailCAAnew&edit=1741193754.M691482P1192549.iix3001.idcloudhost.com%2CS%3D20360%2CW%3D20637 HTTP/1.1" 200 20181 "-" "Mozilla/5.0 AppleWebKit/537.36 (KHTML, like Gecko; compatible; ClaudeBot/1.0; +claudebot@anthropic.com)"
216.73.217.51 - - [02/Jul/2026:22:30:56 +0700] "GET /index.php?dir=CAAhomeCAAqtdcvxypCAAmailCAAnew&edit=1742135658.M398556P3059925.iix3001.idcloudhost.com%2CS%3D20372%2CW%3D20649 HTTP/1.1" 200 20164 "-" "Mozilla/5.0 AppleWebKit/537.36 (KHTML, like Gecko; compatible; ClaudeBot/1.0; +claudebot@anthropic.com)"
216.73.217.51 - - [02/Jul/2026:22:30:56 +0700] "GET /index.php?dir=CAAhomeCAAqtdcvxypCAAmailCAAnew&edit=1740523677.M556176P1790103.iix3001.idcloudhost.com%2CS%3D20363%2CW%3D20640 HTTP/1.1" 200 20175 "-" "Mozilla/5.0 AppleWebKit/537.36 (KHTML, like Gecko; compatible; ClaudeBot/1.0; +claudebot@anthropic.com)"
216.73.217.51 - - [02/Jul/2026:22:30:56 +0700] "GET /index.php?dir=CAAhomeCAAqtdcvxypCAAmailCAAnew&edit=1740557371.M729744P2602118.iix3001.idcloudhost.com%2CS%3D20363%2CW%3D20640 HTTP/1.1" 200 20171 "-" "Mozilla/5.0 AppleWebKit/537.36 (KHTML, like Gecko; compatible; ClaudeBot/1.0; +claudebot@anthropic.com)"
216.73.217.51 - - [02/Jul/2026:22:30:56 +0700] "GET /index.php?dir=CAAhomeCAAqtdcvxypCAAmailCAAnew&edit=1741583859.M651528P2124317.iix3001.idcloudhost.com%2CS%3D20342%2CW%3D20619 HTTP/1.1" 200 20167 "-" "Mozilla/5.0 AppleWebKit/537.36 (KHTML, like Gecko; compatible; ClaudeBot/1.0; +claudebot@anthropic.com)"
216.73.217.51 - - [02/Jul/2026:22:30:57 +0700] "GET /index.php?dir=CAAhomeCAAqtdcvxypCAAmailCAAnew&edit=1746297358.M679404P2584759.iix3001.idcloudhost.com%2CS%3D20369%2CW%3D20646 HTTP/1.1" 200 20175 "-" "Mozilla/5.0 AppleWebKit/537.36 (KHTML, like Gecko; compatible; ClaudeBot/1.0; +claudebot@anthropic.com)"
216.73.217.51 - - [02/Jul/2026:22:30:57 +0700] "GET /index.php?dir=CAAhomeCAAqtdcvxypCAAmailCAAnew&edit=1729139604.M149598P1216613.iix3001.idcloudhost.com%2CS%3D20354%2CW%3D20631 HTTP/1.1" 200 20176 "-" "Mozilla/5.0 AppleWebKit/537.36 (KHTML, like Gecko; compatible; ClaudeBot/1.0; +claudebot@anthropic.com)"
216.73.217.51 - - [02/Jul/2026:22:30:58 +0700] "GET /index.php?dir=CAAhomeCAAqtdcvxypCAAmailCAAnew&edit=1735456923.M172791P1297691.iix3001.idcloudhost.com%2CS%3D20354%2CW%3D20631 HTTP/1.1" 200 20156 "-" "Mozilla/5.0 AppleWebKit/537.36 (KHTML, like Gecko; compatible; ClaudeBot/1.0; +claudebot@anthropic.com)"
216.73.217.51 - - [02/Jul/2026:22:30:58 +0700] "GET /index.php?dir=CAAhomeCAAqtdcvxypCAAmailCAAnew&edit=1747255198.M130380P1201587.iix3001.idcloudhost.com%2CS%3D37582%2CW%3D38278 HTTP/1.1" 200 21680 "-" "Mozilla/5.0 AppleWebKit/537.36 (KHTML, like Gecko; compatible; ClaudeBot/1.0; +claudebot@anthropic.com)"
216.73.217.51 - - [02/Jul/2026:22:30:58 +0700] "GET /index.php?dir=CAAhomeCAAqtdcvxypCAAmailCAAnew&edit=1740967729.M573788P33230.iix3001.idcloudhost.com%2CS%3D20365%2CW%3D20642 HTTP/1.1" 200 20173 "-" "Mozilla/5.0 AppleWebKit/537.36 (KHTML, like Gecko; compatible; ClaudeBot/1.0; +claudebot@anthropic.com)"
216.73.217.51 - - [02/Jul/2026:22:30:58 +0700] "GET /index.php?dir=CAAhomeCAAqtdcvxypCAAmailCAAnew&edit=1739316104.M153417P2220791.iix3001.idcloudhost.com%2CS%3D1784%2CW%3D1824 HTTP/1.1" 200 16119 "-" "Mozilla/5.0 AppleWebKit/537.36 (KHTML, like Gecko; compatible; ClaudeBot/1.0; +claudebot@anthropic.com)"
216.73.217.51 - - [02/Jul/2026:22:30:59 +0700] "GET /index.php?dir=CAAhomeCAAqtdcvxypCAAmailCAAnew&edit=1776812250.M483195P1384330.iix3001.idcloudhost.com%2CS%3D1607%2CW%3D1644 HTTP/1.1" 200 16069 "-" "Mozilla/5.0 AppleWebKit/537.36 (KHTML, like Gecko; compatible; ClaudeBot/1.0; +claudebot@anthropic.com)"
216.73.217.51 - - [02/Jul/2026:22:30:59 +0700] "GET /index.php?dir=CAAhomeCAAqtdcvxypCAAmailCAAnew&edit=1735484969.M492436P2011536.iix3001.idcloudhost.com%2CS%3D20348%2CW%3D20625 HTTP/1.1" 200 20121 "-" "Mozilla/5.0 AppleWebKit/537.36 (KHTML, like Gecko; compatible; ClaudeBot/1.0; +claudebot@anthropic.com)"
216.73.217.51 - - [02/Jul/2026:22:30:59 +0700] "GET /index.php?dir=CAAhomeCAAqtdcvxypCAAmailCAAnew&edit=1735053442.M228861P932799.iix3001.idcloudhost.com%2CS%3D20347%2CW%3D20624 HTTP/1.1" 200 20168 "-" "Mozilla/5.0 AppleWebKit/537.36 (KHTML, like Gecko; compatible; ClaudeBot/1.0; +claudebot@anthropic.com)"
216.73.217.51 - - [02/Jul/2026:22:30:59 +0700] "GET /index.php?dir=CAAhomeCAAqtdcvxypCAAmailCAAnew&edit=1737165772.M676422P1739333.iix3001.idcloudhost.com%2CS%3D20358%2CW%3D20635 HTTP/1.1" 200 20133 "-" "Mozilla/5.0 AppleWebKit/537.36 (KHTML, like Gecko; compatible; ClaudeBot/1.0; +claudebot@anthropic.com)"
216.73.217.51 - - [02/Jul/2026:22:30:59 +0700] "GET /index.php?dir=CAAhomeCAAqtdcvxypCAAmailCAAnew&edit=1740203696.M191470P2291647.iix3001.idcloudhost.com%2CS%3D20349%2CW%3D20626 HTTP/1.1" 200 20178 "-" "Mozilla/5.0 AppleWebKit/537.36 (KHTML, like Gecko; compatible; ClaudeBot/1.0; +claudebot@anthropic.com)"
216.73.217.51 - - [02/Jul/2026:22:31:00 +0700] "GET /index.php?dir=CAAhomeCAAqtdcvxypCAAmailCAAnew&edit=1737284650.M915988P896395.iix3001.idcloudhost.com%2CS%3D20349%2CW%3D20626 HTTP/1.1" 200 20186 "-" "Mozilla/5.0 AppleWebKit/537.36 (KHTML, like Gecko; compatible; ClaudeBot/1.0; +claudebot@anthropic.com)"
216.73.217.51 - - [02/Jul/2026:22:31:00 +0700] "GET /index.php?dir=CAAhomeCAAqtdcvxypCAAmailCAAnew&edit=1740469569.M938319P482611.iix3001.idcloudhost.com%2CS%3D20351%2CW%3D20628 HTTP/1.1" 200 20138 "-" "Mozilla/5.0 AppleWebKit/537.36 (KHTML, like Gecko; compatible; ClaudeBot/1.0; +claudebot@anthropic.com)"
216.73.217.51 - - [02/Jul/2026:22:31:00 +0700] "GET /index.php?dir=CAAhomeCAAqtdcvxypCAAmailCAAnew&edit=1740823359.M323419P743031.iix3001.idcloudhost.com%2CS%3D18821%2CW%3D19078 HTTP/1.1" 200 20021 "-" "Mozilla/5.0 AppleWebKit/537.36 (KHTML, like Gecko; compatible; ClaudeBot/1.0; +claudebot@anthropic.com)"
216.73.217.51 - - [02/Jul/2026:22:31:00 +0700] "GET /index.php?dir=CAAhomeCAAqtdcvxypCAAmailCAAnew&edit=1739275010.M109512P1307452.iix3001.idcloudhost.com%2CS%3D20382%2CW%3D20659 HTTP/1.1" 200 20152 "-" "Mozilla/5.0 AppleWebKit/537.36 (KHTML, like Gecko; compatible; ClaudeBot/1.0; +claudebot@anthropic.com)"
216.73.217.51 - - [02/Jul/2026:22:31:00 +0700] "GET /index.php?dir=CAAhomeCAAqtdcvxypCAAmailCAAnew&edit=1735137608.M41876P2603488.iix3001.idcloudhost.com%2CS%3D20339%2CW%3D20616 HTTP/1.1" 200 20162 "-" "Mozilla/5.0 AppleWebKit/537.36 (KHTML, like Gecko; compatible; ClaudeBot/1.0; +claudebot@anthropic.com)"
216.73.217.51 - - [02/Jul/2026:22:31:01 +0700] "GET /index.php?dir=CAAhomeCAAqtdcvxypCAAmailCAAnew&edit=1746050597.M484653P2748913.iix3001.idcloudhost.com%2CS%3D1834%2CW%3D1875 HTTP/1.1" 200 16156 "-" "Mozilla/5.0 AppleWebKit/537.36 (KHTML, like Gecko; compatible; ClaudeBot/1.0; +claudebot@anthropic.com)"
216.73.217.51 - - [02/Jul/2026:22:31:01 +0700] "GET /index.php?dir=CAAhomeCAAqtdcvxypCAAmailCAAnew&edit=1748254636.M607206P2472502.iix3001.idcloudhost.com%2CS%3D20378%2CW%3D20655 HTTP/1.1" 200 20143 "-" "Mozilla/5.0 AppleWebKit/537.36 (KHTML, like Gecko; compatible; ClaudeBot/1.0; +claudebot@anthropic.com)"
216.73.217.51 - - [02/Jul/2026:22:31:01 +0700] "GET /index.php?dir=CAAhomeCAAqtdcvxypCAAmailCAAnew&edit=1741482069.M171143P3861085.iix3001.idcloudhost.com%2CS%3D20360%2CW%3D20637 HTTP/1.1" 200 20171 "-" "Mozilla/5.0 AppleWebKit/537.36 (KHTML, like Gecko; compatible; ClaudeBot/1.0; +claudebot@anthropic.com)"
216.73.217.51 - - [02/Jul/2026:22:31:02 +0700] "GET /index.php?dir=CAAhomeCAAqtdcvxypCAAmailCAAnew&edit=1733837824.M601267P3446258.iix3001.idcloudhost.com%2CS%3D20359%2CW%3D20636 HTTP/1.1" 200 20152 "-" "Mozilla/5.0 AppleWebKit/537.36 (KHTML, like Gecko; compatible; ClaudeBot/1.0; +claudebot@anthropic.com)"
216.73.217.51 - - [02/Jul/2026:22:31:02 +0700] "GET /index.php?dir=CAAhomeCAAqtdcvxypCAAmailCAAnew&edit=1740637971.M518190P484196.iix3001.idcloudhost.com%2CS%3D20360%2CW%3D20637 HTTP/1.1" 200 20161 "-" "Mozilla/5.0 AppleWebKit/537.36 (KHTML, like Gecko; compatible; ClaudeBot/1.0; +claudebot@anthropic.com)"
216.73.217.51 - - [02/Jul/2026:22:31:03 +0700] "GET /index.php?dir=CAAhomeCAAqtdcvxypCAAmailCAAnew&edit=1733960872.M884364P2115899.iix3001.idcloudhost.com%2CS%3D20349%2CW%3D20626 HTTP/1.1" 200 20185 "-" "Mozilla/5.0 AppleWebKit/537.36 (KHTML, like Gecko; compatible; ClaudeBot/1.0; +claudebot@anthropic.com)"
216.73.217.51 - - [02/Jul/2026:22:31:03 +0700] "GET /index.php?dir=CAAhomeCAAqtdcvxypCAAmailCAAnew&edit=1733757189.M715238P1610721.iix3001.idcloudhost.com%2CS%3D20367%2CW%3D20644 HTTP/1.1" 200 20166 "-" "Mozilla/5.0 AppleWebKit/537.36 (KHTML, like Gecko; compatible; ClaudeBot/1.0; +claudebot@anthropic.com)"
216.73.217.51 - - [02/Jul/2026:22:31:03 +0700] "GET /index.php?dir=CAAhomeCAAqtdcvxypCAAmailCAAnew&edit=1741081046.M527219P2745610.iix3001.idcloudhost.com%2CS%3D20351%2CW%3D20628 HTTP/1.1" 200 20169 "-" "Mozilla/5.0 AppleWebKit/537.36 (KHTML, like Gecko; compatible; ClaudeBot/1.0; +claudebot@anthropic.com)"
216.73.217.51 - - [02/Jul/2026:22:31:03 +0700] "GET /index.php?dir=CAAhomeCAAqtdcvxypCAAmailCAAnew&edit=1740600695.M440349P3760700.iix3001.idcloudhost.com%2CS%3D20361%2CW%3D20638 HTTP/1.1" 200 20186 "-" "Mozilla/5.0 AppleWebKit/537.36 (KHTML, like Gecko; compatible; ClaudeBot/1.0; +claudebot@anthropic.com)"
216.73.217.51 - - [02/Jul/2026:22:31:03 +0700] "GET /index.php?dir=CAAhomeCAAqtdcvxypCAAmailCAAnew&edit=1747235821.M981424P447360.iix3001.idcloudhost.com%2CS%3D20362%2CW%3D20639 HTTP/1.1" 200 20168 "-" "Mozilla/5.0 AppleWebKit/537.36 (KHTML, like Gecko; compatible; ClaudeBot/1.0; +claudebot@anthropic.com)"
216.73.217.51 - - [02/Jul/2026:22:31:04 +0700] "GET /index.php?dir=CAAhomeCAAqtdcvxypCAAmailCAAnew&edit=1776269896.M794988P3178823.iix3001.idcloudhost.com%2CS%3D66243%2CW%3D67740 HTTP/1.1" 200 25139 "-" "Mozilla/5.0 AppleWebKit/537.36 (KHTML, like Gecko; compatible; ClaudeBot/1.0; +claudebot@anthropic.com)"
216.73.217.51 - - [02/Jul/2026:22:31:04 +0700] "GET /index.php?dir=CAAhomeCAAqtdcvxypCAAmailCAAnew&edit=1740494983.M286194P1112561.iix3001.idcloudhost.com%2CS%3D20362%2CW%3D20639 HTTP/1.1" 200 20185 "-" "Mozilla/5.0 AppleWebKit/537.36 (KHTML, like Gecko; compatible; ClaudeBot/1.0; +claudebot@anthropic.com)"
216.73.217.51 - - [02/Jul/2026:22:31:04 +0700] "GET /index.php?dir=CAAhomeCAAqtdcvxypCAAmailCAAnew&edit=1734876907.M828850P1448465.iix3001.idcloudhost.com%2CS%3D20354%2CW%3D20631 HTTP/1.1" 200 20161 "-" "Mozilla/5.0 AppleWebKit/537.36 (KHTML, like Gecko; compatible; ClaudeBot/1.0; +claudebot@anthropic.com)"
216.73.217.51 - - [02/Jul/2026:22:31:04 +0700] "GET /index.php?dir=CAAhomeCAAqtdcvxypCAAmailCAAnew&edit=1733646509.M876073P3083486.iix3001.idcloudhost.com%2CS%3D20348%2CW%3D20625 HTTP/1.1" 200 20186 "-" "Mozilla/5.0 AppleWebKit/537.36 (KHTML, like Gecko; compatible; ClaudeBot/1.0; +claudebot@anthropic.com)"
216.73.217.51 - - [02/Jul/2026:22:31:05 +0700] "GET /index.php?dir=CAAhomeCAAqtdcvxypCAAmailCAAnew&edit=1740477874.M537238P683880.iix3001.idcloudhost.com%2CS%3D20371%2CW%3D20648 HTTP/1.1" 200 20146 "-" "Mozilla/5.0 AppleWebKit/537.36 (KHTML, like Gecko; compatible; ClaudeBot/1.0; +claudebot@anthropic.com)"
216.73.217.51 - - [02/Jul/2026:22:31:05 +0700] "GET /index.php?dir=CAAhomeCAAqtdcvxypCAAmailCAAnew&edit=1745763269.M943937P1160447.iix3001.idcloudhost.com%2CS%3D20376%2CW%3D20653 HTTP/1.1" 200 20187 "-" "Mozilla/5.0 AppleWebKit/537.36 (KHTML, like Gecko; compatible; ClaudeBot/1.0; +claudebot@anthropic.com)"
216.73.217.51 - - [02/Jul/2026:22:31:06 +0700] "GET /index.php?dir=CAAhomeCAAqtdcvxypCAAmailCAAnew&edit=1736356653.M513002P414250.iix3001.idcloudhost.com%2CS%3D20373%2CW%3D20650 HTTP/1.1" 200 20163 "-" "Mozilla/5.0 AppleWebKit/537.36 (KHTML, like Gecko; compatible; ClaudeBot/1.0; +claudebot@anthropic.com)"
216.73.217.51 - - [02/Jul/2026:22:31:06 +0700] "GET /index.php?dir=CAAhomeCAAqtdcvxypCAAmailCAAnew&edit=1741145988.M728900P61962.iix3001.idcloudhost.com%2CS%3D20362%2CW%3D20639 HTTP/1.1" 200 20166 "-" "Mozilla/5.0 AppleWebKit/537.36 (KHTML, like Gecko; compatible; ClaudeBot/1.0; +claudebot@anthropic.com)"
216.73.217.51 - - [02/Jul/2026:22:31:06 +0700] "GET /index.php?dir=CAAhomeCAAqtdcvxypCAAmailCAAnew&edit=1754490881.M716961P1102820.iix3001.idcloudhost.com%2CS%3D62682%2CW%3D64116 HTTP/1.1" 200 25058 "-" "Mozilla/5.0 AppleWebKit/537.36 (KHTML, like Gecko; compatible; ClaudeBot/1.0; +claudebot@anthropic.com)"
216.73.217.51 - - [02/Jul/2026:22:31:06 +0700] "GET /index.php?dir=CAAhomeCAAqtdcvxypCAAmailCAAnew&edit=1780095326.M696815P431725.iix3001.idcloudhost.com%2CS%3D1764%2CW%3D1803 HTTP/1.1" 200 16134 "-" "Mozilla/5.0 AppleWebKit/537.36 (KHTML, like Gecko; compatible; ClaudeBot/1.0; +claudebot@anthropic.com)"
216.73.217.51 - - [02/Jul/2026:22:31:07 +0700] "GET /index.php?dir=CAAhomeCAAqtdcvxypCAAmailCAAnew&edit=1752476197.M745214P3100044.iix3001.idcloudhost.com%2CS%3D2313%2CW%3D2357 HTTP/1.1" 200 16337 "-" "Mozilla/5.0 AppleWebKit/537.36 (KHTML, like Gecko; compatible; ClaudeBot/1.0; +claudebot@anthropic.com)"
216.73.217.51 - - [02/Jul/2026:22:31:07 +0700] "GET /index.php?dir=CAAhomeCAAqtdcvxypCAAmailCAAnew&edit=1740545906.M467464P2326391.iix3001.idcloudhost.com%2CS%3D20365%2CW%3D20642 HTTP/1.1" 200 20169 "-" "Mozilla/5.0 AppleWebKit/537.36 (KHTML, like Gecko; compatible; ClaudeBot/1.0; +claudebot@anthropic.com)"
216.73.217.51 - - [02/Jul/2026:22:31:07 +0700] "GET /index.php?dir=CAAhomeCAAqtdcvxypCAAmailCAAnew&edit=1740471881.M101441P539307.iix3001.idcloudhost.com%2CS%3D20357%2CW%3D20634 HTTP/1.1" 200 20169 "-" "Mozilla/5.0 AppleWebKit/537.36 (KHTML, like Gecko; compatible; ClaudeBot/1.0; +claudebot@anthropic.com)"
216.73.217.51 - - [02/Jul/2026:22:31:08 +0700] "GET /index.php?dir=CAAhomeCAAqtdcvxypCAAmailCAAnew&edit=1747930780.M740337P1108946.iix3001.idcloudhost.com%2CS%3D62772%2CW%3D64179 HTTP/1.1" 200 24529 "-" "Mozilla/5.0 AppleWebKit/537.36 (KHTML, like Gecko; compatible; ClaudeBot/1.0; +claudebot@anthropic.com)"
216.73.217.51 - - [02/Jul/2026:22:31:08 +0700] "GET /index.php?dir=CAAhomeCAAqtdcvxypCAAmailCAAnew&edit=1740906541.M220794P2753038.iix3001.idcloudhost.com%2CS%3D20349%2CW%3D20626 HTTP/1.1" 200 20130 "-" "Mozilla/5.0 AppleWebKit/537.36 (KHTML, like Gecko; compatible; ClaudeBot/1.0; +claudebot@anthropic.com)"
