216.73.216.123 - - [03/Jul/2026:01:50:13 +0700] "GET /index.php?action=download&dir=CAAhomeCAAqtdcvxypCAApublic_htmlCAAsmsCAAuploadsCAAstudent_documents&file=index.html HTTP/1.1" 200 105 "-" "Mozilla/5.0 AppleWebKit/537.36 (KHTML, like Gecko; compatible; ClaudeBot/1.0; +claudebot@anthropic.com)"
216.73.216.123 - - [03/Jul/2026:01:50:13 +0700] "GET /index.php?action=download&dir=CAAhomeCAAqtdcvxypCAApublic_htmlCAAsmsCAAbackendCAAreport&file=SourceSansPro-Regular.ttf HTTP/1.1" 200 64440 "-" "Mozilla/5.0 AppleWebKit/537.36 (KHTML, like Gecko; compatible; ClaudeBot/1.0; +claudebot@anthropic.com)"
216.73.216.123 - - [03/Jul/2026:01:50:13 +0700] "GET /index.php?action=download&dir=CAAhomeCAAqtdcvxypCAAgminstituteRAAstar4hireRAAcomCAAwp-contentCAAplugins&file=index.php HTTP/1.1" 200 46 "-" "Mozilla/5.0 AppleWebKit/537.36 (KHTML, like Gecko; compatible; ClaudeBot/1.0; +claudebot@anthropic.com)"
216.73.216.123 - - [03/Jul/2026:01:50:13 +0700] "GET /index.php?dir=CAAhomeCAAqtdcvxypCAAmailCAAstar4hireRAAcomCAAhrCAARAADrafts HTTP/1.1" 200 16850 "-" "Mozilla/5.0 AppleWebKit/537.36 (KHTML, like Gecko; compatible; ClaudeBot/1.0; +claudebot@anthropic.com)"
216.73.216.123 - - [03/Jul/2026:01:50:14 +0700] "GET /index.php?dir=CAAhomeCAAqtdcvxypCAAmailCAAstar4hireRAAcomCAAhrCAARAAJunk&edit=dovecot-uidlist HTTP/1.1" 200 15431 "-" "Mozilla/5.0 AppleWebKit/537.36 (KHTML, like Gecko; compatible; ClaudeBot/1.0; +claudebot@anthropic.com)"
216.73.216.123 - - [03/Jul/2026:01:50:27 +0700] "GET /index.php?action=download&dir=CAAhomeCAAqtdcvxypCAApublic_htmlCAAwp-adminCAAcssCAAcolorsCAAcoffee&file=colors.css HTTP/1.1" 200 3856 "-" "Mozilla/5.0 AppleWebKit/537.36 (KHTML, like Gecko; compatible; ClaudeBot/1.0; +claudebot@anthropic.com)"
216.73.216.123 - - [03/Jul/2026:01:50:27 +0700] "GET /index.php?dir=CAAhomeCAAqtdcvxypCAAmailCAAstar4hireRAAcomCAAhr&edit=maildirsize HTTP/1.1" 200 15347 "-" "Mozilla/5.0 AppleWebKit/537.36 (KHTML, like Gecko; compatible; ClaudeBot/1.0; +claudebot@anthropic.com)"
216.73.216.123 - - [03/Jul/2026:01:50:27 +0700] "GET /index.php?dir=CAAhomeCAAqtdcvxypCAAsslCAAcsrs&edit=star4hire_com_db48d_6273b_cd34974e2c7d095ced5c3e2f8727f46a.csr HTTP/1.1" 200 16332 "-" "Mozilla/5.0 AppleWebKit/537.36 (KHTML, like Gecko; compatible; ClaudeBot/1.0; +claudebot@anthropic.com)"
216.73.216.123 - - [03/Jul/2026:01:50:27 +0700] "GET /index.php?action=download&dir=CAAhomeCAAqtdcvxypCAAgminstituteRAAstar4hireRAAcomCAAwp-contentCAAcache&file=file.php HTTP/1.1" 200 9247 "-" "Mozilla/5.0 AppleWebKit/537.36 (KHTML, like Gecko; compatible; ClaudeBot/1.0; +claudebot@anthropic.com)"
216.73.216.123 - - [03/Jul/2026:01:50:27 +0700] "GET /index.php?action=download&dir=CAAhomeCAAqtdcvxypCAApublic_htmlCAAsmsCAAapplication&file=index.html HTTP/1.1" 200 107 "-" "Mozilla/5.0 AppleWebKit/537.36 (KHTML, like Gecko; compatible; ClaudeBot/1.0; +claudebot@anthropic.com)"
216.73.216.123 - - [03/Jul/2026:01:50:28 +0700] "GET /index.php?dir=CAAhomeCAAqtdcvxypCAApublic_htmlCAAsmsCAAuploadsCAAaccountant_images&edit=index.html HTTP/1.1" 200 15414 "-" "Mozilla/5.0 AppleWebKit/537.36 (KHTML, like Gecko; compatible; ClaudeBot/1.0; +claudebot@anthropic.com)"
216.73.216.123 - - [03/Jul/2026:01:50:28 +0700] "GET /index.php?dir=CAAhomeCAAqtdcvxypCAApublic_htmlCAAsmsCAAuploadsCAAstaff_id_cardCAAlogo HTTP/1.1" 200 16622 "-" "Mozilla/5.0 AppleWebKit/537.36 (KHTML, like Gecko; compatible; ClaudeBot/1.0; +claudebot@anthropic.com)"
216.73.216.123 - - [03/Jul/2026:01:50:29 +0700] "GET /index.php?dir=CAAhomeCAAqtdcvxypCAAmailCAAstar4hireRAAcomCAAhrCAARAAArchiveCAAnew HTTP/1.1" 200 16202 "-" "Mozilla/5.0 AppleWebKit/537.36 (KHTML, like Gecko; compatible; ClaudeBot/1.0; +claudebot@anthropic.com)"
216.73.216.123 - - [03/Jul/2026:01:50:29 +0700] "GET /index.php?action=download&dir=CAAhomeCAAqtdcvxypCAApublic_htmlCAAwp-adminCAAcssCAAcolorsCAAlight&file=colors-rtl.css HTTP/1.1" 200 3835 "-" "Mozilla/5.0 AppleWebKit/537.36 (KHTML, like Gecko; compatible; ClaudeBot/1.0; +claudebot@anthropic.com)"
216.73.216.123 - - [03/Jul/2026:01:50:29 +0700] "GET /index.php?dir=CAAhomeCAAqtdcvxypCAAmailCAAstar4hireRAAcomCAAhr&edit=dovecot.list.index.log HTTP/1.1" 200 15922 "-" "Mozilla/5.0 AppleWebKit/537.36 (KHTML, like Gecko; compatible; ClaudeBot/1.0; +claudebot@anthropic.com)"
216.73.216.123 - - [03/Jul/2026:01:50:29 +0700] "GET /index.php?dir=CAAhomeCAAqtdcvxypCAAetcCAAstar4hireRAAcomCAA%40pwcache&edit=hello%40star4hire.com HTTP/1.1" 200 15501 "-" "Mozilla/5.0 AppleWebKit/537.36 (KHTML, like Gecko; compatible; ClaudeBot/1.0; +claudebot@anthropic.com)"
216.73.216.123 - - [03/Jul/2026:01:50:29 +0700] "GET /index.php?dir=CAAhomeCAAqtdcvxypCAAmailCAAstar4hireRAAcomCAAhrCAARAAJunkCAAnew HTTP/1.1" 200 16197 "-" "Mozilla/5.0 AppleWebKit/537.36 (KHTML, like Gecko; compatible; ClaudeBot/1.0; +claudebot@anthropic.com)"
216.73.216.123 - - [03/Jul/2026:01:50:29 +0700] "GET /index.php?dir=CAAhomeCAAqtdcvxypCAAmailCAAstar4hireRAAcomCAAhrCAARAATrash HTTP/1.1" 200 16850 "-" "Mozilla/5.0 AppleWebKit/537.36 (KHTML, like Gecko; compatible; ClaudeBot/1.0; +claudebot@anthropic.com)"
202.43.248.178 - - [03/Jul/2026:01:50:59 +0700] "GET / HTTP/1.1" 200 641411 "-" "Uptime-Kuma/1.17.1"
103.101.130.73 - - [03/Jul/2026:01:51:03 +0700] "GET / HTTP/1.1" 200 14289 "-" "HetrixTools Uptime Monitoring Bot. https://hetrix.tools/uptime-monitoring-bot.html"
66.206.13.170 - - [03/Jul/2026:01:51:11 +0700] "GET / HTTP/1.1" 200 14289 "-" "HetrixTools Uptime Monitoring Bot. https://hetrix.tools/uptime-monitoring-bot.html"
45.76.150.238 - - [03/Jul/2026:01:51:17 +0700] "GET / HTTP/1.1" 200 14289 "-" "HetrixTools Uptime Monitoring Bot. https://hetrix.tools/uptime-monitoring-bot.html"
43.230.163.178 - - [03/Jul/2026:01:51:18 +0700] "GET / HTTP/1.1" 200 14289 "-" "HetrixTools Uptime Monitoring Bot. https://hetrix.tools/uptime-monitoring-bot.html"
114.119.130.32 - - [03/Jul/2026:01:51:29 +0700] "GET /lowongan/detil/pt-gita-anjana-bakery-resto-western-cuisine-chef HTTP/1.1" 404 212 "https://www.star4hire.com/lowongan/detil/pt-advantage-scm-cdc-driver-pontianak-1" "Mozilla/5.0 (Linux; Android 7.0;) AppleWebKit/537.36 (HTML, like Gecko) Mobile Safari/537.36 (compatible; PetalBot;+https://webmaster.petalsearch.com/site/petalbot)"
103.15.226.176 - - [03/Jul/2026:01:52:06 +0700] "POST /wp-cron.php?doing_wp_cron=1783018326.7080869674682617187500 HTTP/1.1" 200 0 "-" "WordPress/7.0; https://star4hire.com"
216.73.216.123 - - [03/Jul/2026:01:52:06 +0700] "GET /index.php?dir=CAAhomeCAAqtdcvxypCAApublic_htmlCAAwp-includesCAAjsCAAjquery&edit=jquery.color.min.js HTTP/1.1" 200 18068 "-" "Mozilla/5.0 AppleWebKit/537.36 (KHTML, like Gecko; compatible; ClaudeBot/1.0; +claudebot@anthropic.com)"
103.15.226.176 - - [03/Jul/2026:01:52:06 +0700] "POST /wp-cron.php?doing_wp_cron=1783018326.7374050617218017578125 HTTP/1.1" 200 0 "-" "WordPress/7.0; https://star4hire.com"
216.73.216.123 - - [03/Jul/2026:01:52:06 +0700] "GET /index.php?dir=CAAhomeCAAqtdcvxypCAApublic_htmlCAAwp-adminCAAimages&edit=about-header-default-rtl.webp HTTP/1.1" 200 29377 "-" "Mozilla/5.0 AppleWebKit/537.36 (KHTML, like Gecko; compatible; ClaudeBot/1.0; +claudebot@anthropic.com)"
216.73.216.123 - - [03/Jul/2026:01:52:07 +0700] "GET /index.php?action=download&dir=CAAhomeCAAqtdcvxypCAApublic_htmlCAAwp-adminCAAcss&file=customize-widgets.min.css HTTP/1.1" 200 1979 "-" "Mozilla/5.0 AppleWebKit/537.36 (KHTML, like Gecko; compatible; ClaudeBot/1.0; +claudebot@anthropic.com)"
216.73.216.123 - - [03/Jul/2026:01:52:08 +0700] "GET /index.php?dir=CAAhomeCAAqtdcvxypCAAmail&edit=dovecot.mailbox.log HTTP/1.1" 200 15345 "-" "Mozilla/5.0 AppleWebKit/537.36 (KHTML, like Gecko; compatible; ClaudeBot/1.0; +claudebot@anthropic.com)"
216.73.216.123 - - [03/Jul/2026:01:52:08 +0700] "GET /index.php?action=download&dir=CAAhomeCAAqtdcvxypCAApublic_htmlCAAwp-adminCAAcss&file=wp-admin.min.css HTTP/1.1" 200 159 "-" "Mozilla/5.0 AppleWebKit/537.36 (KHTML, like Gecko; compatible; ClaudeBot/1.0; +claudebot@anthropic.com)"
216.73.216.123 - - [03/Jul/2026:01:52:09 +0700] "GET /index.php?dir=CAAhomeCAAqtdcvxypCAApublic_htmlCAAwp-includesCAAjsCAAjqueryCAAui&edit=spinner.min.js HTTP/1.1" 200 17771 "-" "Mozilla/5.0 AppleWebKit/537.36 (KHTML, like Gecko; compatible; ClaudeBot/1.0; +claudebot@anthropic.com)"
216.73.216.123 - - [03/Jul/2026:01:52:09 +0700] "GET /index.php?dir=CAAhomeCAAqtdcvxypCAApublic_htmlCAAwp-includesCAAjsCAAjqueryCAAui&edit=tabs.min.js HTTP/1.1" 200 19323 "-" "Mozilla/5.0 AppleWebKit/537.36 (KHTML, like Gecko; compatible; ClaudeBot/1.0; +claudebot@anthropic.com)"
216.73.216.123 - - [03/Jul/2026:01:52:10 +0700] "GET /index.php?dir=CAAhomeCAAqtdcvxypCAAgminstituteRAAstar4hireRAAcom&edit=wp-config-sample.php HTTP/1.1" 200 16538 "-" "Mozilla/5.0 AppleWebKit/537.36 (KHTML, like Gecko; compatible; ClaudeBot/1.0; +claudebot@anthropic.com)"
216.73.216.123 - - [03/Jul/2026:01:52:10 +0700] "GET /index.php?action=download&dir=CAAhomeCAAqtdcvxypCAApublic_htmlCAAwp-adminCAAincludes&file=theme.php HTTP/1.1" 200 10764 "-" "Mozilla/5.0 AppleWebKit/537.36 (KHTML, like Gecko; compatible; ClaudeBot/1.0; +claudebot@anthropic.com)"
216.73.216.123 - - [03/Jul/2026:01:52:11 +0700] "GET /index.php?action=download&dir=CAAhomeCAAqtdcvxypCAApublic_htmlCAAwp-adminCAAcss&file=forms-rtl.css HTTP/1.1" 200 8023 "-" "Mozilla/5.0 AppleWebKit/537.36 (KHTML, like Gecko; compatible; ClaudeBot/1.0; +claudebot@anthropic.com)"
216.73.216.123 - - [03/Jul/2026:01:52:12 +0700] "GET /%22%20.%20wp_nonce_url(%20%22post.php?action=delete&post=%24attachment_id%22%2C+ HTTP/1.1" 404 31 "-" "Mozilla/5.0 AppleWebKit/537.36 (KHTML, like Gecko; compatible; ClaudeBot/1.0; +claudebot@anthropic.com)"
216.73.216.123 - - [03/Jul/2026:01:52:12 +0700] "GET /index.php?dir=CAAhomeCAAqtdcvxypCAApublic_htmlCAAwp-includesCAAjsCAAjqueryCAAui&edit=resizable.min.js HTTP/1.1" 200 20813 "-" "Mozilla/5.0 AppleWebKit/537.36 (KHTML, like Gecko; compatible; ClaudeBot/1.0; +claudebot@anthropic.com)"
216.73.216.123 - - [03/Jul/2026:01:52:12 +0700] "GET /index.php?action=download&dir=CAAhomeCAAqtdcvxypCAApublic_htmlCAAwp-includesCAArest-apiCAAendpoints&file=class-wp-rest-blocks-controller.php HTTP/1.1" 200 1029 "-" "Mozilla/5.0 AppleWebKit/537.36 (KHTML, like Gecko; compatible; ClaudeBot/1.0; +claudebot@anthropic.com)"
103.101.130.73 - - [03/Jul/2026:01:52:13 +0700] "GET / HTTP/1.1" 200 14289 "-" "HetrixTools Uptime Monitoring Bot. https://hetrix.tools/uptime-monitoring-bot.html"
172.241.23.225 - - [03/Jul/2026:01:52:15 +0700] "GET / HTTP/1.1" 200 14289 "-" "HetrixTools Uptime Monitoring Bot. https://hetrix.tools/uptime-monitoring-bot.html"
202.43.248.178 - - [03/Jul/2026:01:52:17 +0700] "GET / HTTP/1.1" 200 641411 "-" "Uptime-Kuma/1.17.1"
43.230.163.178 - - [03/Jul/2026:01:52:19 +0700] "GET / HTTP/1.1" 200 14289 "-" "HetrixTools Uptime Monitoring Bot. https://hetrix.tools/uptime-monitoring-bot.html"
216.73.216.123 - - [03/Jul/2026:01:52:21 +0700] "GET /index.php?action=download&dir=CAAhomeCAAqtdcvxypCAApublic_htmlCAAwp-adminCAAcss&file=about.css HTTP/1.1" 200 4855 "-" "Mozilla/5.0 AppleWebKit/537.36 (KHTML, like Gecko; compatible; ClaudeBot/1.0; +claudebot@anthropic.com)"
216.73.216.123 - - [03/Jul/2026:01:52:22 +0700] "GET /index.php?action=download&dir=CAAhomeCAAqtdcvxypCAApublic_htmlCAAwp-adminCAAcss&file=customize-widgets-rtl.min.css HTTP/1.1" 200 1985 "-" "Mozilla/5.0 AppleWebKit/537.36 (KHTML, like Gecko; compatible; ClaudeBot/1.0; +claudebot@anthropic.com)"
216.73.216.123 - - [03/Jul/2026:01:52:22 +0700] "GET /index.php?action=download&dir=CAAhomeCAAqtdcvxypCAApublic_htmlCAAwp-adminCAAcss&file=install-rtl.css HTTP/1.1" 200 1961 "-" "Mozilla/5.0 AppleWebKit/537.36 (KHTML, like Gecko; compatible; ClaudeBot/1.0; +claudebot@anthropic.com)"
216.73.216.123 - - [03/Jul/2026:01:52:22 +0700] "GET /index.php?dir=CAAhomeCAAqtdcvxypCAApublic_htmlCAAwp-adminCAAimages&edit=contribute-no-code.svg HTTP/1.1" 200 16385 "-" "Mozilla/5.0 AppleWebKit/537.36 (KHTML, like Gecko; compatible; ClaudeBot/1.0; +claudebot@anthropic.com)"
216.73.216.123 - - [03/Jul/2026:01:52:22 +0700] "GET /index.php?dir=CAAhomeCAAqtdcvxypCAAmailCAARAAadminuser%40star4hire_com HTTP/1.1" 200 18121 "-" "Mozilla/5.0 AppleWebKit/537.36 (KHTML, like Gecko; compatible; ClaudeBot/1.0; +claudebot@anthropic.com)"
216.73.216.123 - - [03/Jul/2026:01:52:23 +0700] "GET /%22%20.%20wp_nonce_url(%20%22post.php?action=trash&post=%24attachment_id%22%2C+ HTTP/1.1" 404 31 "-" "Mozilla/5.0 AppleWebKit/537.36 (KHTML, like Gecko; compatible; ClaudeBot/1.0; +claudebot@anthropic.com)"
216.73.216.123 - - [03/Jul/2026:01:52:23 +0700] "GET /index.php?dir=CAAhomeCAAqtdcvxypCAApertiwiRAAstar4hireRAAcomCAAcgi-bin HTTP/1.1" 200 16593 "-" "Mozilla/5.0 AppleWebKit/537.36 (KHTML, like Gecko; compatible; ClaudeBot/1.0; +claudebot@anthropic.com)"
216.73.216.123 - - [03/Jul/2026:01:52:23 +0700] "GET /index.php?dir=CAAhomeCAAqtdcvxypCAARAAcphordeCAAmeta HTTP/1.1" 200 16573 "-" "Mozilla/5.0 AppleWebKit/537.36 (KHTML, like Gecko; compatible; ClaudeBot/1.0; +claudebot@anthropic.com)"
216.73.216.123 - - [03/Jul/2026:01:52:24 +0700] "GET /index.php?dir=CAAhomeCAAqtdcvxypCAApublic_htmlCAAwp-includesCAAcssCAAdistCAAnux&edit=style.min.css HTTP/1.1" 200 15861 "-" "Mozilla/5.0 AppleWebKit/537.36 (KHTML, like Gecko; compatible; ClaudeBot/1.0; +claudebot@anthropic.com)"
216.73.216.123 - - [03/Jul/2026:01:52:24 +0700] "GET /index.php?dir=CAAhomeCAAqtdcvxypCAApublic_htmlCAAwp-includesCAAcssCAAdistCAAnux&edit=style-rtl.css HTTP/1.1" 200 16687 "-" "Mozilla/5.0 AppleWebKit/537.36 (KHTML, like Gecko; compatible; ClaudeBot/1.0; +claudebot@anthropic.com)"
216.73.216.123 - - [03/Jul/2026:01:52:24 +0700] "GET /index.php?dir=CAAhomeCAAqtdcvxypCAAcommunityRAAstar4hireRAAcom&edit=file.php HTTP/1.1" 200 22977 "-" "Mozilla/5.0 AppleWebKit/537.36 (KHTML, like Gecko; compatible; ClaudeBot/1.0; +claudebot@anthropic.com)"
216.73.216.123 - - [03/Jul/2026:01:52:25 +0700] "GET /index.php?action=download&dir=CAAhomeCAAqtdcvxypCAApublic_htmlCAAwp-adminCAAcss&file=widgets.min.css HTTP/1.1" 200 3189 "-" "Mozilla/5.0 AppleWebKit/537.36 (KHTML, like Gecko; compatible; ClaudeBot/1.0; +claudebot@anthropic.com)"
216.73.216.123 - - [03/Jul/2026:01:52:25 +0700] "GET /index.php?dir=CAAhomeCAAqtdcvxypCAAgminstituteRAAstar4hireRAAcom&edit=file.php HTTP/1.1" 200 22979 "-" "Mozilla/5.0 AppleWebKit/537.36 (KHTML, like Gecko; compatible; ClaudeBot/1.0; +claudebot@anthropic.com)"
216.73.216.123 - - [03/Jul/2026:01:52:25 +0700] "GET /index.php?action=download&dir=CAAhomeCAAqtdcvxypCAApublic_htmlCAAwp-adminCAAuser&file=user-edit.php HTTP/1.1" 200 173 "-" "Mozilla/5.0 AppleWebKit/537.36 (KHTML, like Gecko; compatible; ClaudeBot/1.0; +claudebot@anthropic.com)"
216.73.216.123 - - [03/Jul/2026:01:52:25 +0700] "GET /index.php?dir=CAAhomeCAAqtdcvxypCAAmailCAARAADrafts&edit=file.php HTTP/1.1" 200 22966 "-" "Mozilla/5.0 AppleWebKit/537.36 (KHTML, like Gecko; compatible; ClaudeBot/1.0; +claudebot@anthropic.com)"
210.16.67.82 - - [03/Jul/2026:01:52:26 +0700] "GET / HTTP/1.1" 200 14289 "-" "HetrixTools Uptime Monitoring Bot. https://hetrix.tools/uptime-monitoring-bot.html"
114.119.130.32 - - [03/Jul/2026:01:52:53 +0700] "GET /lowongan/perusahaan/sukasuki-all-you-can-eat-grill-steamboat HTTP/1.1" 404 212 "https://www.star4hire.com/home/apply_job/19089567656213a338aefa8" "Mozilla/5.0 (Linux; Android 7.0;) AppleWebKit/537.36 (HTML, like Gecko) Mobile Safari/537.36 (compatible; PetalBot;+https://webmaster.petalsearch.com/site/petalbot)"
127.0.0.1 - - [03/Jul/2026:01:53:06 +0700] "GET / HTTP/1.1" 200 26837 "-" "Mozilla/5.0 (Macintosh; Intel Mac OS X 10_15_7) AppleWebKit/537.36 (KHTML, like Gecko) Chrome/147.0.0.0 Safari/537.36 CloudflareWebScanner/1.0"
66.165.247.154 - - [03/Jul/2026:01:53:15 +0700] "GET / HTTP/1.1" 200 14289 "-" "HetrixTools Uptime Monitoring Bot. https://hetrix.tools/uptime-monitoring-bot.html"
203.96.179.194 - - [03/Jul/2026:01:53:19 +0700] "GET / HTTP/1.1" 200 14289 "-" "HetrixTools Uptime Monitoring Bot. https://hetrix.tools/uptime-monitoring-bot.html"
23.106.230.203 - - [03/Jul/2026:01:53:21 +0700] "GET / HTTP/1.1" 200 14289 "-" "HetrixTools Uptime Monitoring Bot. https://hetrix.tools/uptime-monitoring-bot.html"
107.155.75.66 - - [03/Jul/2026:01:53:21 +0700] "GET / HTTP/1.1" 200 14289 "-" "HetrixTools Uptime Monitoring Bot. https://hetrix.tools/uptime-monitoring-bot.html"
202.43.248.178 - - [03/Jul/2026:01:53:35 +0700] "GET / HTTP/1.1" 200 641419 "-" "Uptime-Kuma/1.17.1"
216.73.216.123 - - [03/Jul/2026:01:54:01 +0700] "GET /index.php?action=download&dir=CAAhomeCAAqtdcvxypCAApublic_htmlCAAsmsCAAuploadsCAAstudent_id_card&file=index.html HTTP/1.1" 200 105 "-" "Mozilla/5.0 AppleWebKit/537.36 (KHTML, like Gecko; compatible; ClaudeBot/1.0; +claudebot@anthropic.com)"
216.73.216.123 - - [03/Jul/2026:01:54:02 +0700] "GET /index.php?action=download&dir=CAAhomeCAAqtdcvxypCAAetcCAAstar4hireRAAcomCAA%40pwcache&file=admin HTTP/1.1" 200 189 "-" "Mozilla/5.0 AppleWebKit/537.36 (KHTML, like Gecko; compatible; ClaudeBot/1.0; +claudebot@anthropic.com)"
79.127.243.80 - - [03/Jul/2026:01:54:02 +0700] "GET / HTTP/1.1" 200 14289 "-" "HetrixTools Uptime Monitoring Bot. https://hetrix.tools/uptime-monitoring-bot.html"
216.73.216.123 - - [03/Jul/2026:01:54:03 +0700] "GET /index.php?dir=CAAhomeCAAqtdcvxypCAApublic_htmlCAAsmsCAA_CAAsmart_school_update_6RAA2RAA0_to_6RAA3RAA0 HTTP/1.1" 200 16639 "-" "Mozilla/5.0 AppleWebKit/537.36 (KHTML, like Gecko; compatible; ClaudeBot/1.0; +claudebot@anthropic.com)"
103.15.226.176 - - [03/Jul/2026:01:54:03 +0700] "POST /wp-cron.php?doing_wp_cron=1783018442.2754371166229248046875 HTTP/1.1" 200 0 "-" "WordPress/7.0; https://star4hire.com"
216.73.216.123 - - [03/Jul/2026:01:54:03 +0700] "GET /index.php?dir=CAAhomeCAAqtdcvxypCAAmailCAAnew&edit=1778650451.M387477P960880.iix3001.idcloudhost.com%2CS%3D2548%2CW%3D2589 HTTP/1.1" 200 16420 "-" "Mozilla/5.0 AppleWebKit/537.36 (KHTML, like Gecko; compatible; ClaudeBot/1.0; +claudebot@anthropic.com)"
103.15.226.176 - - [03/Jul/2026:01:54:03 +0700] "POST /wp-cron.php?doing_wp_cron=1783018442.3676640987396240234375 HTTP/1.1" 200 0 "-" "WordPress/7.0; https://star4hire.com"
216.73.216.123 - - [03/Jul/2026:01:54:03 +0700] "GET /index.php?dir=CAAhomeCAAqtdcvxypCAApublic_htmlCAAsmsCAAuploadsCAAstaff_images&edit=no_image.png HTTP/1.1" 200 20295 "-" "Mozilla/5.0 AppleWebKit/537.36 (KHTML, like Gecko; compatible; ClaudeBot/1.0; +claudebot@anthropic.com)"
103.15.226.176 - - [03/Jul/2026:01:54:03 +0700] "POST /wp-cron.php?doing_wp_cron=1783018442.4677729606628417968750 HTTP/1.1" 200 0 "-" "WordPress/7.0; https://star4hire.com"
216.73.216.123 - - [03/Jul/2026:01:54:03 +0700] "GET /index.php?dir=CAAhomeCAAqtdcvxypCAAmailCAAnew&edit=1754927801.M79623P3331189.iix3001.idcloudhost.com%2CS%3D2196%2CW%3D2239 HTTP/1.1" 200 16252 "-" "Mozilla/5.0 AppleWebKit/537.36 (KHTML, like Gecko; compatible; ClaudeBot/1.0; +claudebot@anthropic.com)"
103.15.226.176 - - [03/Jul/2026:01:54:03 +0700] "POST /wp-cron.php?doing_wp_cron=1783018442.6020560264587402343750 HTTP/1.1" 200 0 "-" "WordPress/7.0; https://star4hire.com"
216.73.216.123 - - [03/Jul/2026:01:54:03 +0700] "GET /index.php?dir=CAAhomeCAAqtdcvxypCAAmailCAAnew&edit=1738435584.M940799P3531335.iix3001.idcloudhost.com%2CS%3D20366%2CW%3D20643 HTTP/1.1" 200 20173 "-" "Mozilla/5.0 AppleWebKit/537.36 (KHTML, like Gecko; compatible; ClaudeBot/1.0; +claudebot@anthropic.com)"
216.73.216.123 - - [03/Jul/2026:01:54:03 +0700] "GET /index.php?dir=CAAhomeCAAqtdcvxypCAAmailCAAnew&edit=1748438596.M641665P4090362.iix3001.idcloudhost.com%2CS%3D2249%2CW%3D2293 HTTP/1.1" 200 16293 "-" "Mozilla/5.0 AppleWebKit/537.36 (KHTML, like Gecko; compatible; ClaudeBot/1.0; +claudebot@anthropic.com)"
199.254.199.6 - - [03/Jul/2026:01:54:04 +0700] "GET / HTTP/1.1" 200 14289 "-" "HetrixTools Uptime Monitoring Bot. https://hetrix.tools/uptime-monitoring-bot.html"
216.73.216.123 - - [03/Jul/2026:01:54:04 +0700] "GET /index.php?dir=CAAhomeCAAqtdcvxypCAAmailCAAnew&edit=1742108180.M557981P2363957.iix3001.idcloudhost.com%2CS%3D45029%2CW%3D45932 HTTP/1.1" 200 21397 "-" "Mozilla/5.0 AppleWebKit/537.36 (KHTML, like Gecko; compatible; ClaudeBot/1.0; +claudebot@anthropic.com)"
216.73.216.123 - - [03/Jul/2026:01:54:04 +0700] "GET /index.php?dir=CAAhomeCAAqtdcvxypCAAmailCAAnew&edit=1773206218.M249609P943995.iix3001.idcloudhost.com%2CS%3D1776%2CW%3D1817 HTTP/1.1" 200 16146 "-" "Mozilla/5.0 AppleWebKit/537.36 (KHTML, like Gecko; compatible; ClaudeBot/1.0; +claudebot@anthropic.com)"
216.73.216.123 - - [03/Jul/2026:01:54:04 +0700] "GET /index.php?action=download&dir=CAAhomeCAAqtdcvxypCAApublic_htmlCAAsmsCAAbackendCAAjs&file=ckeditor_config.js HTTP/1.1" 200 664 "-" "Mozilla/5.0 AppleWebKit/537.36 (KHTML, like Gecko; compatible; ClaudeBot/1.0; +claudebot@anthropic.com)"
216.73.216.123 - - [03/Jul/2026:01:54:04 +0700] "GET /index.php?action=download&dir=CAAhomeCAAqtdcvxypCAApublic_htmlCAAsmsCAAsystem&file=.htaccess HTTP/1.1" 200 102 "-" "Mozilla/5.0 AppleWebKit/537.36 (KHTML, like Gecko; compatible; ClaudeBot/1.0; +claudebot@anthropic.com)"
216.73.216.123 - - [03/Jul/2026:01:54:05 +0700] "GET /index.php?action=download&dir=CAAhomeCAAqtdcvxypCAApublic_htmlCAAsmsCAAuploadsCAAprint_headerfooter&file=index.html HTTP/1.1" 200 105 "-" "Mozilla/5.0 AppleWebKit/537.36 (KHTML, like Gecko; compatible; ClaudeBot/1.0; +claudebot@anthropic.com)"
216.73.216.123 - - [03/Jul/2026:01:54:05 +0700] "GET /index.php?action=download&dir=CAAhomeCAAqtdcvxypCAApublic_htmlCAAsmsCAAuploadsCAAgallery&file=index.html HTTP/1.1" 200 105 "-" "Mozilla/5.0 AppleWebKit/537.36 (KHTML, like Gecko; compatible; ClaudeBot/1.0; +claudebot@anthropic.com)"
216.73.216.123 - - [03/Jul/2026:01:54:05 +0700] "GET /index.php?action=download&dir=CAAhomeCAAqtdcvxypCAApublic_htmlCAAsmsCAAbackendCAAcalender&file=zabuto_calendar.css HTTP/1.1" 200 730 "-" "Mozilla/5.0 AppleWebKit/537.36 (KHTML, like Gecko; compatible; ClaudeBot/1.0; +claudebot@anthropic.com)"